000
CXUS53 KLSX 011500
CF6SUS
PRELIMINARY LOCAL CLIMATOLOGICAL DATA (WS FORM: F-6)
STATION: SPIRIT OF ST LOUIS MO
MONTH: NOVEMBER
YEAR: 2023
LATITUDE: 38 39 N
LONGITUDE: 90 38 W
TEMPERATURE IN F: :PCPN: SNOW: WIND :SUNSHINE: SKY :PK WND
================================================================================
1 2 3 4 5 6A 6B 7 8 9 10 11 12 13 14 15 16 17 18
12Z AVG MX 2MIN
DY MAX MIN AVG DEP HDD CDD WTR SNW DPTH SPD SPD DIR MIN PSBL S-S WX SPD DR
================================================================================
1 48 23 36 -15 29 0 0.00 0.0 0 4.5 12 190 M M 0 18 260
2 65 28 47 -4 18 0 0.00 0.0 0 5.3 15 190 M M 0 24 180
3 70 31 51 1 14 0 0.00 0.0 0 6.7 17 200 M M 0 27 220
4 63 43 53 3 12 0 0.00 0.0 0 3.4 12 320 M M 2 15 320
5 67 32 50 1 15 0 0.00 0.0 0 3.2 10 90 M M 1 12 15 90
6 78 53 66 17 0 1 0.00 0.0 0 6.2 20 230 M M 3 1 29 230
7 76 47 62 14 3 0 0.00 0.0 0 5.1 14 90 M M 3 128 19 90
8 85 54 70 22 0 5 0.00 0.0 0 9.0 22 330 M M 3 1 29 330
9 56 41 49 1 16 0 0.00 0.0 0 4.8 15 10 M M 1 19 10
10 57 29 43 -4 22 0 0.00 0.0 0 3.6 14 330 M M 0 18 330
11 55 26 41 -6 24 0 0.00 0.0 0 2.3 10 100 M M 1 1 19 110
12 64 29 47 1 18 0 0.00 0.0 0 1.8 9 140 M M 1 14 170
13 67 29 48 2 17 0 0.00 0.0 0 1.3 12 10 M M 0 15 50
14 66 25 46 0 19 0 0.00 0.0 0 2.7 13 180 M M 0 18 18 170
15 72 28 50 5 15 0 0.00 0.0 0 1.1 14 280 M M 0 16 280
16 71 32 52 7 13 0 0.00 0.0 0 5.7 21 200 M M 5 30 210
17 63 29 46 1 19 0 0.01 0.0 0 5.9 18 350 M M 4 24 360
18 58 23 41 -3 24 0 0.00 0.0 0 1.1 8 240 M M 0 12 220
19 59 27 43 -1 22 0 T 0.0 0 2.8 9 150 M M 1 14 180
20 50 44 47 3 18 0 0.35 0.0 0 5.2 13 60 M M 10 1 16 50
21 46 33 40 -3 25 0 T 0.0 0 10.2 17 310 M M 8 18 24 310
22 47 26 37 -6 28 0 0.00 0.0 0 4.8 14 290 M M 5 17 320
23 56 26 41 -1 24 0 0.00 0.0 0 2.8 12 340 M M 0 16 340
24 43 29 36 -6 29 0 0.00 0.0 0 7.4 16 50 M M 2 22 40
25 45 22 34 -8 31 0 0.00 0.0 0 2.2 9 70 M M 0 12 80
26 40 29 35 -6 30 0 0.15 0.0 0 9.8 22 280 M M 9 1 32 290
27 M 26 M M M M 0.00 0.0 0 9.5 22 280 M M 3 29 270
28 36 21 29 -12 36 0 0.00 0.0 0 4.8 15 290 M M 0 21 290
29 60 21 41 1 24 0 0.00 0.0 0 4.6 16 240 M M 0 21 240
30 55 26 41 1 24 0 0.31 0.0 0 3.9 14 210 M M 6 18 21 200
================================================================================
SM 1718 932 569 6 0.82 0.0 141.7 M 68
================================================================================
AV 59.2 31.1 4.7 FASTST M M 2 MAX(MPH)
MISC ----> # 22 330 32 290
================================================================================
NOTES:
# LAST OF SEVERAL OCCURRENCES
COLUMN 17 PEAK WIND IN M.P.H.
PRELIMINARY LOCAL CLIMATOLOGICAL DATA (WS FORM: F-6) , PAGE 2
STATION: SPIRIT OF ST LOUIS MO
MONTH: NOVEMBER
YEAR: 2023
LATITUDE: 38 39 N
LONGITUDE: 90 38 W
[TEMPERATURE DATA] [PRECIPITATION DATA] SYMBOLS USED IN COLUMN 16
AVERAGE MONTHLY: 45.2 TOTAL FOR MONTH: 0.82 1 = FOG OR MIST
DPTR FM NORMAL: -0.1 DPTR FM NORMAL: -2.46 2 = FOG REDUCING VISIBILITY
HIGHEST: 85 ON 8 GRTST 24HR 0.35 ON 20-20 TO 1/4 MILE OR LESS
LOWEST: 21 ON 29,28 3 = THUNDER
SNOW, ICE PELLETS, HAIL 4 = ICE PELLETS
TOTAL MONTH: 0.0 INCH 5 = HAIL
GRTST 24HR 0.0 6 = FREEZING RAIN OR DRIZZLE
GRTST DEPTH: 0 7 = DUSTSTORM OR SANDSTORM:
VSBY 1/2 MILE OR LESS
8 = SMOKE OR HAZE
[NO. OF DAYS WITH] [WEATHER - DAYS WITH] 9 = BLOWING SNOW
X = TORNADO
MAX 32 OR BELOW: 0 0.01 INCH OR MORE: 4
MAX 90 OR ABOVE: 0 0.10 INCH OR MORE: 3
MIN 32 OR BELOW: 23 0.50 INCH OR MORE: 0
MIN 0 OR BELOW: 0 1.00 INCH OR MORE: 0
[HDD (BASE 65) ]
TOTAL THIS MO. 569 CLEAR (SCALE 0-3) 22
DPTR FM NORMAL -24 PTCLDY (SCALE 4-7) 6
TOTAL FM JUL 1 840 CLOUDY (SCALE 8-10) 2
DPTR FM NORMAL -77
[CDD (BASE 65) ]
TOTAL THIS MO. 6
DPTR FM NORMAL 4 [PRESSURE DATA]
TOTAL FM JAN 1 1287 HIGHEST SLP 30.45 ON 28
DPTR FM NORMAL -159 LOWEST SLP 29.79 ON 30
[REMARKS]
#FINAL-11-23#