063
CXUS53 KLSX 011400
CF6SUS
PRELIMINARY LOCAL CLIMATOLOGICAL DATA (WS FORM: F-6)
STATION: SPIRIT OF ST LOUIS MO
MONTH: JUNE
YEAR: 2020
LATITUDE: 38 39 N
LONGITUDE: 90 38 W
TEMPERATURE IN F: :PCPN: SNOW: WIND :SUNSHINE: SKY :PK WND
================================================================================
1 2 3 4 5 6A 6B 7 8 9 10 11 12 13 14 15 16 17 18
12Z AVG MX 2MIN
DY MAX MIN AVG DEP HDD CDD WTR SNW DPTH SPD SPD DIR MIN PSBL S-S WX SPD DR
================================================================================
1 84 59 72 2 0 7 0.00 0.0 0 5.6 15 190 M M 1 23 180
2 89 66 78 8 0 13 0.00 0.0 0 6.5 17 250 M M 0 22 250
3 92 66 79 8 0 14 0.21 0.0 0 7.5 17 320 M M 3 38 23 260
4 85 67 76 5 0 11 0.09 0.0 0 4.4 22 50 M M 4 31 220
5 87 64 76 5 0 11 T 0.0 0 2.9 16 240 M M 2 1 23 250
6 94 65 80 8 0 15 0.00 0.0 0 1.7 9 190 M M 2 12 13 140
7 92 69 81 9 0 16 0.00 0.0 0 5.3 13 90 M M 0 19 90
8 89 63 76 4 0 11 0.00 0.0 0 7.3 18 90 M M 1 27 80
9 90 74 82 10 0 17 0.28 0.0 0 12.1 28 230 M M 6 1 39 230
10 83 60 72 -1 0 7 T 0.0 0 12.4 25 260 M M 4 36 250
11 85 58 72 -1 0 7 0.00 0.0 0 5.6 15 320 M M 0 20 300
12 91 61 76 3 0 11 0.00 0.0 0 4.1 14 250 M M 3 19 250
13 89 62 76 2 0 11 0.00 0.0 0 3.5 12 40 M M 1 17 60
14 84 63 74 0 0 9 0.00 0.0 0 7.2 16 90 M M 0 23 120
15 84 57 71 -3 0 6 0.00 0.0 0 4.5 14 40 M M 3 17 40
16 85 52 69 -5 0 4 0.00 0.0 0 2.1 9 80 M M 2 14 70
17 86 59 73 -2 0 8 0.00 0.0 0 2.3 12 200 M M 1 16 170
18 89 59 74 -1 0 9 0.00 0.0 0 2.3 10 120 M M 1 14 100
19 91 62 77 2 0 12 0.00 0.0 0 2.8 10 300 M M 3 15 210
20 91 69 80 5 0 15 0.26 0.0 0 4.9 25 220 M M 4 13 37 230
21 89 69 79 3 0 14 T 0.0 0 5.2 13 240 M M 3 13 18 210
22 85 68 77 1 0 12 0.96 0.0 0 4.8 21 320 M M 5 13 30 310
23 83 62 73 -3 0 8 0.00 0.0 0 6.7 15 270 M M 2 22 270
24 84 58 71 -5 0 6 0.00 0.0 0 2.2 13 330 M M 1 20 280
25 89 59 74 -2 0 9 0.00 0.0 0 1.9 9 280 M M 1 8 15 230
26 92 69 81 4 0 16 0.00 0.0 0 6.5 16 220 M M 1 23 210
27 83 72 78 1 0 13 0.03 0.0 0 8.1 21 240 M M 5 18 28 250
28 90 71 81 4 0 16 T 0.0 0 5.4 18 280 M M 4 18 27 250
29 88 75 82 5 0 17 0.25 0.0 0 6.1 15 190 M M 2 13 23 190
30 77 69 73 -4 0 8 0.17 0.0 0 4.9 18 120 M M 7 13 26 120
================================================================================
SM 2620 1927 0 333 2.25 0.0 156.8 M 72
================================================================================
AV 87.3 64.2 5.2 FASTST M M 2 MAX(MPH)
MISC ----> 28 230 39 230
================================================================================
NOTES:
# LAST OF SEVERAL OCCURRENCES
COLUMN 17 PEAK WIND IN M.P.H.
PRELIMINARY LOCAL CLIMATOLOGICAL DATA (WS FORM: F-6) , PAGE 2
STATION: SPIRIT OF ST LOUIS MO
MONTH: JUNE
YEAR: 2020
LATITUDE: 38 39 N
LONGITUDE: 90 38 W
[TEMPERATURE DATA] [PRECIPITATION DATA] SYMBOLS USED IN COLUMN 16
AVERAGE MONTHLY: 75.8 TOTAL FOR MONTH: 2.25 1 = FOG OR MIST
DPTR FM NORMAL: 1.7 DPTR FM NORMAL: -2.03 2 = FOG REDUCING VISIBILITY
HIGHEST: 94 ON 6 GRTST 24HR 0.96 ON 22-22 TO 1/4 MILE OR LESS
LOWEST: 52 ON 16 3 = THUNDER
SNOW, ICE PELLETS, HAIL 4 = ICE PELLETS
TOTAL MONTH: 0.0 INCH 5 = HAIL
GRTST 24HR 0.0 6 = FREEZING RAIN OR DRIZZLE
GRTST DEPTH: 0 7 = DUSTSTORM OR SANDSTORM:
VSBY 1/2 MILE OR LESS
8 = SMOKE OR HAZE
[NO. OF DAYS WITH] [WEATHER - DAYS WITH] 9 = BLOWING SNOW
X = TORNADO
MAX 32 OR BELOW: 0 0.01 INCH OR MORE: 8
MAX 90 OR ABOVE: 9 0.10 INCH OR MORE: 6
MIN 32 OR BELOW: 0 0.50 INCH OR MORE: 1
MIN 0 OR BELOW: 0 1.00 INCH OR MORE: 0
[HDD (BASE 65) ]
TOTAL THIS MO. 0 CLEAR (SCALE 0-3) 21
DPTR FM NORMAL -8 PTCLDY (SCALE 4-7) 9
TOTAL FM JUL 1 4469 CLOUDY (SCALE 8-10) 0
DPTR FM NORMAL -304
[CDD (BASE 65) ]
TOTAL THIS MO. 333
DPTR FM NORMAL 52 [PRESSURE DATA]
TOTAL FM JAN 1 446 HIGHEST SLP 30.29 ON 15
DPTR FM NORMAL 28 LOWEST SLP 29.35 ON 9
[REMARKS]
#FINAL-06-20#