225
CXUS53 KLSX 011400
CF6SUS
PRELIMINARY LOCAL CLIMATOLOGICAL DATA (WS FORM: F-6)
STATION: SPIRIT OF ST LOUIS MO
MONTH: MARCH
YEAR: 2021
LATITUDE: 38 39 N
LONGITUDE: 90 38 W
TEMPERATURE IN F: :PCPN: SNOW: WIND :SUNSHINE: SKY :PK WND
================================================================================
1 2 3 4 5 6A 6B 7 8 9 10 11 12 13 14 15 16 17 18
12Z AVG MX 2MIN
DY MAX MIN AVG DEP HDD CDD WTR SNW DPTH SPD SPD DIR MIN PSBL S-S WX SPD DR
================================================================================
1 52 28 40 0 25 0 0.00 0.0 0 4.8 12 50 M M 0 16 310
2 58 24 41 1 24 0 0.00 0.0 0 3.6 18 250 M M 0 33 200
3 70 27 49 8 16 0 0.00 0.0 0 3.9 15 250 M M 0 21 240
4 64 30 47 6 18 0 0.00 0.0 0 6.9 17 70 M M 0 18 24 70
5 52 29 41 0 24 0 0.00 0.0 0 6.8 15 70 M M 1 22 70
6 58 30 44 2 21 0 0.00 0.0 0 1.5 10 290 M M 6 14 290
7 68 29 49 7 16 0 0.00 0.0 0 4.1 16 210 M M 1 8 21 210
8 71 36 54 12 11 0 0.00 0.0 0 7.0 20 230 M M 0 30 240
9 74 42 58 15 7 0 0.00 0.0 0 8.8 21 180 M M 1 33 180
10 70 60 65 22 0 0 0.00 0.0 0 12.4 25 200 M M 6 41 220
11 68 46 57 14 8 0 0.53 0.0 0 5.1 30 290 M M 9 13 39 290
12 58 43 51 7 14 0 0.12 0.0 0 5.6 15 40 M M 6 18 20 50
13 57 46 52 8 13 0 0.00 0.0 0 7.1 13 90 M M 9 19 90
14 54 46 50 6 15 0 0.04 0.0 0 10.8 23 80 M M 8 35 90
15 51 44 48 3 17 0 0.21 0.0 0 6.9 23 90 M M 10 138 32 80
16 50 44 47 2 18 0 0.00 0.0 0 5.5 13 80 M M 10 18 18 100
17 53 41 47 1 18 0 1.02 0.0 0 8.7 18 340 M M 10 138 26 330
18 44 41 43 -3 22 0 0.84 0.0 0 12.9 22 350 M M 10 18 37 360
19 53 34 44 -2 21 0 0.00 0.0 0 8.5 18 10 M M 1 26 50
20 61 27 44 -3 21 0 0.00 0.0 0 4.6 13 80 M M 0 1 21 80
21 69 33 51 4 14 0 0.00 0.0 0 5.8 18 210 M M 0 27 170
22 68 38 53 6 12 0 0.00 0.0 0 5.9 15 140 M M 1 23 130
23 63 53 58 10 7 0 0.21 0.0 0 8.0 21 240 M M 8 1 34 230
24 65 48 57 9 8 0 0.00 0.0 0 9.2 22 250 M M 4 31 220
25 56 45 51 3 14 0 0.46 0.0 0 6.6 14 280 M M 7 18 20 90
26 63 46 55 6 10 0 T 0.0 0 5.3 13 290 M M 7 1 20 270
27 81 43 62 13 3 0 0.31 0.0 0 7.2 23 320 M M 4 13 32 330
28 56 35 46 -3 19 0 0.01 0.0 0 13.4 28 300 M M 3 38 300
29 72 32 52 2 13 0 0.00 0.0 0 8.6 15 170 M M 0 30 160
30 73 51 62 12 3 0 T 0.0 0 10.7 21 200 M M 5 18 32 210
31 54 33 44 -6 21 0 0.00 0.0 0 12.0 31 300 M M 2 43 280
================================================================================
SM 1906 1204 453 0 3.75 0.0 228.2 M 129
================================================================================
AV 61.5 38.8 7.4 FASTST M M 4 MAX(MPH)
MISC ----> 31 300 43 280
================================================================================
NOTES:
# LAST OF SEVERAL OCCURRENCES
COLUMN 17 PEAK WIND IN M.P.H.
PRELIMINARY LOCAL CLIMATOLOGICAL DATA (WS FORM: F-6) , PAGE 2
STATION: SPIRIT OF ST LOUIS MO
MONTH: MARCH
YEAR: 2021
LATITUDE: 38 39 N
LONGITUDE: 90 38 W
[TEMPERATURE DATA] [PRECIPITATION DATA] SYMBOLS USED IN COLUMN 16
AVERAGE MONTHLY: 50.2 TOTAL FOR MONTH: 3.75 1 = FOG OR MIST
DPTR FM NORMAL: 5.0 DPTR FM NORMAL: 0.30 2 = FOG REDUCING VISIBILITY
HIGHEST: 81 ON 27 GRTST 24HR 1.72 ON 17-18 TO 1/4 MILE OR LESS
LOWEST: 24 ON 2 3 = THUNDER
SNOW, ICE PELLETS, HAIL 4 = ICE PELLETS
TOTAL MONTH: 0.0 INCH 5 = HAIL
GRTST 24HR 0.0 6 = FREEZING RAIN OR DRIZZLE
GRTST DEPTH: 0 7 = DUSTSTORM OR SANDSTORM:
VSBY 1/2 MILE OR LESS
8 = SMOKE OR HAZE
[NO. OF DAYS WITH] [WEATHER - DAYS WITH] 9 = BLOWING SNOW
X = TORNADO
MAX 32 OR BELOW: 0 0.01 INCH OR MORE: 10
MAX 90 OR ABOVE: 0 0.10 INCH OR MORE: 8
MIN 32 OR BELOW: 9 0.50 INCH OR MORE: 3
MIN 0 OR BELOW: 0 1.00 INCH OR MORE: 1
[HDD (BASE 65) ]
TOTAL THIS MO. 453 CLEAR (SCALE 0-3) 15
DPTR FM NORMAL -166 PTCLDY (SCALE 4-7) 10
TOTAL FM JUL 1 4272 CLOUDY (SCALE 8-10) 6
DPTR FM NORMAL -102
[CDD (BASE 65) ]
TOTAL THIS MO. 0
DPTR FM NORMAL -5 [PRESSURE DATA]
TOTAL FM JAN 1 0 HIGHEST SLP 30.51 ON 20
DPTR FM NORMAL -5 LOWEST SLP 29.53 ON 18
[REMARKS]
#FINAL-03-21#