000
CXUS53 KFSD 012149
CF6SUX
PRELIMINARY LOCAL CLIMATOLOGICAL DATA (WS FORM: F-6)
STATION: SIOUX CITY IA
MONTH: FEBRUARY
YEAR: 2023
LATITUDE: 42 24 N
LONGITUDE: 96 23 W
TEMPERATURE IN F: :PCPN: SNOW: WIND :SUNSHINE: SKY :PK WND
================================================================================
1 2 3 4 5 6A 6B 7 8 9 10 11 12 13 14 15 16 17 18
12Z AVG MX 2MIN
DY MAX MIN AVG DEP HDD CDD WTR SNW DPTH SPD SPD DIR MIN PSBL S-S WX SPD DR
================================================================================
1 23 -4 10 -11 55 0 0.00 0.0 12 4.2 9 210 M M 0 1 12 200
2 19 -3 8 -13 57 0 T T 12 12.1 31 350 M M 0 1 38 360
3 18 -1 9 -12 56 0 0.00 0.0 12 10.4 21 160 M M 5 29 150
4 40 9 25 3 40 0 0.00 0.0 12 6.4 13 130 M M 0 15 140
5 41 16 29 7 36 0 0.00 0.0 11 4.3 12 310 M M 0 15 320
6 39 22 31 9 34 0 0.00 0.0 11 11.0 23 300 M M 4 32 290
7 40 24 32 10 33 0 0.00 0.0 8 8.9 22 310 M M 1 30 310
8 42 20 31 9 34 0 0.00 0.0 6 6.6 15 200 M M 0 19 200
9 33 17 25 2 40 0 0.00 0.0 4 21.4 31 330 M M 4 1 43 340
10 36 9 23 0 42 0 0.00 0.0 4 6.8 15 190 M M 0 19 330
11 45 28 37 14 28 0 0.00 0.0 3 10.8 18 210 M M 0 25 200
12 37 24 31 8 34 0 0.00 0.0 2 5.7 14 320 M M 0 1 18 320
13 51 21 36 12 29 0 0.00 0.0 2 8.6 22 170 M M 0 1 29 160
14 44 34 39 15 26 0 0.67 T 1 11.2 31 310 M M 9 12 44 320
15 34 16 25 1 40 0 T T 1 22.8 41 310 M M 7 1 57 320
16 26 15 21 -4 44 0 0.00 0.0 1 10.8 20 10 M M 5 25 360
17 40 10 25 0 40 0 0.00 0.0 1 8.3 20 200 M M 0 24 180
18 44 22 33 8 32 0 0.00 0.0 T 7.7 16 190 M M 0 21 130
19 39 24 32 6 33 0 T T 0 8.2 16 330 M M 3 1 20 330
20 46 24 35 9 30 0 0.00 0.0 T 11.6 23 330 M M 2 1 31 320
21 32 15 24 -2 41 0 0.00 0.0 0 12.3 25 330 M M 4 31 340
22 26 19 23 -4 42 0 0.04 0.3 0 16.3 28 40 M M 9 16 39 40
23 22 -3 10 -17 55 0 0.06 1.0 1 18.4 29 310 M M 4 1 37 310
24 11 -4 4 -24 61 0 T T 1 6.0 16 330 M M 8 19 330
25 50 4 27 -1 38 0 0.00 0.0 1 6.5 17 200 M M 0 1 20 200
26 50 22 36 8 29 0 0.30 0.0 0 12.1 26 160 M M 4 1 34 170
27 42 30 36 7 29 0 0.20 0.0 0 14.0 30 320 M M 6 1 39 320
28 39 27 33 4 32 0 0.06 0.4 0 5.7 17 70 M M 4 1 24 80
================================================================================
SM 1009 437 1090 0 1.33 1.7 289.1 M 79
================================================================================
AV 36.0 15.6 10.3 FASTST M M 3 MAX(MPH)
MISC ----> 41 310 57 320
================================================================================
NOTES:
# LAST OF SEVERAL OCCURRENCES
-COLUMN 17 PEAK WIND IN M.P.H.
-PRECIPITATION AMOUNTS IN COLUMNS 7,8 AND 9 ARE THE OFFICIAL
PRECIPITATION AMOUNTS FOR SIOUX CITY, IA.
-SNOW DEPTH IN COLUMN 9 IS RECORDED AT 6 AM CST (12Z).
PRELIMINARY LOCAL CLIMATOLOGICAL DATA (WS FORM: F-6) , PAGE 2
STATION: SIOUX CITY IA
MONTH: FEBRUARY
YEAR: 2023
LATITUDE: 42 24 N
LONGITUDE: 96 23 W
[TEMPERATURE DATA] [PRECIPITATION DATA] SYMBOLS USED IN COLUMN 16
AVERAGE MONTHLY: 25.8 TOTAL FOR MONTH: 1.33 1 = FOG OR MIST
DPTR FM NORMAL: 1.3 DPTR FM NORMAL: 0.47 2 = FOG REDUCING VISIBILITY
HIGHEST: 51 ON 13 GRTST 24HR 0.67 ON 14-14 TO 1/4 MILE OR LESS
LOWEST: -4 ON 24, 1 3 = THUNDER
SNOW, ICE PELLETS, HAIL 4 = ICE PELLETS
TOTAL MONTH: 1.7 INCHES 5 = HAIL
GRTST 24HR 1.3 ON 22-23 6 = FREEZING RAIN OR DRIZZLE
GRTST DEPTH: 12 ON 4, 3 7 = DUSTSTORM OR SANDSTORM:
VSBY 1/2 MILE OR LESS
8 = SMOKE OR HAZE
[NO. OF DAYS WITH] [WEATHER - DAYS WITH] 9 = BLOWING SNOW
X = TORNADO
MAX 32 OR BELOW: 8 0.01 INCH OR MORE: 6
MAX 90 OR ABOVE: 0 0.10 INCH OR MORE: 3
MIN 32 OR BELOW: 27 0.50 INCH OR MORE: 1
MIN 0 OR BELOW: 5 1.00 INCH OR MORE: 0
[HDD (BASE 65) ]
TOTAL THIS MO. 1090 CLEAR (SCALE 0-3) 15
DPTR FM NORMAL -44 PTCLDY (SCALE 4-7) 11
TOTAL FM JUL 1 5206 CLOUDY (SCALE 8-10) 2
DPTR FM NORMAL -65
[CDD (BASE 65) ]
TOTAL THIS MO. 0
DPTR FM NORMAL 0 [PRESSURE DATA]
TOTAL FM JAN 1 0 HIGHEST SLP 30.82 ON 24
DPTR FM NORMAL 0 LOWEST SLP 29.11 ON 14
[REMARKS]
#FINAL-02-23#