519
CXUS51 KBGM 010930
CLASYR
CLIMATE REPORT
NATIONAL WEATHER SERVICE BINGHAMTON NY
417 AM EST WED JAN 1 2020
...................................
...THE SYRACUSE NY CLIMATE SUMMARY FOR THE YEAR OF 2019...
CLIMATE NORMAL PERIOD 1981 TO 2010
CLIMATE RECORD PERIOD 1902 TO 2019
WEATHER OBSERVED NORMAL DEPART LAST YEAR`S
VALUE DATE(S) VALUE FROM VALUE DATE(S)
NORMAL
................................................................
TEMPERATURE (F)
RECORD
HIGH 101 07/17/2012
07/21/2011
08/14/2002
LOW -26 02/18/1979
01/26/1966
HIGHEST 95 07/16 57 38 95 07/16
07/02
LOWEST -7 01/21 38 -45 -15 01/01
AVG. MAXIMUM 57.7 57.7 0.0 57.2
AVG. MINIMUM 39.0 39.0 0.0 39.5
MEAN 48.3 48.3 0.0 48.3
DAYS MAX >= 90 9 6.8 2.2 15
DAYS MAX <= 32 54 45.7 8.3 45
DAYS MIN <= 32 138 129.5 8.5 156
DAYS MIN <= 0 6 7.1 -1.1 8
PRECIPITATION (INCHES)
RECORD
MAXIMUM 58.17 1976
MINIMUM 27.10 1964
TOTALS 46.37 38.47 7.90 42.10
DAILY AVG. 0.13 0.11 0.02 0.12
DAYS >= .01 178 173.6 4.4 187
DAYS >= .10 99 89.7 9.3 102
DAYS >= .50 31 22.7 8.3 23
DAYS >= 1.00 11 5.3 5.7 8
GREATEST
24 HR. TOTAL 1.95 10/31 TO 10/31
SNOWFALL (INCHES)
RECORDS
TOTAL 192.1 1992
24 HR TOTAL 22.1 03/13/1993 TO 03/13/1993
SNOW DEPTH 48 02/01/1966
02/21/1958
02/20/1958
TOTALS 107.6 123.8 -16.2 151.7
SINCE 7/1 30.1 42.6 -12.5 37.5
SNOWDEPTH AVG. 1 MM MM 2
DAYS >= TRACE 102 66.4 35.6 110
DAYS >= 1.0 33 34.5 -1.5 42
GREATEST
SNOW DEPTH 18 01/21 24 01/06
24 HR TOTAL 9.3 01/20 TO 01/20
DEGREE_DAYS
HEATING TOTAL 6573 6651 -78 6737
SINCE 7/1 MM 2453 MM MM
COOLING TOTAL 622 570 52 806
SINCE 1/1 622 569 53 806
FREEZE DATES
RECORD
EARLIEST 09/23/1963
LATEST 05/24/1963
EARLIEST 10/14
LATEST 04/29
.................................................................
WIND (MPH)
AVERAGE WIND SPEED 8.2
RESULTANT WIND SPEED/DIRECTION 2/258
HIGHEST WIND SPEED/DIRECTION 52/260 DATE 01/01
HIGHEST GUST SPEED/DIRECTION 64/260 DATE 01/01
SKY COVER
POSSIBLE SUNSHINE (PERCENT) MM
AVERAGE SKY COVER 0.70
NUMBER OF DAYS FAIR 23
NUMBER OF DAYS PC 148
NUMBER OF DAYS CLOUDY 194
AVERAGE RH (PERCENT) 69
WEATHER CONDITIONS. NUMBER OF DAYS WITH
MM
- INDICATES NEGATIVE NUMBERS.
R INDICATES RECORD WAS SET OR TIED.
MM INDICATES DATA IS MISSING.
T INDICATES TRACE AMOUNT.
$$