000
CXUS54 KEWX 011010
CF6T82
PRELIMINARY LOCAL CLIMATOLOGICAL DATA (WS FORM: F-6)
STATION: FREDERICKSBURG
MONTH: APRIL
YEAR: 2022
LATITUDE: 30 15 N
LONGITUDE: 98 55 W
TEMPERATURE IN F: :PCPN: SNOW: WIND :SUNSHINE: SKY :PK WND
================================================================================
1 2 3 4 5 6A 6B 7 8 9 10 11 12 13 14 15 16 17 18
12Z AVG MX 2MIN
DY MAX MIN AVG DEP HDD CDD WTR SNW DPTH SPD SPD DIR MIN PSBL S-S WX SPD DR
================================================================================
1 80 39 60 M 5 0 0.00 M M 8.3 22 170 M M 0 8 27 180
2 84 50 67 M 0 2 0.00 M M 5.6 13 350 M M 2 20 10
3 86 44 65 M 0 0 0.00 M M 6.2 15 180 M M 0 26 170
4 78 61 70 M 0 5 0.00 M M 7.7 14 150 M M 8 21 160
5 96 59 78 M 0 13 0.00 M M 9.2 18 260 M M 3 1 27 260
6 76 53 65 M 0 0 0.00 M M 13.6 22 10 M M 0 35 360
7 73 42 58 M 7 0 0.00 M M 9.0 18 350 M M 0 25 350
8 76 35 56 M 9 0 0.00 M M 6.0 15 320 M M 0 20 270
9 85 35 60 M 5 0 0.00 M M 9.6 18 180 M M 0 28 180
10 88 58 73 M 0 8 0.00 M M 11.1 21 180 M M 2 25 180
11 87 65 76 M 0 11 0.00 M M 8.6 13 140 M M 5 21 140
12 95 69 82 M 0 17 0.00 M M 11.8 21 190 M M 5 32 210
13 88 52 70 M 0 5 0.00 M M 9.5 21 320 M M 4 8 29 330
14 82 42 62 M 3 0 0.00 M M 7.0 13 150 M M 0 18 110
15 83 60 72 M 0 7 0.00 M M 7.8 15 200 M M 8 22 180
16 87 69 78 M 0 13 0.00 M M 5.8 10 280 M M 5 M M
17 87 68 78 M 0 13 0.13 M M 4.7 12 50 M M 5 1 22 180
18 80 52 66 M 0 1 0.00 M M 6.2 10 80 M M 2 22 40
19 69 52 61 M 4 0 0.01 M M 6.5 14 170 M M 7 1 21 140
20 83 66 75 M 0 10 0.00 M M 12.4 22 200 M M 7 29 200
21 80 69 75 M 0 10 0.00 M M 9.8 16 160 M M 9 23 160
22 86 67 77 M 0 12 0.00 M M 13.8 24 180 M M 8 31 180
23 84 67 76 M 0 11 0.00 M M 15.2 22 190 M M 9 31 190
24 84 68 76 M 0 11 0.00 M M 11.5 20 180 M M 9 26 180
25 71 56 64 M 1 0 0.95 M M 9.7 17 290 M M 9 3 29 330
26 73 53 63 M 2 0 0.06 M M 5.4 10 40 M M 9 17 40
27 75 55 65 M 0 0 0.00 M M 5.9 13 170 M M 7 18 170
28 82 65 74 M 0 9 0.00 M M 11.7 17 190 M M 8 25 200
29 82 66 74 M 0 9 0.00 M M 11.4 16 180 M M 8 1 23 180
30 89 69 79 M 0 14 M M M 6.4 14 190 M M 7 18 190
================================================================================
SM 2469 1706 36 181 1.15 M 267.7 M 146
================================================================================
AV 82.3 56.9 8.9 FASTST M M 5 MAX(MPH)
MISC ----> 24 180 35 360
================================================================================
NOTES:
# LAST OF SEVERAL OCCURRENCES
COLUMN 17 PEAK WIND IN M.P.H.
PRELIMINARY LOCAL CLIMATOLOGICAL DATA (WS FORM: F-6) , PAGE 2
STATION: FREDERICKSBURG
MONTH: APRIL
YEAR: 2022
LATITUDE: 30 15 N
LONGITUDE: 98 55 W
[TEMPERATURE DATA] [PRECIPITATION DATA] SYMBOLS USED IN COLUMN 16
AVERAGE MONTHLY: 69.6 TOTAL FOR MONTH: 1.15 1 = FOG OR MIST
DPTR FM NORMAL: 0.0 DPTR FM NORMAL: M 2 = FOG REDUCING VISIBILITY
HIGHEST: 96 ON 5 GRTST 24HR 0.95 ON 25-25 TO 1/4 MILE OR LESS
LOWEST: 35 ON 9, 8 3 = THUNDER
SNOW, ICE PELLETS, HAIL 4 = ICE PELLETS
TOTAL MONTH: M 5 = HAIL
GRTST 24HR M ON M 6 = FREEZING RAIN OR DRIZZLE
GRTST DEPTH: M ON M 7 = DUSTSTORM OR SANDSTORM:
VSBY 1/2 MILE OR LESS
8 = SMOKE OR HAZE
[NO. OF DAYS WITH] [WEATHER - DAYS WITH] 9 = BLOWING SNOW
X = TORNADO
MAX 32 OR BELOW: 0 0.01 INCH OR MORE: 4
MAX 90 OR ABOVE: 2 0.10 INCH OR MORE: 2
MIN 32 OR BELOW: 0 0.50 INCH OR MORE: 1
MIN 0 OR BELOW: 0 1.00 INCH OR MORE: 0
[HDD (BASE 65) ]
TOTAL THIS MO. 36 CLEAR (SCALE 0-3) 11
DPTR FM NORMAL M PTCLDY (SCALE 4-7) 11
TOTAL FM JUL 1 1970 CLOUDY (SCALE 8-10) 8
DPTR FM NORMAL M
[CDD (BASE 65) ]
TOTAL THIS MO. 181
DPTR FM NORMAL M [PRESSURE DATA]
TOTAL FM JAN 1 220 HIGHEST SLP M ON M
DPTR FM NORMAL M LOWEST SLP M ON M
[REMARKS]
#FINAL-04-22#