000
CXUS54 KEWX 011011
CF6T82
PRELIMINARY LOCAL CLIMATOLOGICAL DATA (WS FORM: F-6)
STATION: FREDERICKSBURG
MONTH: SEPTEMBER
YEAR: 2023
LATITUDE: 30 15 N
LONGITUDE: 98 55 W
TEMPERATURE IN F: :PCPN: SNOW: WIND :SUNSHINE: SKY :PK WND
================================================================================
1 2 3 4 5 6A 6B 7 8 9 10 11 12 13 14 15 16 17 18
12Z AVG MX 2MIN
DY MAX MIN AVG DEP HDD CDD WTR SNW DPTH SPD SPD DIR MIN PSBL S-S WX SPD DR
================================================================================
1 98 68 83 M 0 18 0.00 M M 3.8 12 200 M M 1 17 210
2 98 67 83 M 0 18 0.00 M M 2.2 9 200 M M 1 M M
3 100 71 86 M 0 21 0.00 M M 4.3 10 140 M M 0 17 140
4 99 74 87 M 0 22 0.00 M M 8.0 14 210 M M 2 21 220
5 100 75 88 M 0 23 0.00 M M 9.4 16 210 M M 1 22 210
6 100 75 88 M 0 23 0.00 M M 4.9 12 210 M M 1 16 210
7 101 76 89 M 0 24 0.00 M M 4.3 13 90 M M 1 18 90
8 104 72 88 M 0 23 0.00 M M 5.5 12 180 M M 0 18 190
9 101 73 87 M 0 22 0.07 M M 7.6 30 30 M M 1 3 49 30
10 96 68 82 M 0 17 0.00 M M 4.4 13 260 M M 1 20 260
11 94 70 82 M 0 17 0.00 M M 4.8 14 210 M M 1 18 210
12 86 68 77 M 0 12 0.00 M M 8.2 14 10 M M 5 23 270
13 81 68 75 M 0 10 0.01 M M 4.7 6 80 M M 8 1 M M
14 94 68 81 M 0 16 1.05 M M 5.2 14 140 M M 6 13 27 140
15 85 69 77 M 0 12 0.08 M M 3.2 7 90 M M 5 1 M M
16 81 65 73 M 0 8 0.02 M M 4.8 13 10 M M 3 23 330
17 89 63 76 M 0 11 0.00 M M 4.0 10 40 M M 1 16 40
18 92 63 78 M 0 13 0.00 M M 3.2 10 170 M M 4 18 140
19 93 70 82 M 0 17 0.00 M M 8.0 16 180 M M 1 20 180
20 97 71 84 M 0 19 0.00 M M 9.0 15 200 M M 1 21 200
21 96 71 84 M 0 19 0.00 M M 5.9 12 180 M M 1 16 160
22 80 72 76 M 0 11 0.00 M M 5.8 12 200 M M 4 17 200
23 98 74 86 M 0 21 0.00 M M 8.3 16 210 M M 0 22 200
24 101 68 85 M 0 20 0.85 M M 8.4 15 210 M M 2 3 27 80
25 87 70 79 M 0 14 0.00 M M 5.1 14 180 M M 3 3 20 0
26 91 69 80 M 0 15 0.00 M M 1.7 7 10 M M 2 M M
27 88 68 78 M 0 13 0.00 M M 0.9 6 320 M M 3 M M
28 92 66 79 M 0 14 0.00 M M 2.3 9 140 M M 2 M M
29 92 68 80 M 0 15 0.00 M M 5.2 10 140 M M 2 18 140
30 91 69 80 M 0 15 0.00 M M 6.1 12 150 M M 5 17 150
================================================================================
SM 2805 2089 0 503 2.08 M 159.0 M 68
================================================================================
AV 93.5 69.6 5.3 FASTST M M 2 MAX(MPH)
MISC ----> 30 30 49 30
================================================================================
NOTES:
# LAST OF SEVERAL OCCURRENCES
COLUMN 17 PEAK WIND IN M.P.H.
PRELIMINARY LOCAL CLIMATOLOGICAL DATA (WS FORM: F-6) , PAGE 2
STATION: FREDERICKSBURG
MONTH: SEPTEMBER
YEAR: 2023
LATITUDE: 30 15 N
LONGITUDE: 98 55 W
[TEMPERATURE DATA] [PRECIPITATION DATA] SYMBOLS USED IN COLUMN 16
AVERAGE MONTHLY: 81.6 TOTAL FOR MONTH: 2.08 1 = FOG OR MIST
DPTR FM NORMAL: 0.0 DPTR FM NORMAL: M 2 = FOG REDUCING VISIBILITY
HIGHEST: 104 ON 8 GRTST 24HR 1.05 ON 14-14 TO 1/4 MILE OR LESS
LOWEST: 63 ON 18,17 3 = THUNDER
SNOW, ICE PELLETS, HAIL 4 = ICE PELLETS
TOTAL MONTH: M 5 = HAIL
GRTST 24HR M ON M 6 = FREEZING RAIN OR DRIZZLE
GRTST DEPTH: M ON M 7 = DUSTSTORM OR SANDSTORM:
VSBY 1/2 MILE OR LESS
8 = SMOKE OR HAZE
[NO. OF DAYS WITH] [WEATHER - DAYS WITH] 9 = BLOWING SNOW
X = TORNADO
MAX 32 OR BELOW: 0 0.01 INCH OR MORE: 6
MAX 90 OR ABOVE: 22 0.10 INCH OR MORE: 2
MIN 32 OR BELOW: 0 0.50 INCH OR MORE: 2
MIN 0 OR BELOW: 0 1.00 INCH OR MORE: 1
[HDD (BASE 65) ]
TOTAL THIS MO. 0 CLEAR (SCALE 0-3) 23
DPTR FM NORMAL M PTCLDY (SCALE 4-7) 6
TOTAL FM JUL 1 0 CLOUDY (SCALE 8-10) 1
DPTR FM NORMAL M
[CDD (BASE 65) ]
TOTAL THIS MO. 503
DPTR FM NORMAL M [PRESSURE DATA]
TOTAL FM JAN 1 2764 HIGHEST SLP M ON M
DPTR FM NORMAL M LOWEST SLP M ON M
[REMARKS]
#FINAL-09-23#