000
CXUS55 KPUB 011310
CF6TAD
PRELIMINARY LOCAL CLIMATOLOGICAL DATA (WS FORM: F-6)
STATION: TRINIDAD CO
MONTH: FEBRUARY
YEAR: 2021
LATITUDE: 37 16 N
LONGITUDE: 104 20 W
TEMPERATURE IN F: :PCPN: SNOW: WIND :SUNSHINE: SKY :PK WND
================================================================================
1 2 3 4 5 6A 6B 7 8 9 10 11 12 13 14 15 16 17 18
12Z AVG MX 2MIN
DY MAX MIN AVG DEP HDD CDD WTR SNW DPTH SPD SPD DIR MIN PSBL S-S WX SPD DR
================================================================================
1 60 26 43 10 22 0 0.00 M M 8.4 17 250 M M 0 23 250
2 66 29 48 15 17 0 0.00 M M 7.7 15 260 M M 0 18 270
3 68 33 51 18 14 0 0.01 M M 15.2 43 290 M M 1 54 280
4 38 21 30 -3 35 0 0.24 M M 6.0 28 40 M M 4 12 36 40
5 45 17 31 -2 34 0 0.00 M M 6.9 13 200 M M 3 18 260
6 50 24 37 4 28 0 0.00 M M 8.7 20 300 M M 0 27 320
7 60 22 41 7 24 0 0.00 M M 7.0 23 300 M M 0 1 32 290
8 63 17 40 6 25 0 0.00 M M 10.7 32 250 M M 4 128 41 250
9 41 16 29 -5 36 0 0.00 M M 5.1 12 80 M M 3 128 16 90
10 22 15 19 -15 46 0 0.00 M M 4.7 13 70 M M 10 128 16 70
11 56 11 34 0 31 0 T M M 6.9 16 20 M M 5 128 21 20
12 20 9 15 -19 50 0 T M M 6.0 14 10 M M 9 18 17 10
13 11 4 8 -26 57 0 0.02 M M 8.1 16 30 M M 10 18 19 30
14 4 -9 -2 -37 67 0 0.02 M M 7.2 14 20 M M 9 8 18 20
15 18 -14 2 -33 63 0 0.00 M M 3.3 8 250 M M 0 10 180
16 38 9 24 -11 41 0 0.00 M M 6.4 17 250 M M 4 20 250
17 36 17 27 -8 38 0 0.14 M M 9.0 15 50 M M 6 1 21 60
18 26 3 15 -21 50 0 0.04 M M 4.1 10 290 M M 6 128 11 260
19 49 4 27 -9 38 0 0.00 M M 9.2 25 350 M M 1 18 35 350
20 60 20 40 4 25 0 0.00 M M 11.1 33 260 M M 2 43 260
21 35 16 26 -10 39 0 0.17 M M 6.7 17 30 M M 3 12 22 20
22 60 20 40 4 25 0 0.00 M M 9.4 20 330 M M 0 26 310
23 68 30 49 12 16 0 0.00 M M 11.2 25 320 M M 0 32 320
24 50 23 37 0 28 0 0.00 M M 9.6 24 150 M M 4 29 150
25 42 25 34 -3 31 0 0.01 M M 7.6 18 260 M M 5 1 26 170
26 55 22 39 1 26 0 0.00 M M 12.2 30 290 M M 0 37 290
27 57 21 39 1 26 0 0.00 M M 16.4 39 260 M M 0 54 250
28 37 18 28 -10 37 0 0.00 M M 7.2 15 250 M M 5 18 260
================================================================================
SM 1235 449 969 0 0.65 M 232.0 M 94
================================================================================
AV 44.1 16.0 8.3 FASTST M M 3 MAX(MPH)
MISC ----> 43 290 # 54 280
================================================================================
NOTES:
# LAST OF SEVERAL OCCURRENCES
COLUMN 17 PEAK WIND IN M.P.H.
PRELIMINARY LOCAL CLIMATOLOGICAL DATA (WS FORM: F-6) , PAGE 2
STATION: TRINIDAD CO
MONTH: FEBRUARY
YEAR: 2021
LATITUDE: 37 16 N
LONGITUDE: 104 20 W
[TEMPERATURE DATA] [PRECIPITATION DATA] SYMBOLS USED IN COLUMN 16
AVERAGE MONTHLY: 30.1 TOTAL FOR MONTH: 0.65 1 = FOG OR MIST
DPTR FM NORMAL: -4.9 DPTR FM NORMAL: 0.16 2 = FOG REDUCING VISIBILITY
HIGHEST: 68 ON 23, 3 GRTST 24HR 0.25 ON 3- 4 TO 1/4 MILE OR LESS
LOWEST: -14 ON 15 3 = THUNDER
SNOW, ICE PELLETS, HAIL 4 = ICE PELLETS
TOTAL MONTH: M 5 = HAIL
GRTST 24HR M ON M 6 = FREEZING RAIN OR DRIZZLE
GRTST DEPTH: M ON M 7 = DUSTSTORM OR SANDSTORM:
VSBY 1/2 MILE OR LESS
8 = SMOKE OR HAZE
[NO. OF DAYS WITH] [WEATHER - DAYS WITH] 9 = BLOWING SNOW
X = TORNADO
MAX 32 OR BELOW: 6 0.01 INCH OR MORE: 8
MAX 90 OR ABOVE: 0 0.10 INCH OR MORE: 3
MIN 32 OR BELOW: 27 0.50 INCH OR MORE: 0
MIN 0 OR BELOW: 2 1.00 INCH OR MORE: 0
[HDD (BASE 65) ]
TOTAL THIS MO. 969 CLEAR (SCALE 0-3) 13
DPTR FM NORMAL 129 PTCLDY (SCALE 4-7) 11
TOTAL FM JUL 1 3970 CLOUDY (SCALE 8-10) 4
DPTR FM NORMAL -153
[CDD (BASE 65) ]
TOTAL THIS MO. 0
DPTR FM NORMAL 0 [PRESSURE DATA]
TOTAL FM JAN 1 0 HIGHEST SLP 30.43 ON 18
DPTR FM NORMAL 0 LOWEST SLP 29.52 ON 27
[REMARKS]
#FINAL-02-21#