000
CXUS54 KFWD 041950
CF6TKI
PRELIMINARY LOCAL CLIMATOLOGICAL DATA (WS FORM: F-6)
STATION: MCKINNEY
MONTH: MARCH
YEAR: 2023
LATITUDE: 33 10 N
LONGITUDE: 96 35 W
TEMPERATURE IN F: :PCPN: SNOW: WIND :SUNSHINE: SKY :PK WND
================================================================================
1 2 3 4 5 6A 6B 7 8 9 10 11 12 13 14 15 16 17 18
12Z AVG MX 2MIN
DY MAX MIN AVG DEP HDD CDD WTR SNW DPTH SPD SPD DIR MIN PSBL S-S WX SPD DR
================================================================================
1 71 56 64 12 1 0 0.02 M M 5.9 15 200 M M 5 138 21 200
2 78 53 66 13 0 1 0.91 M M 10.9 45 330 M M 4 13 70 340
3 62 45 54 1 11 0 0.29 M M 10.6 26 280 M M 3 1 40 290
4 72 40 56 3 9 0 0.00 M M 6.8 18 160 M M 0 29 210
5 76 48 62 9 3 0 0.00 M M 11.4 28 190 M M 0 35 180
6 81 56 69 15 0 4 0.00 M M 9.3 17 190 M M 0 1 24 190
7 71 54 63 9 2 0 0.00 M M 5.3 16 170 M M 6 12 20 170
8 65 52 59 5 6 0 0.11 M M 8.6 24 330 M M 10 1 33 320
9 68 53 61 6 4 0 0.19 M M 8.9 20 360 M M 10 1238 27 360
10 63 44 54 -1 11 0 0.00 M M 8.3 21 160 M M 1 28 150
11 84 57 71 16 0 6 T M M 14.2 28 200 M M 6 1 36 190
12 64 46 55 0 10 0 0.00 M M 15.2 24 20 M M 2 36 20
13 58 40 49 -7 16 0 0.00 M M 9.8 17 20 M M 3 23 20
14 61 39 50 -6 15 0 0.00 M M 6.1 13 120 M M 3 18 100
15 67 44 56 0 9 0 0.00 M M 14.9 26 170 M M 3 37 160
16 69 43 56 -1 9 0 0.25 M M 20.4 38 340 M M 10 13 52 340
17 54 38 46 -11 19 0 0.00 M M 13.7 26 340 M M 2 39 10
18 53 31 42 -15 23 0 0.00 M M 8.5 22 10 M M 0 29 50
19 53 27 40 -17 25 0 0.00 M M 5.9 13 40 M M 0 17 30
20 53 35 44 -14 21 0 0.00 M M 14.9 26 180 M M 6 8 35 200
21 65 49 57 -1 8 0 0.05 M M 13.6 26 170 M M 10 1 36 180
22 81 65 73 15 0 8 0.00 M M 16.1 26 180 M M 7 1 35 180
23 82 67 75 17 0 10 0.00 M M 15.5 28 190 M M 8 37 170
24 74 56 65 6 0 0 0.61 M M 10.0 25 290 M M 7 13 34 280
25 74 46 60 1 5 0 0.00 M M 7.8 22 250 M M 0 31 250
26 77 41 59 0 6 0 0.00 M M 6.5 22 10 M M 0 29 10
27 70 43 57 -3 8 0 0.00 M M 6.9 17 10 M M 2 22 20
28 63 43 53 -7 12 0 0.00 M M 10.9 23 10 M M 0 29 360
29 64 41 53 -7 12 0 T M M 6.7 16 160 M M 7 23 180
30 71 58 65 5 0 0 0.13 M M 14.9 29 150 M M 9 13 39 160
31 85 66 76 16 0 11 0.01 M M 18.4 36 270 M M 6 13 52 290
================================================================================
SM 2129 1476 245 40 2.57 M 336.9 M 130
================================================================================
AV 68.7 47.6 10.9 FASTST M M 4 MAX(MPH)
MISC ----> 45 330 70 340
================================================================================
NOTES:
# LAST OF SEVERAL OCCURRENCES
COLUMN 17 PEAK WIND IN M.P.H.
PRELIMINARY LOCAL CLIMATOLOGICAL DATA (WS FORM: F-6) , PAGE 2
STATION: MCKINNEY
MONTH: MARCH
YEAR: 2023
LATITUDE: 33 10 N
LONGITUDE: 96 35 W
[TEMPERATURE DATA] [PRECIPITATION DATA] SYMBOLS USED IN COLUMN 16
AVERAGE MONTHLY: 58.1 TOTAL FOR MONTH: 2.57 1 = FOG OR MIST
DPTR FM NORMAL: 1.6 DPTR FM NORMAL: -0.94 2 = FOG REDUCING VISIBILITY
HIGHEST: 85 ON 31 GRTST 24HR 0.91 ON 2- 2 TO 1/4 MILE OR LESS
LOWEST: 27 ON 19 3 = THUNDER
SNOW, ICE PELLETS, HAIL 4 = ICE PELLETS
TOTAL MONTH: M 5 = HAIL
GRTST 24HR M ON M 6 = FREEZING RAIN OR DRIZZLE
GRTST DEPTH: M ON M 7 = DUSTSTORM OR SANDSTORM:
VSBY 1/2 MILE OR LESS
8 = SMOKE OR HAZE
[NO. OF DAYS WITH] [WEATHER - DAYS WITH] 9 = BLOWING SNOW
X = TORNADO
MAX 32 OR BELOW: 0 0.01 INCH OR MORE: 10
MAX 90 OR ABOVE: 0 0.10 INCH OR MORE: 7
MIN 32 OR BELOW: 2 0.50 INCH OR MORE: 2
MIN 0 OR BELOW: 0 1.00 INCH OR MORE: 0
[HDD (BASE 65) ]
TOTAL THIS MO. 245 CLEAR (SCALE 0-3) 15
DPTR FM NORMAL -44 PTCLDY (SCALE 4-7) 10
TOTAL FM JUL 1 2129 CLOUDY (SCALE 8-10) 6
DPTR FM NORMAL -242
[CDD (BASE 65) ]
TOTAL THIS MO. 40
DPTR FM NORMAL 15 [PRESSURE DATA]
TOTAL FM JAN 1 56 HIGHEST SLP 30.63 ON 19
DPTR FM NORMAL 23 LOWEST SLP 29.29 ON 2
[REMARKS]
#FINAL-03-23#