000
CXUS53 KTOP 032356
CF6TOP
PRELIMINARY LOCAL CLIMATOLOGICAL DATA (WS FORM: F-6)
STATION: TOPEKA KS
MONTH: DECEMBER
YEAR: 2023
LATITUDE: 39 4 N
LONGITUDE: 95 38 W
TEMPERATURE IN F: :PCPN: SNOW: WIND :SUNSHINE: SKY :PK WND
================================================================================
1 2 3 4 5 6A 6B 7 8 9 10 11 12 13 14 15 16 17 18
12Z AVG MX 2MIN
DY MAX MIN AVG DEP HDD CDD WTR SNW DPTH SPD SPD DIR MIN PSBL S-S WX SPD DR
================================================================================
1 41 26 34 -4 31 0 0.10 T 0 6.9 18 20 M M 8 12 26 360
2 36 24 30 -8 35 0 0.01 0.0 0 2.1 10 140 M M 10 128 13 150
3 48 30 39 2 26 0 0.01 0.0 0 6.6 20 340 M M 7 1 26 350
4 55 30 43 6 22 0 T 0.0 0 5.9 17 300 M M 2 1 22 300
5 52 26 39 2 26 0 0.00 0.0 0 8.1 20 310 M M 0 25 310
6 58 24 41 5 24 0 0.00 0.0 0 5.9 18 200 M M 0 28 200
7 66 46 56 20 9 0 0.00 0.0 0 11.3 25 180 M M 0 36 180
8 62 35 49 13 16 0 0.04 0.0 0 5.4 14 360 M M 6 12 19 20
9 50 34 42 6 23 0 0.00 0.0 0 11.7 25 300 M M 2 38 320
10 51 25 38 3 27 0 0.00 0.0 0 7.3 13 200 M M 0 18 190
11 55 25 40 5 25 0 0.00 0.0 0 4.1 12 280 M M 0 15 260
12 47 26 37 2 28 0 0.00 0.0 0 6.2 15 40 M M 0 23 50
13 54 29 42 8 23 0 0.00 0.0 0 2.3 9 60 M M 0 11 70
14 55 26 41 7 24 0 0.00 0.0 0 2.4 10 160 M M 1 1 13 190
15 47 40 44 10 21 0 0.86 0.0 0 2.0 7 80 M M 8 1 9 90
16 45 36 41 7 24 0 0.04 0.0 0 8.9 17 310 M M 10 1 26 310
17 57 26 42 9 23 0 0.00 0.0 0 4.6 16 320 M M 1 12 22 310
18 44 24 34 1 31 0 0.00 0.0 0 7.5 17 340 M M 0 27 320
19 52 21 37 4 28 0 0.00 0.0 0 10.2 22 170 M M 0 32 180
20 58 39 49 16 16 0 0.00 0.0 0 7.1 15 180 M M 3 21 180
21 59 51 55 23 10 0 0.08 0.0 0 6.6 14 180 M M 10 1 19 190
22 58 35 47 15 18 0 0.07 0.0 0 4.3 10 180 M M 8 12 14 180
23 61 34 48 16 17 0 0.00 0.0 0 7.1 16 140 M M 9 12 24 150
24 61 39 50 18 15 0 1.39 0.0 0 13.1 21 140 M M 9 1 32 140
25 39 32 36 4 29 0 0.13 T 0 12.4 18 280 M M 10 1 29 300
26 36 31 34 2 31 0 0.18 1.3 T 9.0 17 180 M M 10 18 25 180
27 36 33 35 4 30 0 0.01 T 1 12.2 20 330 M M 10 16 31 310
28 44 34 39 8 26 0 0.00 0.0 0 9.7 21 310 M M 9 28 310
29 51 32 42 11 23 0 0.00 0.0 0 9.8 17 310 M M 4 23 320
30 51 30 41 10 24 0 0.00 0.0 0 6.7 13 270 M M 1 17 280
31 34 29 32 1 33 0 0.00 0.0 0 9.8 17 340 M M 9 23 340
================================================================================
SM 1563 972 738 0 2.92 1.3 227.2 M 147
================================================================================
AV 50.4 31.4 7.3 FASTST M M 5 MAX(MPH)
MISC ----> # 25 180 38 320
================================================================================
NOTES:
# LAST OF SEVERAL OCCURRENCES
COLUMN 17 PEAK WIND IN M.P.H.
PRELIMINARY LOCAL CLIMATOLOGICAL DATA (WS FORM: F-6) , PAGE 2
STATION: TOPEKA KS
MONTH: DECEMBER
YEAR: 2023
LATITUDE: 39 4 N
LONGITUDE: 95 38 W
[TEMPERATURE DATA] [PRECIPITATION DATA] SYMBOLS USED IN COLUMN 16
AVERAGE MONTHLY: 40.9 TOTAL FOR MONTH: 2.92 1 = FOG OR MIST
DPTR FM NORMAL: 7.0 DPTR FM NORMAL: 1.43 2 = FOG REDUCING VISIBILITY
HIGHEST: 66 ON 7 GRTST 24HR 1.50 ON 24-25 TO 1/4 MILE OR LESS
LOWEST: 21 ON 19 3 = THUNDER
SNOW, ICE PELLETS, HAIL 4 = ICE PELLETS
TOTAL MONTH: 1.3 INCHES 5 = HAIL
GRTST 24HR 1.3 ON 26-26 6 = FREEZING RAIN OR DRIZZLE
GRTST DEPTH: 1 ON 27 7 = DUSTSTORM OR SANDSTORM:
VSBY 1/2 MILE OR LESS
8 = SMOKE OR HAZE
[NO. OF DAYS WITH] [WEATHER - DAYS WITH] 9 = BLOWING SNOW
X = TORNADO
MAX 32 OR BELOW: 0 0.01 INCH OR MORE: 12
MAX 90 OR ABOVE: 0 0.10 INCH OR MORE: 5
MIN 32 OR BELOW: 19 0.50 INCH OR MORE: 2
MIN 0 OR BELOW: 0 1.00 INCH OR MORE: 1
[HDD (BASE 65) ]
TOTAL THIS MO. 738 CLEAR (SCALE 0-3) 15
DPTR FM NORMAL -226 PTCLDY (SCALE 4-7) 5
TOTAL FM JUL 1 1562 CLOUDY (SCALE 8-10) 11
DPTR FM NORMAL -363
[CDD (BASE 65) ]
TOTAL THIS MO. 0
DPTR FM NORMAL 0 [PRESSURE DATA]
TOTAL FM JAN 1 1883 HIGHEST SLP 30.64 ON 14
DPTR FM NORMAL 349 LOWEST SLP 29.54 ON 7
[REMARKS]
#FINAL-12-23#