000
CXUS55 KCYS 230937
CF6TOR
PRELIMINARY LOCAL CLIMATOLOGICAL DATA (WS FORM: F-6)
STATION: TORRINGTON WY AIRPORT
MONTH: JUNE
YEAR: 2021
LATITUDE: 42 3 N
LONGITUDE: 104 9 W
TEMPERATURE IN F: :PCPN: SNOW: WIND :SUNSHINE: SKY :PK WND
================================================================================
1 2 3 4 5 6A 6B 7 8 9 10 11 12 13 14 15 16 17 18
12Z AVG MX 2MIN
DY MAX MIN AVG DEP HDD CDD WTR SNW DPTH SPD SPD DIR MIN PSBL S-S WX SPD DR
================================================================================
1 75 43 59 -3 6 0 T M M 6.5 18 70 M M 2 3 23 70
2 80 47 64 1 1 0 0.00 M M 4.0 13 190 M M 0 18 190
3 88 47 68 5 0 3 0.00 M M 4.2 14 260 M M 0 20 250
4 94 50 72 9 0 7 0.00 M M 5.1 14 170 M M 0 23 170
5 97 54 76 12 0 11 T M M 7.6 24 310 M M 0 3 38 320
6 88 56 72 8 0 7 T M M 9.8 35 140 M M 0 3 45 150
7 97 58 78 14 0 13 0.00 M M 10.6 24 240 M M 0 39 250
8 97 56 77 12 0 12 0.00 M M 12.8 35 210 M M 0 52 210
9 95 56 76 11 0 11 0.00 M M 6.5 22 120 M M 0 27 130
10 98 63 81 15 0 16 T M M 13.2 32 280 M M 0 3 47 290
11 81 51 66 0 0 1 0.00 M M 11.6 25 310 M M 0 34 320
12 94 50 72 6 0 7 0.00 M M 10.2 18 160 M M 0 24 160
13 96 63 80 14 0 15 T M M 9.1 21 260 M M 0 3 27 260
14 101 60 81 14 0 16 0.00 M M 10.5 22 120 M M 0 32 120
15 103 66 85 18 0 20 0.00 M M 10.4 26 160 M M 0 39 160
16 101 59 80 12 0 15 0.00 M M 10.6 25 60 M M 0 39 30
17 100 58 79 11 0 14 0.00 M M 8.2 24 80 M M 0 33 80
18 92 63 78 10 0 13 0.00 M M 9.7 31 70 M M 1 3 38 70
19 92 57 75 7 0 10 0.00 M M 11.0 26 290 M M 0 37 280
20 80 56 68 -1 0 3 0.27 M M 13.4 30 10 M M 4 13 39 360
21 78 51 65 -4 0 0 0.00 M M 6.4 15 270 M M 2 22 270
22 95 52 74 4 0 9 0.00 M M 6.1 14 230 M M 0 20 220
23 101 57 79 9 0 14 0.00 M M 7.5 26 10 M M 0 38 320
24 88 60 74 4 0 9 0.20 M M 9.8 33 40 M M 1 3 42 40
25 68 56 62 -8 3 0 0.04 M M 9.2 25 330 M M 7 1 37 340
26 80 54 67 -4 0 2 T M M 10.7 29 330 M M 4 39 330
27 76 53 65 -6 0 0 0.04 M M 7.2 28 320 M M 6 3 38 320
28 78 53 66 -5 0 1 0.02 M M 5.3 22 120 M M 3 3 27 360
29 82 48 65 -7 0 0 0.00 M M 8.4 17 120 M M 0 25 110
30 88 53 71 -1 0 6 0.00 M M 9.8 20 140 M M 0 27 150
================================================================================
SM 2683 1650 10 235 0.57 M 265.4 M 30
================================================================================
AV 89.4 55.0 8.8 FASTST M M 1 MAX(MPH)
MISC ----> # 35 140 52 210
================================================================================
NOTES:
# LAST OF SEVERAL OCCURRENCES
COLUMN 17 PEAK WIND IN M.P.H.
PRELIMINARY LOCAL CLIMATOLOGICAL DATA (WS FORM: F-6) , PAGE 2
STATION: TORRINGTON WY AIRPORT
MONTH: JUNE
YEAR: 2021
LATITUDE: 42 3 N
LONGITUDE: 104 9 W
[TEMPERATURE DATA] [PRECIPITATION DATA] SYMBOLS USED IN COLUMN 16
AVERAGE MONTHLY: 72.2 TOTAL FOR MONTH: 0.57 1 = FOG OR MIST
DPTR FM NORMAL: 5.0 DPTR FM NORMAL: -1.55 2 = FOG REDUCING VISIBILITY
HIGHEST: 103 ON 15 GRTST 24HR 0.27 ON 20-20 TO 1/4 MILE OR LESS
LOWEST: 43 ON 1 3 = THUNDER
SNOW, ICE PELLETS, HAIL 4 = ICE PELLETS
TOTAL MONTH: M 5 = HAIL
GRTST 24HR M ON M 6 = FREEZING RAIN OR DRIZZLE
GRTST DEPTH: M ON M 7 = DUSTSTORM OR SANDSTORM:
VSBY 1/2 MILE OR LESS
8 = SMOKE OR HAZE
[NO. OF DAYS WITH] [WEATHER - DAYS WITH] 9 = BLOWING SNOW
X = TORNADO
MAX 32 OR BELOW: 0 0.01 INCH OR MORE: 5
MAX 90 OR ABOVE: 16 0.10 INCH OR MORE: 2
MIN 32 OR BELOW: 0 0.50 INCH OR MORE: 0
MIN 0 OR BELOW: 0 1.00 INCH OR MORE: 0
[HDD (BASE 65) ]
TOTAL THIS MO. 10 CLEAR (SCALE 0-3) 26
DPTR FM NORMAL -52 PTCLDY (SCALE 4-7) 4
TOTAL FM JUL 1 6685 CLOUDY (SCALE 8-10) 0
DPTR FM NORMAL 205
[CDD (BASE 65) ]
TOTAL THIS MO. 235
DPTR FM NORMAL 106 [PRESSURE DATA]
TOTAL FM JAN 1 236 HIGHEST SLP 30.19 ON 29
DPTR FM NORMAL 88 LOWEST SLP 29.48 ON 10
[REMARKS]
#FINAL-06-21#