000
CXUS52 KTBW 011014
CF6TPA
PRELIMINARY LOCAL CLIMATOLOGICAL DATA (WS FORM: F-6)
STATION: TAMPA
MONTH: SEPTEMBER
YEAR: 2023
LATITUDE: 27 58 N
LONGITUDE: 82 32 W
TEMPERATURE IN F: :PCPN: SNOW: WIND :SUNSHINE: SKY :PK WND
================================================================================
1 2 3 4 5 6A 6B 7 8 9 10 11 12 13 14 15 16 17 18
12Z AVG MX 2MIN
DY MAX MIN AVG DEP HDD CDD WTR SNW DPTH SPD SPD DIR MIN PSBL S-S WX SPD DR
================================================================================
1 93 80 87 3 0 22 0.00 0.0 0 5.4 14 50 M M 5 3 22 50
2 93 78 86 2 0 21 0.00 0.0 0 6.0 14 40 M M 5 24 40
3 92 75 84 0 0 19 0.00 0.0 0 6.4 12 40 M M 4 21 100
4 92 74 83 -1 0 18 0.00 0.0 0 5.7 14 110 M M 5 21 80
5 93 76 85 1 0 20 0.00 0.0 0 5.2 12 270 M M 3 15 260
6 91 79 85 1 0 20 0.00 0.0 0 4.7 12 280 M M 3 25 290
7 92 78 85 1 0 20 0.00 0.0 0 5.1 18 240 M M 3 3 31 270
8 86 74 80 -3 0 15 0.42 0.0 0 4.7 21 320 M M 6 138 27 320
9 89 73 81 -2 0 16 0.00 0.0 0 3.4 13 220 M M 5 3 18 250
10 91 78 85 2 0 20 0.00 0.0 0 4.0 17 240 M M 3 3 23 250
11 93 78 86 3 0 21 0.00 0.0 0 6.0 17 30 M M 3 28 40
12 93 76 85 2 0 20 0.00 0.0 0 5.3 12 260 M M 6 3 21 290
13 94 80 87 4 0 22 0.00 0.0 0 4.9 14 280 M M 5 24 270
14 93 79 86 3 0 21 0.00 0.0 0 5.4 16 270 M M 4 27 260
15 91 76 84 1 0 19 2.30 0.0 0 4.3 25 360 M M 3 13 33 360
16 93 77 85 2 0 20 0.01 0.0 0 4.0 21 350 M M 4 13 28 360
17 92 79 86 3 0 21 0.00 0.0 0 5.4 14 260 M M 3 30 260
18 93 80 87 4 0 22 0.03 0.0 0 6.0 14 340 M M 5 23 260
19 91 78 85 2 0 20 0.00 0.0 0 6.5 14 100 M M 6 27 100
20 92 74 83 1 0 18 0.40 0.0 0 6.1 24 360 M M 8 3 37 360
21 92 73 83 1 0 18 0.00 0.0 0 5.7 18 20 M M 6 3 34 30
22 91 72 82 0 0 17 0.00 0.0 0 5.9 13 10 M M 3 19 10
23 89 71 80 -2 0 15 0.00 0.0 0 3.3 13 310 M M 2 24 280
24 92 73 83 1 0 18 T 0.0 0 4.0 14 120 M M 7 19 110
25 91 76 84 2 0 19 0.03 0.0 0 5.8 15 150 M M 6 3 23 150
26 89 78 84 2 0 19 0.00 0.0 0 6.1 15 190 M M 6 19 180
27 89 75 82 0 0 17 1.46 0.0 0 6.0 17 360 M M 6 13 24 360
28 91 75 83 1 0 18 0.00 0.0 0 7.3 16 20 M M 7 26 10
29 88 75 82 1 0 17 0.15 0.0 0 6.3 13 20 M M 8 13 21 20
30 91 77 84 3 0 19 1.17 0.0 0 5.9 22 310 M M 8 1 29 320
================================================================================
SM 2740 2287 0 572 5.97 0.0 160.8 M 148
================================================================================
AV 91.3 76.2 5.4 FASTST M M 5 MAX(MPH)
MISC ----> 25 360 37 360
================================================================================
NOTES:
# LAST OF SEVERAL OCCURRENCES
COLUMN 17 PEAK WIND IN M.P.H.
PRELIMINARY LOCAL CLIMATOLOGICAL DATA (WS FORM: F-6) , PAGE 2
STATION: TAMPA
MONTH: SEPTEMBER
YEAR: 2023
LATITUDE: 27 58 N
LONGITUDE: 82 32 W
[TEMPERATURE DATA] [PRECIPITATION DATA] SYMBOLS USED IN COLUMN 16
AVERAGE MONTHLY: 83.8 TOTAL FOR MONTH: 5.97 1 = FOG OR MIST
DPTR FM NORMAL: 1.1 DPTR FM NORMAL: -0.12 2 = FOG REDUCING VISIBILITY
HIGHEST: 94 ON 13 GRTST 24HR 2.30 ON 15-15 TO 1/4 MILE OR LESS
LOWEST: 71 ON 23 3 = THUNDER
SNOW, ICE PELLETS, HAIL 4 = ICE PELLETS
TOTAL MONTH: 0.0 INCH 5 = HAIL
GRTST 24HR 0.0 6 = FREEZING RAIN OR DRIZZLE
GRTST DEPTH: 0 7 = DUSTSTORM OR SANDSTORM:
VSBY 1/2 MILE OR LESS
8 = SMOKE OR HAZE
[NO. OF DAYS WITH] [WEATHER - DAYS WITH] 9 = BLOWING SNOW
X = TORNADO
MAX 32 OR BELOW: 0 0.01 INCH OR MORE: 9
MAX 90 OR ABOVE: 24 0.10 INCH OR MORE: 6
MIN 32 OR BELOW: 0 0.50 INCH OR MORE: 3
MIN 0 OR BELOW: 0 1.00 INCH OR MORE: 3
[HDD (BASE 65) ]
TOTAL THIS MO. 0 CLEAR (SCALE 0-3) 3
DPTR FM NORMAL 0 PTCLDY (SCALE 4-7) 25
TOTAL FM JUL 1 0 CLOUDY (SCALE 8-10) 2
DPTR FM NORMAL 0
[CDD (BASE 65) ]
TOTAL THIS MO. 572
DPTR FM NORMAL 40 [PRESSURE DATA]
TOTAL FM JAN 1 3829 HIGHEST SLP 30.11 ON 2
DPTR FM NORMAL 569 LOWEST SLP 29.85 ON 23
[REMARKS]
#FINAL-09-23#