000
CXUS56 KLKN 011310
CF6TPH
PRELIMINARY LOCAL CLIMATOLOGICAL DATA (WS FORM: F-6)
STATION: TONOPAH AIRPORT NV
MONTH: NOVEMBER
YEAR: 2022
LATITUDE: 38 3 N
LONGITUDE: 117 5 W
TEMPERATURE IN F: :PCPN: SNOW: WIND :SUNSHINE: SKY :PK WND
================================================================================
1 2 3 4 5 6A 6B 7 8 9 10 11 12 13 14 15 16 17 18
12Z AVG MX 2MIN
DY MAX MIN AVG DEP HDD CDD WTR SNW DPTH SPD SPD DIR MIN PSBL S-S WX SPD DR
================================================================================
1 63 39 51 4 14 0 T M M 16.2 39 320 M M 2 55 310
2 47 33 40 -7 25 0 0.00 M M 10.5 21 340 M M 9 29 350
3 44 26 35 -11 30 0 0.00 M M 15.6 25 330 M M 4 37 340
4 56 23 40 -6 25 0 0.00 M M 11.9 28 320 M M 0 39 310
5 64 24 44 -2 21 0 0.00 M M 7.0 20 330 M M 5 27 360
6 55 38 47 2 18 0 0.00 M M 8.1 21 180 M M 3 28 170
7 56 42 49 4 16 0 0.00 M M 20.8 31 180 M M 4 40 180
8 45 33 39 -5 26 0 0.23 M M 16.3 43 180 M M 8 1 58 180
9 44 25 35 -9 30 0 0.00 M M 8.5 22 330 M M 1 29 330
10 44 19 32 -11 33 0 0.00 M M 10.4 18 360 M M 0 22 10
11 43 20 32 -11 33 0 0.00 M M 6.9 16 20 M M 0 19 10
12 47 18 33 -9 32 0 0.00 M M 6.8 16 350 M M 1 22 360
13 41 26 34 -8 31 0 T M M 17.5 38 320 M M 4 1 49 320
14 46 19 33 -9 32 0 0.00 M M 6.4 15 360 M M 0 17 360
15 48 21 35 -6 30 0 0.00 M M 10.0 21 320 M M 0 29 310
16 49 20 35 -6 30 0 0.00 M M 8.2 14 10 M M 0 18 10
17 51 18 35 -5 30 0 0.00 M M 4.6 13 40 M M 0 15 40
18 50 24 37 -3 28 0 0.00 M M 11.9 24 310 M M 1 40 320
19 48 17 33 -6 32 0 0.00 M M 7.1 17 350 M M 0 23 360
20 51 14 33 -6 32 0 0.00 M M 6.6 15 360 M M 0 19 10
21 53 16 35 -4 30 0 0.00 M M 5.9 16 360 M M 0 18 360
22 54 18 36 -2 29 0 0.00 M M 6.6 14 360 M M 0 15 300
23 54 26 40 2 25 0 0.00 M M 11.5 25 360 M M 0 31 320
24 55 23 39 2 26 0 0.00 M M 10.6 22 320 M M 0 28 300
25 56 19 38 1 27 0 0.00 M M 6.1 14 360 M M 0 16 20
26 53 23 38 1 27 0 0.00 M M 11.7 30 320 M M 3 39 330
27 50 17 34 -2 31 0 0.00 M M 5.8 15 10 M M 0 16 20
28 52 16 34 -2 31 0 0.00 M M 10.9 30 10 M M 0 43 10
29 42 20 31 -5 34 0 0.00 M M 8.0 31 10 M M 0 39 10
30 45 15 30 -5 35 0 0.00 M M 8.3 18 180 M M 0 25 200
================================================================================
SM 1506 692 843 0 0.23 M 296.7 M 45
================================================================================
AV 50.2 23.1 9.9 FASTST M M 2 MAX(MPH)
MISC ----> 43 180 58 180
================================================================================
NOTES:
# LAST OF SEVERAL OCCURRENCES
COLUMN 17 PEAK WIND IN M.P.H.
PRELIMINARY LOCAL CLIMATOLOGICAL DATA (WS FORM: F-6) , PAGE 2
STATION: TONOPAH AIRPORT NV
MONTH: NOVEMBER
YEAR: 2022
LATITUDE: 38 3 N
LONGITUDE: 117 5 W
[TEMPERATURE DATA] [PRECIPITATION DATA] SYMBOLS USED IN COLUMN 16
AVERAGE MONTHLY: 36.6 TOTAL FOR MONTH: 0.23 1 = FOG OR MIST
DPTR FM NORMAL: -4.4 DPTR FM NORMAL: -0.05 2 = FOG REDUCING VISIBILITY
HIGHEST: 64 ON 5 GRTST 24HR 0.23 ON 8- 8 TO 1/4 MILE OR LESS
LOWEST: 14 ON 20 3 = THUNDER
SNOW, ICE PELLETS, HAIL 4 = ICE PELLETS
TOTAL MONTH: M 5 = HAIL
GRTST 24HR M ON M 6 = FREEZING RAIN OR DRIZZLE
GRTST DEPTH: M ON M 7 = DUSTSTORM OR SANDSTORM:
VSBY 1/2 MILE OR LESS
8 = SMOKE OR HAZE
[NO. OF DAYS WITH] [WEATHER - DAYS WITH] 9 = BLOWING SNOW
X = TORNADO
MAX 32 OR BELOW: 0 0.01 INCH OR MORE: 1
MAX 90 OR ABOVE: 0 0.10 INCH OR MORE: 1
MIN 32 OR BELOW: 25 0.50 INCH OR MORE: 0
MIN 0 OR BELOW: 0 1.00 INCH OR MORE: 0
[HDD (BASE 65) ]
TOTAL THIS MO. 843 CLEAR (SCALE 0-3) 23
DPTR FM NORMAL 123 PTCLDY (SCALE 4-7) 5
TOTAL FM JUL 1 1163 CLOUDY (SCALE 8-10) 2
DPTR FM NORMAL 11
[CDD (BASE 65) ]
TOTAL THIS MO. 0
DPTR FM NORMAL 0 [PRESSURE DATA]
TOTAL FM JAN 1 1177 HIGHEST SLP 30.63 ON 16
DPTR FM NORMAL 283 LOWEST SLP 29.44 ON 8
[REMARKS]
#FINAL-11-22#