000
CXUS54 KFWD 010731
CF6TPL
PRELIMINARY LOCAL CLIMATOLOGICAL DATA (WS FORM: F-6)
STATION: TEMPLE
MONTH: OCTOBER
YEAR: 2023
LATITUDE: 31 8 N
LONGITUDE: 97 25 W
TEMPERATURE IN F: :PCPN: SNOW: WIND :SUNSHINE: SKY :PK WND
================================================================================
1 2 3 4 5 6A 6B 7 8 9 10 11 12 13 14 15 16 17 18
12Z AVG MX 2MIN
DY MAX MIN AVG DEP HDD CDD WTR SNW DPTH SPD SPD DIR MIN PSBL S-S WX SPD DR
================================================================================
1 93 63 78 6 0 13 0.00 M M 7.2 15 110 M M 1 22 110
2 92 64 78 6 0 13 0.00 M M 7.2 14 90 M M 0 17 120
3 93 66 80 9 0 15 0.00 M M 9.6 23 120 M M 3 30 120
4 97 70 84 13 0 19 0.23 M M 11.6 20 160 M M 5 31 10
5 79 68 74 3 0 9 1.29 M M 6.7 22 30 M M 7 13 33 20
6 85 63 74 4 0 9 0.00 M M 7.3 14 20 M M 0 M M
7 73 53 63 -7 2 0 0.00 M M 10.1 15 360 M M 0 21 10
8 80 47 64 -6 1 0 0.00 M M 6.0 12 170 M M 0 M M
9 86 53 70 1 0 5 0.00 M M 9.8 18 180 M M 0 25 220
10 83 62 73 4 0 8 0.00 M M 10.9 18 170 M M 3 24 150
11 74 65 70 1 0 5 T M M 10.8 17 150 M M 6 1 M M
12 83 64 74 6 0 9 0.00 M M 14.5 23 170 M M 8 1 28 190
13 87 56 72 4 0 7 0.00 M M 10.9 18 170 M M 5 23 350
14 75 52 64 -4 1 0 0.00 M M 10.3 17 340 M M 0 23 340
15 71 47 59 -9 6 0 0.00 M M 10.5 20 340 M M 0 32 350
16 70 41 56 -11 9 0 0.00 M M 8.3 18 360 M M 0 27 340
17 71 36 54 -13 11 0 0.00 M M 3.0 7 200 M M 0 8 M M
18 83 63 73 6 0 8 0.00 M M 12.1 22 170 M M 0 30 170
19 85 56 71 5 0 6 0.00 M M 8.0 17 10 M M 0 22 350
20 96 51 74 8 0 9 0.00 M M 4.9 13 270 M M 0 17 99
21 93 50 72 6 0 7 0.00 M M 4.5 9 160 M M 0 M M
22 87 66 77 11 0 12 0.00 M M 10.3 16 150 M M 2 20 160
23 81 70 76 11 0 11 0.91 M M 11.1 18 160 M M 7 1 23 170
24 80 71 76 11 0 11 0.13 M M 13.5 21 140 M M 9 1 32 140
25 84 72 78 13 0 13 T M M 15.1 21 140 M M 7 26 150
26 81 66 74 10 0 9 1.18 M M 11.2 20 150 M M 7 1 26 150
27 85 73 79 15 0 14 0.31 M M 9.4 20 150 M M 8 1 24 140
28 82 71 77 13 0 12 0.44 M M 8.4 15 150 M M 7 1 M M
29 75 40 58 -5 7 0 0.02 M M 15.8 24 350 M M 10 1 33 350
30 50 38 44 -19 21 0 0.64 M M 15.5 22 340 M M 8 1 31 350
31 58 35 47 -16 18 0 0.00 M M 9.0 15 350 M M 3 21 10
================================================================================
SM 2512 1792 76 224 5.15 M 303.4 M 106
================================================================================
AV 81.0 57.8 9.8 FASTST M M 3 MAX(MPH)
MISC ----> 24 350 # 33 20
================================================================================
NOTES:
# LAST OF SEVERAL OCCURRENCES
COLUMN 17 PEAK WIND IN M.P.H.
PRELIMINARY LOCAL CLIMATOLOGICAL DATA (WS FORM: F-6) , PAGE 2
STATION: TEMPLE
MONTH: OCTOBER
YEAR: 2023
LATITUDE: 31 8 N
LONGITUDE: 97 25 W
[TEMPERATURE DATA] [PRECIPITATION DATA] SYMBOLS USED IN COLUMN 16
AVERAGE MONTHLY: 69.4 TOTAL FOR MONTH: 5.15 1 = FOG OR MIST
DPTR FM NORMAL: 2.1 DPTR FM NORMAL: 1.56 2 = FOG REDUCING VISIBILITY
HIGHEST: 97 ON 4 GRTST 24HR 1.29 ON 5- 5 TO 1/4 MILE OR LESS
LOWEST: 35 ON 31 3 = THUNDER
SNOW, ICE PELLETS, HAIL 4 = ICE PELLETS
TOTAL MONTH: M 5 = HAIL
GRTST 24HR M ON M 6 = FREEZING RAIN OR DRIZZLE
GRTST DEPTH: M ON M 7 = DUSTSTORM OR SANDSTORM:
VSBY 1/2 MILE OR LESS
8 = SMOKE OR HAZE
[NO. OF DAYS WITH] [WEATHER - DAYS WITH] 9 = BLOWING SNOW
X = TORNADO
MAX 32 OR BELOW: 0 0.01 INCH OR MORE: 9
MAX 90 OR ABOVE: 6 0.10 INCH OR MORE: 8
MIN 32 OR BELOW: 0 0.50 INCH OR MORE: 4
MIN 0 OR BELOW: 0 1.00 INCH OR MORE: 2
[HDD (BASE 65) ]
TOTAL THIS MO. 76 CLEAR (SCALE 0-3) 17
DPTR FM NORMAL 7 PTCLDY (SCALE 4-7) 11
TOTAL FM JUL 1 76 CLOUDY (SCALE 8-10) 3
DPTR FM NORMAL -1
[CDD (BASE 65) ]
TOTAL THIS MO. 224
DPTR FM NORMAL 82 [PRESSURE DATA]
TOTAL FM JAN 1 3317 HIGHEST SLP M ON M
DPTR FM NORMAL 849 LOWEST SLP M ON M
[REMARKS]
#FINAL-10-23#