000
CXUS56 KSGX 011045
CF6TRM
PRELIMINARY LOCAL CLIMATOLOGICAL DATA (WS FORM: F-6)
STATION: THERMAL AIRPORT CA
MONTH: APRIL
YEAR: 2022
LATITUDE: 33 37 N
LONGITUDE: 116 10 W
TEMPERATURE IN F: :PCPN: SNOW: WIND :SUNSHINE: SKY :PK WND
================================================================================
1 2 3 4 5 6A 6B 7 8 9 10 11 12 13 14 15 16 17 18
12Z AVG MX 2MIN
DY MAX MIN AVG DEP HDD CDD WTR SNW DPTH SPD SPD DIR MIN PSBL S-S WX SPD DR
================================================================================
1 88 58 73 5 0 8 0.00 M M 7.3 16 330 M M 0 20 340
2 83 52 68 0 0 3 0.00 M M 5.4 14 330 M M 0 20 320
3 87 58 73 5 0 8 0.00 M M 9.3 21 330 M M 0 26 320
4 89 59 74 5 0 9 0.00 M M 6.5 17 320 M M 0 24 310
5 92 50 71 2 0 6 0.00 M M 3.4 12 140 M M 0 8 17 140
6 97 53 75 6 0 10 0.00 M M 3.4 12 30 M M 0 18 300
7 98 59 79 10 0 14 0.00 M M 7.9 15 290 M M 0 21 270
8 101 57 79 10 0 14 0.00 M M 4.6 13 130 M M 0 15 140
9 100 50 75 5 0 10 0.00 M M 8.5 22 330 M M 0 28 340
10 92 68 80 10 0 15 0.00 M M 12.7 28 330 M M 0 35 320
11 83 58 71 1 0 6 0.00 M M 15.7 30 350 M M 0 8 39 340
12 77 57 67 -3 0 2 0.00 M M 9.8 21 320 M M 0 27 340
13 78 40 59 -11 6 0 0.00 M M 5.9 14 120 M M 0 20 140
14 84 44 64 -6 1 0 0.00 M M 6.7 24 340 M M 0 30 330
15 88 62 75 4 0 10 0.00 M M 10.9 24 330 M M 0 29 340
16 90 64 77 6 0 12 0.00 M M 15.6 28 340 M M 0 39 330
17 93 56 75 4 0 10 0.00 M M 9.3 21 330 M M 0 26 330
18 102 51 77 6 0 12 0.00 M M 8.2 21 340 M M 0 8 26 350
19 97 69 83 11 0 18 0.00 M M 12.3 24 250 M M 0 33 240
20 89 63 76 4 0 11 0.00 M M 12.3 26 340 M M 0 34 330
21 91 62 77 5 0 12 0.00 M M 11.2 25 300 M M 0 35 340
22 78 59 69 -3 0 4 0.00 M M 15.0 30 330 M M 1 8 42 270
23 86 54 70 -3 0 5 0.00 M M 8.8 17 300 M M 0 25 290
24 90 50 70 -3 0 5 0.00 M M 7.0 18 340 M M 0 24 340
25 94 49 72 -1 0 7 0.00 M M 5.6 14 330 M M 0 8 20 300
26 96 50 73 0 0 8 0.00 M M 6.8 21 340 M M 0 26 340
27 94 70 82 8 0 17 0.00 M M 11.0 24 330 M M 0 33 330
28 89 66 78 4 0 13 0.00 M M 17.9 31 330 M M 0 8 41 330
29 95 57 76 2 0 11 0.00 M M 8.6 23 330 M M 0 8 31 320
30 98 52 75 1 0 10 0.00 M M 8.5 22 320 M M 0 28 330
================================================================================
SM 2719 1697 7 270 0.00 M 276.1 M 1
================================================================================
AV 90.6 56.6 9.2 FASTST M M 0 MAX(MPH)
MISC ----> 31 330 42 270
================================================================================
NOTES:
# LAST OF SEVERAL OCCURRENCES
COLUMN 17 PEAK WIND IN M.P.H.
PRELIMINARY LOCAL CLIMATOLOGICAL DATA (WS FORM: F-6) , PAGE 2
STATION: THERMAL AIRPORT CA
MONTH: APRIL
YEAR: 2022
LATITUDE: 33 37 N
LONGITUDE: 116 10 W
[TEMPERATURE DATA] [PRECIPITATION DATA] SYMBOLS USED IN COLUMN 16
AVERAGE MONTHLY: 73.6 TOTAL FOR MONTH: 0.00 1 = FOG OR MIST
DPTR FM NORMAL: 2.6 DPTR FM NORMAL: -0.08 2 = FOG REDUCING VISIBILITY
HIGHEST: 102 ON 18 GRTST 24HR T ON 28-28 TO 1/4 MILE OR LESS
LOWEST: 40 ON 13 3 = THUNDER
SNOW, ICE PELLETS, HAIL 4 = ICE PELLETS
TOTAL MONTH: M 5 = HAIL
GRTST 24HR M ON M 6 = FREEZING RAIN OR DRIZZLE
GRTST DEPTH: M ON M 7 = DUSTSTORM OR SANDSTORM:
VSBY 1/2 MILE OR LESS
8 = SMOKE OR HAZE
[NO. OF DAYS WITH] [WEATHER - DAYS WITH] 9 = BLOWING SNOW
X = TORNADO
MAX 32 OR BELOW: 0 0.01 INCH OR MORE: 0
MAX 90 OR ABOVE: 17 0.10 INCH OR MORE: 0
MIN 32 OR BELOW: 0 0.50 INCH OR MORE: 0
MIN 0 OR BELOW: 0 1.00 INCH OR MORE: 0
[HDD (BASE 65) ]
TOTAL THIS MO. 7 CLEAR (SCALE 0-3) 30
DPTR FM NORMAL -11 PTCLDY (SCALE 4-7) 0
TOTAL FM JUL 1 995 CLOUDY (SCALE 8-10) 0
DPTR FM NORMAL -107
[CDD (BASE 65) ]
TOTAL THIS MO. 270
DPTR FM NORMAL 72 [PRESSURE DATA]
TOTAL FM JAN 1 385 HIGHEST SLP 30.18 ON 7
DPTR FM NORMAL 95 LOWEST SLP 29.56 ON 9
[REMARKS]
#FINAL-04-22#