000
CXUS54 KTSA 010840
CF6TUL
PRELIMINARY LOCAL CLIMATOLOGICAL DATA (WS FORM: F-6)
STATION: TULSA OKLAHOMA
MONTH: MARCH
YEAR: 2020
LATITUDE: 36 12 N
LONGITUDE: 95 54 W
TEMPERATURE IN F: :PCPN: SNOW: WIND :SUNSHINE: SKY :PK WND
================================================================================
1 2 3 4 5 6A 6B 7 8 9 10 11 12 13 14 15 16 17 18
12Z AVG MX 2MIN
DY MAX MIN AVG DEP HDD CDD WTR SNW DPTH SPD SPD DIR MIN PSBL S-S WX SPD DR
================================================================================
1 74 56 65 19 0 0 0.00 0.0 0 15.5 25 180 M M 6 37 200
2 62 45 54 7 11 0 0.00 0.0 0 7.7 18 340 M M 7 25 350
3 67 38 53 6 12 0 0.00 0.0 0 3.3 12 30 M M 6 16 70
4 60 39 50 2 15 0 0.00 0.0 0 4.7 15 20 M M 9 24 20
5 68 30 49 1 16 0 0.00 0.0 0 9.1 26 320 M M 2 37 310
6 62 32 47 -1 18 0 0.00 0.0 0 5.4 10 80 M M 0 15 50
7 69 34 52 4 13 0 0.00 0.0 0 12.7 25 170 M M 4 35 200
8 65 47 56 7 9 0 0.02 0.0 0 17.5 31 190 M M 7 42 180
9 76 45 61 12 4 0 0.20 0.0 0 16.5 33 300 M M 8 1 42 290
10 66 42 54 5 11 0 0.00 0.0 0 7.0 14 170 M M 6 19 10
11 77 57 67 17 0 2 T 0.0 0 7.6 31 10 M M 8 3 43 20
12 83 56 70 20 0 5 0.00 0.0 0 14.3 25 270 M M 8 33 260
13 56 44 50 0 15 0 0.02 0.0 0 13.3 22 40 M M 10 30 40
14 51 41 46 -5 19 0 0.96 0.0 0 9.0 18 300 M M 8 13 25 10
15 49 42 46 -5 19 0 T 0.0 0 8.3 14 40 M M 10 1 19 40
16 50 46 48 -3 17 0 0.27 T 0 5.6 15 60 M M 10 135 19 60
17 61 48 55 3 10 0 0.98 0.0 0 8.1 17 120 M M 10 13 23 120
18 78 53 66 14 0 1 0.11 0.0 0 11.5 23 150 M M 9 13 32 170
19 77 62 70 18 0 5 1.30 0.0 0 15.6 26 170 M M 8 13 47 230
20 67 38 53 1 12 0 0.00 0.0 0 16.2 32 290 M M 6 44 290
21 55 30 43 -10 22 0 0.02 0.0 0 6.2 12 30 M M 5 17 360
22 54 44 49 -4 16 0 0.56 0.0 0 8.5 16 120 M M 9 1 22 120
23 63 51 57 4 8 0 T 0.0 0 7.2 17 130 M M 10 1 25 130
24 73 51 62 8 3 0 0.39 0.0 0 7.8 23 300 M M 6 13 30 300
25 83 46 65 11 0 0 0.00 0.0 0 10.4 23 180 M M 2 36 180
26 94 60 77 23 0 12 0.00 0.0 0 11.4 30 170 M M 8 44 160
27 80 71 76 21 0 11 T 0.0 0 12.6 26 190 M M 10 35 36 200
28 74 51 63 8 2 0 0.15 0.0 0 16.8 30 270 M M 4 3 43 200
29 72 46 59 4 6 0 0.00 0.0 0 5.7 14 240 M M 4 20 310
30 67 48 58 2 7 0 0.60 0.0 0 6.5 16 180 M M 10 1 22 180
31 69 50 60 4 5 0 0.11 0.0 0 6.5 15 40 M M 5 1 22 40
================================================================================
SM 2102 1443 270 36 5.69 T 308.5 M 215
================================================================================
AV 67.8 46.6 10.0 FASTST M M 7 MAX(MPH)
MISC ----> # 33 300 # 47 230
================================================================================
NOTES:
# LAST OF SEVERAL OCCURRENCES
COLUMN 17 PEAK WIND IN M.P.H.
PRELIMINARY LOCAL CLIMATOLOGICAL DATA (WS FORM: F-6) , PAGE 2
STATION: TULSA OKLAHOMA
MONTH: MARCH
YEAR: 2020
LATITUDE: 36 12 N
LONGITUDE: 95 54 W
[TEMPERATURE DATA] [PRECIPITATION DATA] SYMBOLS USED IN COLUMN 16
AVERAGE MONTHLY: 57.2 TOTAL FOR MONTH: 5.69 1 = FOG OR MIST
DPTR FM NORMAL: 5.9 DPTR FM NORMAL: 2.40 2 = FOG REDUCING VISIBILITY
HIGHEST: 94 ON 26 GRTST 24HR 1.30 ON 19-19 TO 1/4 MILE OR LESS
LOWEST: 30 ON 21, 5 3 = THUNDER
SNOW, ICE PELLETS, HAIL 4 = ICE PELLETS
TOTAL MONTH: T 5 = HAIL
GRTST 24HR T ON 16-16 6 = FREEZING RAIN OR DRIZZLE
GRTST DEPTH: 0 7 = DUSTSTORM OR SANDSTORM:
VSBY 1/2 MILE OR LESS
8 = SMOKE OR HAZE
[NO. OF DAYS WITH] [WEATHER - DAYS WITH] 9 = BLOWING SNOW
X = TORNADO
MAX 32 OR BELOW: 0 0.01 INCH OR MORE: 14
MAX 90 OR ABOVE: 1 0.10 INCH OR MORE: 11
MIN 32 OR BELOW: 3 0.50 INCH OR MORE: 5
MIN 0 OR BELOW: 0 1.00 INCH OR MORE: 1
[HDD (BASE 65) ]
TOTAL THIS MO. 270 CLEAR (SCALE 0-3) 3
DPTR FM NORMAL -168 PTCLDY (SCALE 4-7) 15
TOTAL FM JUL 1 2995 CLOUDY (SCALE 8-10) 13
DPTR FM NORMAL -354
[CDD (BASE 65) ]
TOTAL THIS MO. 36
DPTR FM NORMAL 25 [PRESSURE DATA]
TOTAL FM JAN 1 36 HIGHEST SLP 30.60 ON 6
DPTR FM NORMAL 24 LOWEST SLP 29.50 ON 28
[REMARKS]
#FINAL-03-20#