000
CXUS54 KMEG 220900
CF6TUP
PRELIMINARY LOCAL CLIMATOLOGICAL DATA (WS FORM: F-6)
STATION: TUPELO
MONTH: APRIL
YEAR: 2024
LATITUDE: 34 16 N
LONGITUDE: 88 46 W
TEMPERATURE IN F: :PCPN: SNOW: WIND :SUNSHINE: SKY :PK WND
================================================================================
1 2 3 4 5 6A 6B 7 8 9 10 11 12 13 14 15 16 17 18
12Z AVG MX 2MIN
DY MAX MIN AVG DEP HDD CDD WTR SNW DPTH SPD SPD DIR MIN PSBL S-S WX SPD DR
================================================================================
1 79 67 73 14 0 8 0.00 0.0 0 10.0 21 180 M M 5 29 180
2 78 56 67 7 0 2 1.44 0.0 0 11.9 20 180 M M 7 123 35 250
3 62 46 54 -6 11 0 0.00 0.0 0 9.4 21 320 M M 6 40 240
4 66 43 55 -5 10 0 0.00 0.0 0 7.3 22 330 M M 0 37 340
5 66 40 53 -7 12 0 0.00 0.0 0 6.4 15 10 M M 0 24 30
6 68 40 54 -7 11 0 0.00 0.0 0 3.6 13 80 M M 0 16 90
7 81 45 63 2 2 0 T 0.0 0 9.3 22 170 M M 2 30 180
8 76 61 69 8 0 4 0.16 0.0 0 9.9 25 180 M M 8 13 37 170
9 64 58 61 0 4 0 3.49 0.0 0 7.7 22 180 M M 10 13 30 170
10 68 63 66 4 0 1 2.94 0.0 0 10.0 22 160 M M 10 13 34 150
11 68 55 62 0 3 0 0.65 0.0 0 9.2 23 330 M M 6 138 34 330
12 72 49 61 -1 4 0 0.00 0.0 0 6.0 18 330 M M 0 33 290
13 84 46 65 3 0 0 0.00 0.0 0 2.7 12 220 M M 0 20 240
14 85 53 69 6 0 4 0.00 0.0 0 7.4 21 190 M M 0 29 230
15 83 57 70 7 0 5 0.00 0.0 0 7.3 16 190 M M 1 23 170
16 85 65 75 12 0 10 0.00 0.0 0 11.6 23 160 M M 0 32 170
17 79 68 74 10 0 9 0.07 0.0 0 8.4 14 170 M M 7 12 21 190
18 79 66 73 9 0 8 0.00 0.0 0 6.5 15 160 M M 7 12 23 180
19 75 61 68 4 0 3 0.00 0.0 0 8.3 16 10 M M 10 19 350
20 63 53 58 -6 7 0 0.08 0.0 0 11.2 22 40 M M 9 30 50
21 65 45 55 -10 10 0 T 0.0 0 11.5 22 10 M M 4 27 360
================================================================================
SM 1546 1137 74 54 8.83 0.0 175.6 M 92
================================================================================
AV 73.6 54.1 8.4 FASTST M M 4 MAX(MPH)
MISC ----> 25 180 40 240
================================================================================
NOTES:
# LAST OF SEVERAL OCCURRENCES
COLUMN 17 PEAK WIND IN M.P.H.
PRELIMINARY LOCAL CLIMATOLOGICAL DATA (WS FORM: F-6) , PAGE 2
STATION: TUPELO
MONTH: APRIL
YEAR: 2024
LATITUDE: 34 16 N
LONGITUDE: 88 46 W
[TEMPERATURE DATA] [PRECIPITATION DATA] SYMBOLS USED IN COLUMN 16
AVERAGE MONTHLY: 63.9 TOTAL FOR MONTH: 8.83 1 = FOG OR MIST
DPTR FM NORMAL: 1.9 DPTR FM NORMAL: 4.98 2 = FOG REDUCING VISIBILITY
HIGHEST: 85 ON 16,14 GRTST 24HR 5.26 ON 9-10 TO 1/4 MILE OR LESS
LOWEST: 40 ON 6, 5 3 = THUNDER
SNOW, ICE PELLETS, HAIL 4 = ICE PELLETS
TOTAL MONTH: 0.0 INCH 5 = HAIL
GRTST 24HR 0.0 6 = FREEZING RAIN OR DRIZZLE
GRTST DEPTH: 0 7 = DUSTSTORM OR SANDSTORM:
VSBY 1/2 MILE OR LESS
8 = SMOKE OR HAZE
[NO. OF DAYS WITH] [WEATHER - DAYS WITH] 9 = BLOWING SNOW
X = TORNADO
MAX 32 OR BELOW: 0 0.01 INCH OR MORE: 7
MAX 90 OR ABOVE: 0 0.10 INCH OR MORE: 5
MIN 32 OR BELOW: 0 0.50 INCH OR MORE: 4
MIN 0 OR BELOW: 0 1.00 INCH OR MORE: 3
[HDD (BASE 65) ]
TOTAL THIS MO. 74 CLEAR (SCALE 0-3) 9
DPTR FM NORMAL -31 PTCLDY (SCALE 4-7) 8
TOTAL FM JUL 1 2327 CLOUDY (SCALE 8-10) 4
DPTR FM NORMAL -361
[CDD (BASE 65) ]
TOTAL THIS MO. 54
DPTR FM NORMAL 13 [PRESSURE DATA]
TOTAL FM JAN 1 75 HIGHEST SLP M ON M
DPTR FM NORMAL 11 LOWEST SLP 29.45 ON 11
[REMARKS]