000
CXUS55 KTWC 010855
CF6TUS
PRELIMINARY LOCAL CLIMATOLOGICAL DATA (WS FORM: F-6)
STATION: TUCSON AZ
MONTH: MARCH
YEAR: 2021
LATITUDE: 32 7 N
LONGITUDE: 110 56 W
TEMPERATURE IN F: :PCPN: SNOW: WIND :SUNSHINE: SKY :PK WND
================================================================================
1 2 3 4 5 6A 6B 7 8 9 10 11 12 13 14 15 16 17 18
12Z AVG MX 2MIN
DY MAX MIN AVG DEP HDD CDD WTR SNW DPTH SPD SPD DIR MIN PSBL S-S WX SPD DR
================================================================================
1 68 32 50 -7 15 0 0.00 M M 7.9 24 120 M M 0 33 120
2 78 50 64 6 1 0 0.00 M M 15.6 33 130 M M 0 43 140
3 83 45 64 6 1 0 0.00 M M 13.0 28 190 M M 1 44 230
4 68 45 57 -1 8 0 0.00 M M 6.4 17 340 M M 1 24 280
5 81 40 61 3 4 0 0.00 M M 8.5 22 120 M M 0 8 37 140
6 84 60 72 14 0 7 0.00 M M 12.0 28 120 M M 0 37 120
7 88 52 70 12 0 5 0.00 M M 7.8 16 170 M M 0 8 25 160
8 82 63 73 14 0 8 0.00 M M 6.0 23 220 M M 0 30 220
9 78 55 67 8 0 2 0.00 M M 8.0 26 210 M M 2 42 230
10 70 42 56 -3 9 0 0.00 M M 5.8 18 240 M M 0 28 280
11 71 40 56 -3 9 0 0.00 M M 9.3 22 240 M M 0 33 260
12 65 45 55 -4 10 0 0.04 M M 10.0 23 260 M M 7 30 250
13 56 37 47 -13 18 0 0.25 M M 6.2 20 260 M M 7 1 29 260
14 66 38 52 -8 13 0 0.00 M M 7.3 21 320 M M 1 30 310
15 70 44 57 -3 8 0 0.00 M M 7.4 15 210 M M 1 21 200
16 58 38 48 -12 17 0 T M M 8.8 26 270 M M 3 45 250
17 73 35 54 -6 11 0 0.00 M M 5.3 12 140 M M 0 17 10
18 82 43 63 3 2 0 0.00 M M 6.0 15 140 M M 0 20 340
19 84 48 66 5 0 1 0.00 M M 6.6 12 350 M M 0 16 350
20 85 51 68 7 0 3 0.00 M M 7.2 20 280 M M 0 28 270
21 79 57 68 7 0 3 0.00 M M 7.2 22 290 M M 0 31 300
22 67 49 58 -3 7 0 0.00 M M 9.7 23 300 M M 0 32 290
23 72 45 59 -2 6 0 0.02 M M 10.8 28 260 M M 4 39 260
24 64 47 56 -6 9 0 T M M 7.9 20 300 M M 7 28 260
25 69 43 56 -6 9 0 0.00 M M 12.1 24 220 M M 0 38 200
26 67 47 57 -5 8 0 0.00 M M 9.3 23 260 M M 3 34 260
27 74 44 59 -3 6 0 0.00 M M 6.4 18 360 M M 0 28 330
28 83 43 63 1 2 0 0.00 M M 7.6 20 120 M M 0 27 120
29 88 54 71 8 0 6 0.00 M M 8.4 16 120 M M 0 27 120
30 87 54 71 8 0 6 0.00 M M 9.0 24 270 M M 0 33 260
31 88 49 69 6 0 4 0.00 M M 6.4 13 350 M M 0 20 180
================================================================================
SM 2328 1435 173 45 0.31 M 259.9 M 37
================================================================================
AV 75.1 46.3 8.4 FASTST M M 1 MAX(MPH)
MISC ----> 33 130 45 250
================================================================================
NOTES:
# LAST OF SEVERAL OCCURRENCES
COLUMN 17 PEAK WIND IN M.P.H.
PRELIMINARY LOCAL CLIMATOLOGICAL DATA (WS FORM: F-6) , PAGE 2
STATION: TUCSON AZ
MONTH: MARCH
YEAR: 2021
LATITUDE: 32 7 N
LONGITUDE: 110 56 W
[TEMPERATURE DATA] [PRECIPITATION DATA] SYMBOLS USED IN COLUMN 16
AVERAGE MONTHLY: 60.7 TOTAL FOR MONTH: 0.31 1 = FOG OR MIST
DPTR FM NORMAL: 0.6 DPTR FM NORMAL: -0.42 2 = FOG REDUCING VISIBILITY
HIGHEST: 88 ON 31,29 GRTST 24HR 0.29 ON 12-13 TO 1/4 MILE OR LESS
LOWEST: 32 ON 1 3 = THUNDER
SNOW, ICE PELLETS, HAIL 4 = ICE PELLETS
TOTAL MONTH: 0.0 INCH 5 = HAIL
GRTST 24HR M ON M 6 = FREEZING RAIN OR DRIZZLE
GRTST DEPTH: 0 7 = DUSTSTORM OR SANDSTORM:
VSBY 1/2 MILE OR LESS
8 = SMOKE OR HAZE
[NO. OF DAYS WITH] [WEATHER - DAYS WITH] 9 = BLOWING SNOW
X = TORNADO
MAX 32 OR BELOW: 0 0.01 INCH OR MORE: 3
MAX 90 OR ABOVE: 0 0.10 INCH OR MORE: 1
MIN 32 OR BELOW: 1 0.50 INCH OR MORE: 0
MIN 0 OR BELOW: 0 1.00 INCH OR MORE: 0
[HDD (BASE 65) ]
TOTAL THIS MO. 173 CLEAR (SCALE 0-3) 27
DPTR FM NORMAL -6 PTCLDY (SCALE 4-7) 4
TOTAL FM JUL 1 1192 CLOUDY (SCALE 8-10) 0
DPTR FM NORMAL -254
[CDD (BASE 65) ]
TOTAL THIS MO. 45
DPTR FM NORMAL 16 [PRESSURE DATA]
TOTAL FM JAN 1 51 HIGHEST SLP M ON M
DPTR FM NORMAL 18 LOWEST SLP 29.55 ON 23
[REMARKS]
#FINAL-03-21#