000
CXUS55 KTWC 110001
CF6TUS
PRELIMINARY LOCAL CLIMATOLOGICAL DATA (WS FORM: F-6)
STATION: TUCSON AZ
MONTH: OCTOBER
YEAR: 2020
LATITUDE: 32 7 N
LONGITUDE: 110 56 W
TEMPERATURE IN F: :PCPN: SNOW: WIND :SUNSHINE: SKY :PK WND
================================================================================
1 2 3 4 5 6A 6B 7 8 9 10 11 12 13 14 15 16 17 18
12Z AVG MX 2MIN
DY MAX MIN AVG DEP HDD CDD WTR SNW DPTH SPD SPD DIR MIN PSBL S-S WX SPD DR
================================================================================
1 103 67 85 8 0 20 0.00 0.0 M 6.4 15 140 M M 0 18 360
2 103 67 85 9 0 20 0.00 0.0 M 6.0 15 320 M M 0 19 320
3 101 65 83 7 0 18 0.00 0.0 M 7.6 15 360 M M 0 8 23 330
4 102 65 84 9 0 19 0.00 0.0 M 4.9 13 340 M M 0 17 330
5 101 65 83 8 0 18 0.00 0.0 M 7.1 17 330 M M M 27 350
6 100 64 82 7 0 17 0.00 0.0 M 6.9 15 360 M M M 20 330
7 101 63 82 8 0 17 0.00 0.0 M 5.8 15 230 M M M 21 230
8 98 66 82 8 0 17 0.00 0.0 M 10.0 20 200 M M M 28 220
9 96 64 80 6 0 15 0.00 0.0 M 8.3 20 200 M M M 30 190
10 94 63 79 6 0 14 0.00 0.0 M 8.6 22 200 M M M 29 210
11 91 61 76 3 0 11 0.00 0.0 M 6.5 17 330 M M M 23 350
12 96 59 78 6 0 13 0.00 0.0 M 5.3 12 350 M M 0 16 10
13 99 62 81 9 0 16 0.00 0.0 M 6.6 14 140 M M 0 19 160
14 98 65 82 10 0 17 0.00 0.0 M 6.9 15 290 M M 0 21 290
15 95 64 80 9 0 15 0.00 0.0 M 5.5 16 330 M M 0 21 260
16 101 62 82 11 0 17 0.00 0.0 M 5.1 13 150 M M 0 17 140
17 98 64 81 10 0 16 0.00 0.0 M 7.1 15 290 M M 0 22 280
18 94 61 78 8 0 13 0.00 0.0 M 5.9 14 300 M M 0 23 290
19 95 61 78 8 0 13 0.00 0.0 M 7.6 14 360 M M 0 19 340
20 95 60 78 8 0 13 0.00 0.0 M 6.6 14 140 M M 0 22 170
21 95 61 78 9 0 13 0.00 0.0 M 7.5 16 140 M M 0 22 150
22 91 63 77 8 0 12 0.00 0.0 M 6.9 15 270 M M 0 26 180
23 91 64 78 10 0 13 0.00 0.0 M 5.4 14 160 M M 0 21 190
24 90 63 77 9 0 12 0.00 0.0 M 6.7 13 310 M M 0 21 120
25 85 64 75 7 0 10 T 0.0 M 9.6 29 220 M M 1 8 40 220
26 69 43 56 -12 9 0 T 0.0 M 9.5 22 320 M M 4 33 300
27 57 32 45 -22 20 0 0.00 0.0 M 5.3 14 360 M M 2 20 10
28 69 37 53 -14 12 0 0.00 0.0 M 5.5 15 350 M M 0 22 340
29 83 43 63 -3 2 0 0.00 0.0 M 11.4 28 110 M M 0 36 120
30 88 56 72 6 0 7 0.00 0.0 M 8.2 17 130 M M 0 24 120
31 90 55 73 7 0 8 0.00 0.0 M 7.1 15 140 M M 0 18 140
================================================================================
SM 2869 1849 43 394 T 0.0 217.8 M 7
================================================================================
AV 92.5 59.6 7.0 FASTST M M 0 MAX(MPH)
MISC ----> 29 220 40 220
================================================================================
NOTES:
# LAST OF SEVERAL OCCURRENCES
COLUMN 17 PEAK WIND IN M.P.H.
PRELIMINARY LOCAL CLIMATOLOGICAL DATA (WS FORM: F-6) , PAGE 2
STATION: TUCSON AZ
MONTH: OCTOBER
YEAR: 2020
LATITUDE: 32 7 N
LONGITUDE: 110 56 W
[TEMPERATURE DATA] [PRECIPITATION DATA] SYMBOLS USED IN COLUMN 16
AVERAGE MONTHLY: 76.1 TOTAL FOR MONTH: T 1 = FOG OR MIST
DPTR FM NORMAL: 5.1 DPTR FM NORMAL: -0.89 2 = FOG REDUCING VISIBILITY
HIGHEST: 103 ON 2, 1 GRTST 24HR T ON 25-25 TO 1/4 MILE OR LESS
LOWEST: 32 ON 27 3 = THUNDER
SNOW, ICE PELLETS, HAIL 4 = ICE PELLETS
TOTAL MONTH: 0.0 INCH 5 = HAIL
GRTST 24HR 0.0 6 = FREEZING RAIN OR DRIZZLE
GRTST DEPTH: M ON M 7 = DUSTSTORM OR SANDSTORM:
VSBY 1/2 MILE OR LESS
8 = SMOKE OR HAZE
[NO. OF DAYS WITH] [WEATHER - DAYS WITH] 9 = BLOWING SNOW
X = TORNADO
MAX 32 OR BELOW: 0 0.01 INCH OR MORE: 0
MAX 90 OR ABOVE: 25 0.10 INCH OR MORE: 0
MIN 32 OR BELOW: 1 0.50 INCH OR MORE: 0
MIN 0 OR BELOW: 0 1.00 INCH OR MORE: 0
[HDD (BASE 65) ]
TOTAL THIS MO. 43 CLEAR (SCALE 0-3) 23
DPTR FM NORMAL 19 PTCLDY (SCALE 4-7) 1
TOTAL FM JUL 1 43 CLOUDY (SCALE 8-10) 7
DPTR FM NORMAL 20
[CDD (BASE 65) ]
TOTAL THIS MO. 394
DPTR FM NORMAL 182 [PRESSURE DATA]
TOTAL FM JAN 1 4015 HIGHEST SLP 30.12 ON 28
DPTR FM NORMAL 896 LOWEST SLP 29.63 ON 25
[REMARKS]
#FINAL-10-20#