000
CXUS55 KTWC 100428
CF6TUS
PRELIMINARY LOCAL CLIMATOLOGICAL DATA (WS FORM: F-6)
STATION: TUCSON AZ
MONTH: SEPTEMBER
YEAR: 2020
LATITUDE: 32 7 N
LONGITUDE: 110 56 W
TEMPERATURE IN F: :PCPN: SNOW: WIND :SUNSHINE: SKY :PK WND
================================================================================
1 2 3 4 5 6A 6B 7 8 9 10 11 12 13 14 15 16 17 18
12Z AVG MX 2MIN
DY MAX MIN AVG DEP HDD CDD WTR SNW DPTH SPD SPD DIR MIN PSBL S-S WX SPD DR
================================================================================
1 96 74 85 0 0 20 0.00 0.0 M 8.9 18 290 M M M 26 290
2 97 75 86 1 0 21 0.00 0.0 M 6.9 20 350 M M M 26 320
3 102 73 88 4 0 23 0.00 0.0 M 6.4 15 350 M M M 22 320
4 110 75 93 9 0 28 0.00 0.0 M 6.7 17 80 M M M 23 80
5 108 83 96 12 0 31 0.00 0.0 M 12.0 28 130 M M M 37 140
6 107 84 96 12 0 31 0.00 0.0 M 8.7 16 120 M M M 22 130
7 103 78 91 7 0 26 0.00 0.0 M 6.9 17 300 M M 0 34 310
8 95 79 87 3 0 22 0.00 0.0 M 13.2 23 280 M M 2 36 280
9 91 68 80 -4 0 15 0.00 0.0 M 8.4 24 250 M M 3 33 310
10 90 56 73 -10 0 8 0.00 0.0 M 6.1 14 330 M M 0 19 40
11 90 63 77 -6 0 12 0.00 0.0 M 5.8 14 340 M M 0 17 350
12 93 65 79 -4 0 14 0.00 0.0 M 5.2 13 160 M M 0 15 160
13 97 68 83 0 0 18 0.00 0.0 M 8.8 22 140 M M 0 29 140
14 97 75 86 4 0 21 0.00 0.0 M 10.2 21 120 M M 0 29 110
15 98 75 87 5 0 22 0.00 0.0 M 7.9 17 140 M M 0 25 120
16 102 69 86 4 0 21 0.00 0.0 M 7.3 16 330 M M 0 21 310
17 103 71 87 5 0 22 0.00 0.0 M 10.2 21 130 M M 0 27 140
18 99 79 89 8 0 24 0.00 0.0 M 11.4 23 140 M M 0 33 150
19 99 76 88 7 0 23 0.00 0.0 M 8.7 20 120 M M 0 28 120
20 101 78 90 9 0 25 0.00 0.0 M 7.1 17 120 M M 0 23 130
21 99 73 86 6 0 21 0.00 0.0 M 7.0 16 310 M M 0 21 360
22 97 75 86 6 0 21 0.00 0.0 M 5.8 15 310 M M 0 23 330
23 98 71 85 5 0 20 0.00 0.0 M 6.0 15 320 M M 0 21 330
24 102 69 86 7 0 21 0.00 0.0 M 6.2 16 340 M M 0 22 340
25 102 71 87 8 0 22 0.00 0.0 M 5.2 14 310 M M 0 18 10
26 100 69 85 7 0 20 0.00 0.0 M 6.0 16 330 M M 0 22 330
27 99 68 84 6 0 19 0.00 0.0 M 6.0 15 330 M M 0 21 330
28 100 65 83 5 0 18 0.00 0.0 M 7.0 20 110 M M 0 31 120
29 100 72 86 9 0 21 0.00 0.0 M 10.1 24 120 M M 0 32 130
30 100 67 84 7 0 19 0.00 0.0 M 6.2 13 340 M M 0 22 220
================================================================================
SM 2975 2164 0 629 0.00 0.0 232.3 M 5
================================================================================
AV 99.2 72.1 7.7 FASTST M M 0 MAX(MPH)
MISC ----> 28 130 37 140
================================================================================
NOTES:
# LAST OF SEVERAL OCCURRENCES
COLUMN 17 PEAK WIND IN M.P.H.
PRELIMINARY LOCAL CLIMATOLOGICAL DATA (WS FORM: F-6) , PAGE 2
STATION: TUCSON AZ
MONTH: SEPTEMBER
YEAR: 2020
LATITUDE: 32 7 N
LONGITUDE: 110 56 W
[TEMPERATURE DATA] [PRECIPITATION DATA] SYMBOLS USED IN COLUMN 16
AVERAGE MONTHLY: 85.6 TOTAL FOR MONTH: 0.00 1 = FOG OR MIST
DPTR FM NORMAL: 4.0 DPTR FM NORMAL: -1.29 2 = FOG REDUCING VISIBILITY
HIGHEST: 110 ON 4 GRTST 24HR 0.00 ON 1- 1 TO 1/4 MILE OR LESS
LOWEST: 56 ON 10 3 = THUNDER
SNOW, ICE PELLETS, HAIL 4 = ICE PELLETS
TOTAL MONTH: 0.0 INCH 5 = HAIL
GRTST 24HR 0.0 6 = FREEZING RAIN OR DRIZZLE
GRTST DEPTH: M ON M 7 = DUSTSTORM OR SANDSTORM:
VSBY 1/2 MILE OR LESS
8 = SMOKE OR HAZE
[NO. OF DAYS WITH] [WEATHER - DAYS WITH] 9 = BLOWING SNOW
X = TORNADO
MAX 32 OR BELOW: 0 0.01 INCH OR MORE: 0
MAX 90 OR ABOVE: 30 0.10 INCH OR MORE: 0
MIN 32 OR BELOW: 0 0.50 INCH OR MORE: 0
MIN 0 OR BELOW: 0 1.00 INCH OR MORE: 0
[HDD (BASE 65) ]
TOTAL THIS MO. 0 CLEAR (SCALE 0-3) 24
DPTR FM NORMAL 0 PTCLDY (SCALE 4-7) 0
TOTAL FM JUL 1 0 CLOUDY (SCALE 8-10) 6
DPTR FM NORMAL 0
[CDD (BASE 65) ]
TOTAL THIS MO. 629
DPTR FM NORMAL 132 [PRESSURE DATA]
TOTAL FM JAN 1 3621 HIGHEST SLP 30.02 ON 15
DPTR FM NORMAL 714 LOWEST SLP 27.37 ON 5
[REMARKS]
#FINAL-09-20#