000
CXUS53 KAPX 010550
CLMTVC
CLIMATE REPORT
NATIONAL WEATHER SERVICE
1250 AM EST MON JAN 01 2024
...................................
...THE TRAVERSE CITY MI CLIMATE SUMMARY FOR THE MONTH OF DECEMBER 2023...
CLIMATE NORMAL PERIOD: 1991 TO 2020
CLIMATE RECORD PERIOD: 1896 TO 2023
WEATHER OBSERVED NORMAL DEPART LAST YEAR`S
VALUE DATE(S) VALUE FROM VALUE
NORMAL
..............................................................
TEMPERATURE (F)
HIGHEST 58 12/25 MM MM
LOWEST 23 12/01 MM MM
12/04
12/14
AVG. MAXIMUM 43.0 34.6 8.4
AVG. MINIMUM 32.4 23.5 8.9
MEAN 37.7 29.1 8.6
DAYS MAX >= 90 0 0.0 0.0
DAYS MAX <= 32 0 13.0 -13.0
DAYS MIN <= 32 19 26.5 -7.5
DAYS MIN <= 0 0 0.5 -0.5
PRECIPITATION (INCHES)
TOTALS 1.26 1.79 -0.53
DAYS >= .01 12 14.5 -2.5
DAYS >= .10 5 5.0 0.0
DAYS >= .50 0 1.0 -1.0
DAYS >= 1.00 0 0.2 -0.2
GREATEST
24 HR. TOTAL 0.55 12/27 TO 12/28
DEGREE DAYS
HEATING TOTAL 837 1114 -277
SINCE 7/1 2102 2576 -474
COOLING TOTAL 0 0 0
SINCE 1/1 596 535 61
..............................................................
WIND (MPH)
AVERAGE WIND SPEED 6.4
HIGHEST WIND SPEED/DIRECTION 32/340 DATE 12/18
HIGHEST GUST SPEED/DIRECTION 47/340 DATE 12/18
SKY COVER
AVERAGE SKY COVER 0.82
AVERAGE RH (PERCENT) 75
- INDICATES NEGATIVE NUMBERS.
R INDICATES RECORD WAS SET OR TIED.
MM INDICATES DATA IS MISSING.
T INDICATES TRACE AMOUNT.
$$