000
CXUS55 KREV 011636
CF6TVL
PRELIMINARY LOCAL CLIMATOLOGICAL DATA (WS FORM: F-6)
STATION: SOUTH LAKE TAHOE CA
MONTH: JUNE
YEAR: 2022
LATITUDE: 38 53 N
LONGITUDE: 119 60 W
TEMPERATURE IN F: :PCPN: SNOW: WIND :SUNSHINE: SKY :PK WND
================================================================================
1 2 3 4 5 6A 6B 7 8 9 10 11 12 13 14 15 16 17 18
12Z AVG MX 2MIN
DY MAX MIN AVG DEP HDD CDD WTR SNW DPTH SPD SPD DIR MIN PSBL S-S WX SPD DR
================================================================================
1 M M M M M M 0.00 M M M M M M M 0 M M
2 M M M M M M 0.00 M M M M M M M 0 M M
3 M M M M M M 0.00 M M M M M M M 0 M M
4 M M M M M M 0.00 M M M M M M M 0 M M
5 M M M M M M M M M M M M M M 0 M M
6 M M M M M M M M M M M M M M 0 M M
7 M M M M M M M M M M M M M M 0 M M
8 M M M M M M M M M M M M M M 0 M M
9 M M M M M M 0.00 M M M M M M M M M M
10 83 43 63 9 2 0 0.00 M M 4.2 22 190 M M 0 31 200
11 80 39 60 6 5 0 0.00 M M 8.1 23 190 M M 0 31 190
12 63 49 56 2 9 0 M M M 14.4 36 190 M M 7 1 50 190
13 61 38 50 -4 15 0 0.00 M M 5.7 20 180 M M 0 25 190
14 70 30 50 -5 15 0 0.00 M M 4.0 14 200 M M 0 20 210
15 80 34 57 2 8 0 0.00 M M 5.4 18 180 M M 0 26 200
16 75 53 64 9 1 0 0.00 M M 17.3 35 180 M M 0 58 170
17 57 39 48 -7 17 0 0.00 M M 14.2 25 190 M M 1 42 180
18 54 30 42 -14 23 0 T M M 6.2 18 190 M M 3 25 190
19 63 29 46 -10 19 0 0.00 M M 4.0 15 190 M M 2 24 190
20 68 32 50 -6 15 0 0.00 M M 3.6 13 30 M M 1 16 20
21 74 35 55 -1 10 0 0.00 M M 3.5 13 70 M M 0 18 50
22 79 37 58 1 7 0 0.00 M M 3.1 13 30 M M 0 17 20
23 75 46 61 4 4 0 0.04 M M 3.8 24 40 M M 4 32 40
24 79 38 59 2 6 0 0.00 M M 4.0 15 20 M M 0 20 20
25 78 41 60 3 5 0 T M M 3.7 18 160 M M 2 3 28 140
26 84 41 63 5 2 0 0.00 M M 3.5 15 30 M M 0 20 30
27 85 42 64 6 1 0 0.00 M M 5.0 20 190 M M 0 29 180
28 81 39 60 2 5 0 0.00 M M 5.5 18 190 M M 0 28 170
29 80 46 63 5 2 0 0.00 M M 6.5 21 180 M M 0 32 190
30 79 45 62 3 3 0 0.00 M M 6.5 20 200 M M 0 30 190
================================================================================
SM 1548 826 174 0 0.04 M 132.2 M 20
================================================================================
AV 73.7 39.3 6.3 FASTST M M 1 MAX(MPH)
MISC ----> 36 190 58 170
================================================================================
NOTES:
# LAST OF SEVERAL OCCURRENCES
COLUMN 17 PEAK WIND IN M.P.H.
PRELIMINARY LOCAL CLIMATOLOGICAL DATA (WS FORM: F-6) , PAGE 2
STATION: SOUTH LAKE TAHOE CA
MONTH: JUNE
YEAR: 2022
LATITUDE: 38 53 N
LONGITUDE: 119 60 W
[TEMPERATURE DATA] [PRECIPITATION DATA] SYMBOLS USED IN COLUMN 16
AVERAGE MONTHLY: 56.5 TOTAL FOR MONTH: 0.04 1 = FOG OR MIST
DPTR FM NORMAL: 1.4 DPTR FM NORMAL: -0.51 2 = FOG REDUCING VISIBILITY
HIGHEST: 85 ON 27 GRTST 24HR 0.04 ON 23-23 TO 1/4 MILE OR LESS
LOWEST: 29 ON 19 3 = THUNDER
SNOW, ICE PELLETS, HAIL 4 = ICE PELLETS
TOTAL MONTH: M 5 = HAIL
GRTST 24HR M ON M 6 = FREEZING RAIN OR DRIZZLE
GRTST DEPTH: M ON M 7 = DUSTSTORM OR SANDSTORM:
VSBY 1/2 MILE OR LESS
8 = SMOKE OR HAZE
[NO. OF DAYS WITH] [WEATHER - DAYS WITH] 9 = BLOWING SNOW
X = TORNADO
MAX 32 OR BELOW: 0 0.01 INCH OR MORE: 1
MAX 90 OR ABOVE: 0 0.10 INCH OR MORE: 0
MIN 32 OR BELOW: 4 0.50 INCH OR MORE: 0
MIN 0 OR BELOW: 0 1.00 INCH OR MORE: 0
[HDD (BASE 65) ]
TOTAL THIS MO. 174 CLEAR (SCALE 0-3) 26
DPTR FM NORMAL -127 PTCLDY (SCALE 4-7) 3
TOTAL FM JUL 1 7327 CLOUDY (SCALE 8-10) 1
DPTR FM NORMAL -271
[CDD (BASE 65) ]
TOTAL THIS MO. 0
DPTR FM NORMAL -2 [PRESSURE DATA]
TOTAL FM JAN 1 0 HIGHEST SLP 30.23 ON 27
DPTR FM NORMAL -2 LOWEST SLP 29.57 ON 17
[REMARKS]
#FINAL-06-22#