000
CXUS54 KJAN 091311
CF6TVR
PRELIMINARY LOCAL CLIMATOLOGICAL DATA (WS FORM: F-6)
STATION: VICKSBURG
MONTH: JUNE
YEAR: 2023
LATITUDE: 32 20 N
LONGITUDE: 91 2 W
TEMPERATURE IN F: :PCPN: SNOW: WIND :SUNSHINE: SKY :PK WND
================================================================================
1 2 3 4 5 6A 6B 7 8 9 10 11 12 13 14 15 16 17 18
12Z AVG MX 2MIN
DY MAX MIN AVG DEP HDD CDD WTR SNW DPTH SPD SPD DIR MIN PSBL S-S WX SPD DR
================================================================================
1 90 65 78 0 0 13 0.00 0.0 0 1.9 13 100 M M 1 17 90
2 91 71 81 3 0 16 0.00 0.0 0 1.4 10 10 M M 0 16 10
3 94 67 81 3 0 16 T 0.0 0 2.6 23 90 M M 1 13 34 100
4 94 66 80 1 0 15 0.00 0.0 0 1.8 7 70 M M 0 1 12 70
5 94 66 80 1 0 15 1.61 0.0 0 2.9 21 170 M M 1 13 29 190
6 88 67 78 -1 0 13 0.00 0.0 0 2.4 9 160 M M 1 3 12 160
7 91 67 79 0 0 14 0.00 0.0 0 1.6 9 10 M M 1 1 13 10
8 93 67 80 1 0 15 0.00 0.0 0 1.0 8 350 M M 0 1 11 360
9 93 69 81 1 0 16 0.00 0.0 0 2.2 10 360 M M 0 18 15 30
10 93 68 81 1 0 16 0.01 0.0 0 3.9 17 170 M M 1 13 30 340
11 91 66 79 -1 0 14 0.00 0.0 0 2.7 7 220 M M 1 1 15 230
12 85 69 77 -3 0 12 0.26 0.0 0 3.5 15 20 M M 4 13 20 360
13 81 69 75 -5 0 10 0.10 0.0 0 3.8 16 160 M M 4 13 23 160
14 92 72 82 2 0 17 0.36 0.0 0 3.7 22 140 M M 5 13 27 140
15 92 73 83 3 0 18 0.06 0.0 0 2.7 13 180 M M 4 13 18 170
16 92 69 81 0 0 16 0.75 0.0 0 M 20 270 M M 2 13 60 270
17 93 72 83 2 0 18 0.00 0.0 0 0.0 M M M M 0 M M
18 89 68 79 -2 0 14 0.68 0.0 0 M M M M M M M M
19 93 73 83 2 0 18 0.00 0.0 0 M M M M M M M M
20 93 71 82 1 0 17 0.00 0.0 0 4.8 13 10 M M 0 17 M
21 90 70 80 -1 0 15 0.00 0.0 0 5.4 16 20 M M 0 1 22 20
22 89 71 80 -1 0 15 0.00 0.0 0 2.9 13 30 M M 1 18 30
23 92 66 79 -3 0 14 0.00 0.0 0 1.9 9 130 M M 0 1 13 140
24 94 66 80 -2 0 15 0.00 0.0 0 3.1 9 170 M M 1 1 13 160
25 95 73 84 2 0 19 T 0.0 0 5.9 35 20 M M 2 13 46 20
26 92 72 82 0 0 17 T 0.0 0 2.7 21 10 M M 2 13 31 10
27 91 71 81 -1 0 16 4.03 0.0 0 3.0 26 360 M M 3 123 48 350
28 95 70 83 1 0 18 0.00 0.0 0 2.1 12 170 M M 1 1 15 180
29 96 77 87 5 0 22 T 0.0 0 0.7 8 180 M M 1 1 11 180
30 98 79 89 7 0 24 0.00 0.0 0 1.4 7 260 M M 1 1 13 330
================================================================================
SM 2754 2090 0 478 7.86 0.0 72.0 M 38
================================================================================
AV 91.8 69.7 2.7 FASTST M M 1 MAX(MPH)
MISC ----> 35 20 60 270
================================================================================
NOTES:
# LAST OF SEVERAL OCCURRENCES
COLUMN 17 PEAK WIND IN M.P.H.
PRELIMINARY LOCAL CLIMATOLOGICAL DATA (WS FORM: F-6) , PAGE 2
STATION: VICKSBURG
MONTH: JUNE
YEAR: 2023
LATITUDE: 32 20 N
LONGITUDE: 91 2 W
[TEMPERATURE DATA] [PRECIPITATION DATA] SYMBOLS USED IN COLUMN 16
AVERAGE MONTHLY: 80.7 TOTAL FOR MONTH: 7.86 1 = FOG OR MIST
DPTR FM NORMAL: 0.3 DPTR FM NORMAL: 4.12 2 = FOG REDUCING VISIBILITY
HIGHEST: 98 ON 30 GRTST 24HR 4.03 ON 27-27 TO 1/4 MILE OR LESS
LOWEST: 65 ON 1 3 = THUNDER
SNOW, ICE PELLETS, HAIL 4 = ICE PELLETS
TOTAL MONTH: 0.0 INCH 5 = HAIL
GRTST 24HR 0.0 6 = FREEZING RAIN OR DRIZZLE
GRTST DEPTH: 0 7 = DUSTSTORM OR SANDSTORM:
VSBY 1/2 MILE OR LESS
8 = SMOKE OR HAZE
[NO. OF DAYS WITH] [WEATHER - DAYS WITH] 9 = BLOWING SNOW
X = TORNADO
MAX 32 OR BELOW: 0 0.01 INCH OR MORE: 9
MAX 90 OR ABOVE: 25 0.10 INCH OR MORE: 7
MIN 32 OR BELOW: 0 0.50 INCH OR MORE: 4
MIN 0 OR BELOW: 0 1.00 INCH OR MORE: 2
[HDD (BASE 65) ]
TOTAL THIS MO. 0 CLEAR (SCALE 0-3) 23
DPTR FM NORMAL 0 PTCLDY (SCALE 4-7) 5
TOTAL FM JUL 1 1628 CLOUDY (SCALE 8-10) 2
DPTR FM NORMAL -474
[CDD (BASE 65) ]
TOTAL THIS MO. 478
DPTR FM NORMAL 16 [PRESSURE DATA]
TOTAL FM JAN 1 1017 HIGHEST SLP 30.08 ON 27
DPTR FM NORMAL 103 LOWEST SLP 29.67 ON 14
[REMARKS]
#FINAL-06-23#