000
CXUS54 KSHV 011400
CF6TYR
PRELIMINARY LOCAL CLIMATOLOGICAL DATA (WS FORM: F-6)
STATION: TYLER
MONTH: JANUARY
YEAR: 2023
LATITUDE: 32 22 N
LONGITUDE: 95 24 W
TEMPERATURE IN F: :PCPN: SNOW: WIND :SUNSHINE: SKY :PK WND
================================================================================
1 2 3 4 5 6A 6B 7 8 9 10 11 12 13 14 15 16 17 18
12Z AVG MX 2MIN
DY MAX MIN AVG DEP HDD CDD WTR SNW DPTH SPD SPD DIR MIN PSBL S-S WX SPD DR
================================================================================
1 74 56 65 18 0 0 0.00 0.0 0 12.8 20 190 M M 2 18 28 190
2 76 68 72 25 0 7 0.15 0.0 0 13.0 35 160 M M 9 138 49 160
3 72 55 64 17 1 0 0.06 0.0 0 5.9 15 310 M M 3 13 22 240
4 61 40 51 4 14 0 0.00 0.0 0 3.7 13 310 M M 0 16 310
5 64 35 50 3 15 0 0.00 0.0 0 2.5 10 330 M M 0 16 320
6 73 42 58 11 7 0 0.00 0.0 0 10.4 22 190 M M 1 29 190
7 72 56 64 17 1 0 0.00 0.0 0 9.5 17 320 M M 9 8 28 220
8 75 46 61 14 4 0 0.00 0.0 0 4.4 15 350 M M 1 23 340
9 M M M M M M 0.00 0.0 0 7.2 17 170 M M 0 18 22 170
10 74 49 62 15 3 0 0.00 0.0 0 12.1 20 200 M M 2 18 27 190
11 79 58 69 22 0 4 0.00 0.0 0 13.3 22 180 M M 0 1 29 190
12 69 41 55 8 10 0 0.00 0.0 0 14.1 28 330 M M 1 38 340
13 59 36 48 1 17 0 0.00 0.0 0 7.1 17 350 M M 0 23 320
14 61 35 48 1 17 0 0.00 0.0 0 7.5 16 150 M M 0 24 150
15 71 44 58 11 7 0 0.00 0.0 0 14.6 26 180 M M 4 36 200
16 77 61 69 22 0 4 0.00 0.0 0 12.7 20 210 M M 3 18 28 200
17 78 56 67 19 0 2 0.00 0.0 0 8.3 15 140 M M 3 12 23 190
18 72 59 66 18 0 1 0.19 0.0 0 8.5 26 330 M M 5 18 35 320
19 62 39 51 3 14 0 0.00 0.0 0 7.1 18 310 M M 0 24 310
20 59 37 48 0 17 0 0.00 0.0 0 6.7 16 60 M M 3 8 21 60
21 53 46 50 2 15 0 0.09 0.0 0 6.5 15 120 M M 9 1 19 120
22 53 34 44 -4 21 0 0.00 0.0 0 8.5 21 320 M M 3 1 27 310
23 56 30 43 -5 22 0 0.00 0.0 0 4.7 14 70 M M 1 8 19 80
24 47 37 42 -6 23 0 1.41 0.0 0 10.7 23 290 M M 9 13 34 290
25 46 35 41 -7 24 0 0.00 0.0 0 10.2 21 310 M M 9 28 320
26 53 29 41 -7 24 0 0.00 0.0 0 5.4 14 300 M M 0 1 19 330
27 60 30 45 -3 20 0 0.00 0.0 0 9.8 18 210 M M 0 26 190
28 65 47 56 8 9 0 0.53 0.0 0 9.5 21 200 M M 10 1 29 200
29 67 34 51 2 14 0 0.72 0.0 0 8.9 21 320 M M 10 123 27 330
30 34 31 33 -16 32 0 0.21 0.0 0 10.2 17 350 M M 10 16 23 340
31 33 30 32 -17 33 0 0.47 T 0 9.4 17 340 M M 10 146 25 320
================================================================================
SM 1895 1296 364 18 3.83 T 275.2 M 117
================================================================================
AV 63.2 43.2 8.9 FASTST M M 4 MAX(MPH)
MISC ----> 35 160 49 160
================================================================================
NOTES:
# LAST OF SEVERAL OCCURRENCES
COLUMN 17 PEAK WIND IN M.P.H.
PRELIMINARY LOCAL CLIMATOLOGICAL DATA (WS FORM: F-6) , PAGE 2
STATION: TYLER
MONTH: JANUARY
YEAR: 2023
LATITUDE: 32 22 N
LONGITUDE: 95 24 W
[TEMPERATURE DATA] [PRECIPITATION DATA] SYMBOLS USED IN COLUMN 16
AVERAGE MONTHLY: 53.2 TOTAL FOR MONTH: 3.83 1 = FOG OR MIST
DPTR FM NORMAL: 5.6 DPTR FM NORMAL: 0.44 2 = FOG REDUCING VISIBILITY
HIGHEST: 79 ON 11 GRTST 24HR 2.73 ON 24-24 TO 1/4 MILE OR LESS
LOWEST: 29 ON 26 3 = THUNDER
SNOW, ICE PELLETS, HAIL 4 = ICE PELLETS
TOTAL MONTH: T 5 = HAIL
GRTST 24HR T ON 31-31 6 = FREEZING RAIN OR DRIZZLE
GRTST DEPTH: 0 7 = DUSTSTORM OR SANDSTORM:
VSBY 1/2 MILE OR LESS
8 = SMOKE OR HAZE
[NO. OF DAYS WITH] [WEATHER - DAYS WITH] 9 = BLOWING SNOW
X = TORNADO
MAX 32 OR BELOW: 0 0.01 INCH OR MORE: 9
MAX 90 OR ABOVE: 0 0.10 INCH OR MORE: 7
MIN 32 OR BELOW: 5 0.50 INCH OR MORE: 3
MIN 0 OR BELOW: 0 1.00 INCH OR MORE: 1
[HDD (BASE 65) ]
TOTAL THIS MO. 364 CLEAR (SCALE 0-3) 19
DPTR FM NORMAL -179 PTCLDY (SCALE 4-7) 3
TOTAL FM JUL 1 1172 CLOUDY (SCALE 8-10) 9
DPTR FM NORMAL -200
[CDD (BASE 65) ]
TOTAL THIS MO. 18
DPTR FM NORMAL 13 [PRESSURE DATA]
TOTAL FM JAN 1 18 HIGHEST SLP 30.43 ON 26
DPTR FM NORMAL 13 LOWEST SLP 29.65 ON 2
[REMARKS]
#FINAL-01-23#