000
CXUS54 KSHV 011300
CF6TYR
PRELIMINARY LOCAL CLIMATOLOGICAL DATA (WS FORM: F-6)
STATION: TYLER
MONTH: MARCH
YEAR: 2021
LATITUDE: 32 22 N
LONGITUDE: 95 24 W
TEMPERATURE IN F: :PCPN: SNOW: WIND :SUNSHINE: SKY :PK WND
================================================================================
1 2 3 4 5 6A 6B 7 8 9 10 11 12 13 14 15 16 17 18
12Z AVG MX 2MIN
DY MAX MIN AVG DEP HDD CDD WTR SNW DPTH SPD SPD DIR MIN PSBL S-S WX SPD DR
================================================================================
1 52 47 50 -4 15 0 0.45 0.0 0 10.6 20 10 M M 10 138 25 20
2 63 43 53 -1 12 0 T 0.0 0 6.1 14 360 M M 3 19 80
3 67 37 52 -2 13 0 0.00 0.0 0 4.9 10 210 M M 0 13 210
4 73 41 57 3 8 0 0.00 0.0 0 6.6 15 150 M M 0 19 160
5 57 49 53 -2 12 0 0.07 0.0 0 8.9 17 110 M M 8 1 23 40
6 65 41 53 -2 12 0 0.00 0.0 0 7.3 16 40 M M 0 21 70
7 68 39 54 -1 11 0 0.00 0.0 0 7.1 16 120 M M 0 21 130
8 72 41 57 2 8 0 0.00 0.0 0 8.7 17 170 M M 0 25 160
9 72 53 63 7 2 0 T 0.0 0 13.1 22 160 M M 6 29 170
10 79 61 70 14 0 5 0.00 0.0 0 17.4 29 190 M M 6 38 200
11 80 67 74 18 0 9 0.01 0.0 0 14.8 29 200 M M 8 38 210
12 79 66 73 17 0 8 T 0.0 0 10.1 18 170 M M 8 22 160
13 81 63 72 16 0 7 0.00 0.0 0 12.4 23 170 M M 7 29 180
14 69 46 58 2 7 0 0.27 0.0 0 8.9 23 310 M M 8 13 28 300
15 82 45 64 7 1 0 0.00 0.0 0 8.1 21 260 M M 2 128 27 280
16 83 56 70 13 0 5 0.00 0.0 0 9.3 23 150 M M 5 18 30 140
17 73 48 61 4 4 0 0.61 0.0 0 16.4 28 260 M M 5 138 39 250
18 59 46 53 -4 12 0 0.00 0.0 0 14.2 25 320 M M 7 34 310
19 58 42 50 -8 15 0 0.00 0.0 0 6.3 15 10 M M 5 19 360
20 66 39 53 -5 12 0 0.00 0.0 0 6.2 20 120 M M 0 24 120
21 71 42 57 -1 8 0 0.00 0.0 0 9.7 17 130 M M 0 25 130
22 68 51 60 2 5 0 0.28 0.0 0 11.4 22 160 M M 5 13 28 130
23 74 53 64 6 1 0 0.12 0.0 0 8.0 25 200 M M 1 13 29 190
24 80 48 64 6 1 0 0.00 0.0 0 8.9 23 150 M M 4 1 30 140
25 70 51 61 2 4 0 0.03 0.0 0 7.4 22 310 M M 4 1 26 280
26 81 47 64 5 1 0 0.00 0.0 0 7.7 17 150 M M 0 25 140
27 79 61 70 11 0 5 T 0.0 0 6.3 21 340 M M 9 18 26 320
28 72 48 60 1 5 0 0.00 0.0 0 10.0 22 360 M M 1 30 340
29 76 41 59 -1 6 0 0.00 0.0 0 7.2 13 160 M M 0 8 18 150
30 81 57 69 9 0 4 T 0.0 0 10.4 24 210 M M 8 18 29 210
31 72 43 58 -2 7 0 T 0.0 0 11.0 29 40 M M 6 39 40
================================================================================
SM 2222 1512 182 43 1.84 0.0 295.4 M 126
================================================================================
AV 71.7 48.8 9.5 FASTST M M 4 MAX(MPH)
MISC ----> # 29 190 # 39 250
================================================================================
NOTES:
# LAST OF SEVERAL OCCURRENCES
COLUMN 17 PEAK WIND IN M.P.H.
PRELIMINARY LOCAL CLIMATOLOGICAL DATA (WS FORM: F-6) , PAGE 2
STATION: TYLER
MONTH: MARCH
YEAR: 2021
LATITUDE: 32 22 N
LONGITUDE: 95 24 W
[TEMPERATURE DATA] [PRECIPITATION DATA] SYMBOLS USED IN COLUMN 16
AVERAGE MONTHLY: 60.2 TOTAL FOR MONTH: 1.84 1 = FOG OR MIST
DPTR FM NORMAL: 3.3 DPTR FM NORMAL: -2.28 2 = FOG REDUCING VISIBILITY
HIGHEST: 83 ON 16 GRTST 24HR 0.95 ON 28- 1 TO 1/4 MILE OR LESS
LOWEST: 37 ON 3 3 = THUNDER
SNOW, ICE PELLETS, HAIL 4 = ICE PELLETS
TOTAL MONTH: 0.0 INCH 5 = HAIL
GRTST 24HR 0.0 6 = FREEZING RAIN OR DRIZZLE
GRTST DEPTH: 0 7 = DUSTSTORM OR SANDSTORM:
VSBY 1/2 MILE OR LESS
8 = SMOKE OR HAZE
[NO. OF DAYS WITH] [WEATHER - DAYS WITH] 9 = BLOWING SNOW
X = TORNADO
MAX 32 OR BELOW: 0 0.01 INCH OR MORE: 8
MAX 90 OR ABOVE: 0 0.10 INCH OR MORE: 5
MIN 32 OR BELOW: 0 0.50 INCH OR MORE: 1
MIN 0 OR BELOW: 0 1.00 INCH OR MORE: 0
[HDD (BASE 65) ]
TOTAL THIS MO. 182 CLEAR (SCALE 0-3) 12
DPTR FM NORMAL -91 PTCLDY (SCALE 4-7) 15
TOTAL FM JUL 1 2013 CLOUDY (SCALE 8-10) 4
DPTR FM NORMAL -151
[CDD (BASE 65) ]
TOTAL THIS MO. 43
DPTR FM NORMAL 22 [PRESSURE DATA]
TOTAL FM JAN 1 46 HIGHEST SLP 30.47 ON 8
DPTR FM NORMAL 13 LOWEST SLP 29.58 ON 17
[REMARKS]
#FINAL-03-21#