000
CXUS54 KMRX 032302
CLMTYS
CLIMATE REPORT
NATIONAL WEATHER SERVICE MORRISTOWN, TN
702 PM EDT WED APR 03 2024
...................................
...THE KNOXVILLE MCGHEE TYSON AIRPORT CLIMATE SUMMARY FOR THE MONTH OF MARCH 2024...
CLIMATE NORMAL PERIOD: 1991 TO 2020
CLIMATE RECORD PERIOD: 1871 TO 2024
WEATHER OBSERVED NORMAL DEPART
VALUE DATE(S) VALUE FROM
NORMAL
................................................
TEMPERATURE (F)
HIGHEST 79 03/14
LOWEST 26 03/19
AVG. MAXIMUM 65.7 61.4 4.3
AVG. MINIMUM 43.3 39.8 3.5
MEAN 54.5 50.6 3.9
DAYS MAX >= 90 0
DAYS MAX <= 32 0
DAYS MIN <= 32 3
DAYS MIN <= 0 0
PRECIPITATION (INCHES)
RECORD
MAXIMUM 13.35 1917
MINIMUM 0.72 1910
TOTALS 5.01 4.89 0.12
DAYS >= .01 10
DAYS >= .10 9
DAYS >= .50 4
DAYS >= 1.00 1
GREATEST
24 HR. TOTAL 1.32 03/15 TO 03/15
SNOWFALL (INCHES)
TOTALS 0.0 0.9 -0.9
SINCE 7/1 8.5
SNOWDEPTH AVG. 0
DAYS >= TRACE 0
GREATEST
SNOW DEPTH 0
DEGREE DAYS
HEATING TOTAL 320 452 -132
SINCE 7/1 2822 3275 -453
COOLING TOTAL 0 5 -5
SINCE 1/1 1 5 -4
................................................
WEATHER CONDITIONS. NUMBER OF DAYS WITH
THUNDERSTORM 2 RAIN 7
SNOW 0 FOG 13
FOG W/VIS <= 1/4 MILE 7
- INDICATES NEGATIVE NUMBERS.
R INDICATES RECORD WAS SET OR TIED.
MM INDICATES DATA IS MISSING.
T INDICATES TRACE AMOUNT.
$$