000
CXUS53 KLSX 030042 CCB
CF6UIN

PRELIMINARY LOCAL CLIMATOLOGICAL DATA (WS FORM: F-6)

                                          STATION:   QUINCY IL
                                          MONTH:     FEBRUARY
                                          YEAR:      2018
                                          LATITUDE:   39 57 N
                                          LONGITUDE:  91 12 W

  TEMPERATURE IN F:       :PCPN:    SNOW:  WIND      :SUNSHINE: SKY     :PK WND
================================================================================
1   2   3   4   5  6A  6B    7    8   9   10  11  12  13   14  15   16   17  18
                                     12Z  AVG MX 2MIN
DY MAX MIN AVG DEP HDD CDD  WTR  SNW DPTH SPD SPD DIR MIN PSBL S-S WX    SPD DR
================================================================================

 1  37  12  25  -2  40   0 0.00  0.0    0 15.0 28 340   M    M   2        33 340
 2  27   5  16 -12  49   0 0.00  0.0    0  7.3 14 180   M    M   3        18 180
 3  47  23  35   7  30   0    T    M    0 14.0 25 200   M    M   8 8      33 190
 4  38   5  22  -6  43   0    T    M    0 15.9 29 320   M    M   6 1      35 320
 5  21   1  11 -17  54   0 0.03    M    M  6.2 14 140   M    M   5 18     17 140
 6  18   3  11 -17  54   0 0.00  0.0    M  6.6 15  20   M    M   3 1      17  20
 7  23   7  15 -14  50   0    T    M    M  7.6 18 300   M    M   5 18     21 300
 8  43  17  30   1  35   0    T    M    M  8.1 15 190   M    M   6        20 190
 9  40  20  30   1  35   0    T    M    M 12.8 21  20   M    M   5 18     24  10
10  22  14  18 -11  47   0 0.05    M    M 14.7 22  10   M    M  10 168    26  20
11  24  12  18 -12  47   0    T    M    M  9.2 17 340   M    M   5 169    21 330
12  29   6  18 -12  47   0 0.00  0.0    M  8.8 16  40   M    M   0        18  40
13  40  16  28  -2  37   0 0.00  0.0    M  8.2 14 130   M    M   4        17 160
14  57  33  45  15  20   0 0.00  0.0    0  8.8 17 200   M    M   4 1      22 220
15  66  36  51  20  14   0 0.01  0.0    0  9.2 25 340   M    M   6 12     33 340
16  36  20  28  -3  37   0 0.00  0.0    0 12.6 24 320   M    M   3        31 330
17  43  23  33   2  32   0 0.06    M    0  9.0 18 290   M    M   5 18     23 280
18  50  26  38   6  27   0 0.00  0.0    0 13.2 25 160   M    M   1        33 160
19  64  45  55  23  10   0 1.08  0.0    0 12.4 22 190   M    M  10 138    29 180
20  62  26  44  12  21   0 1.07    M    0 11.6 32 300   M    M  10 136    45 290
21  29  21  25  -8  40   0 0.00  0.0    0 13.0 20 330   M    M   4        23 330
22  38  28  33   0  32   0    T  0.0    0  8.9 16  50   M    M  10 126    19  30
23  39  33  36   2  29   0 0.13  0.0    0  6.5 16 280   M    M   9 1      19 280
24  47  33  40   6  25   0 0.36  0.0    0 12.2 29 270   M    M  10 1      36 270
25  49  30  40   6  25   0 0.00  0.0    0 10.1 26 270   M    M   2        34 250
26  59  29  44   9  21   0 0.00  0.0    0  7.6 14 190   M    M   2        19 200
27  68  37  53  18  12   0 0.00  0.0    0 12.7 24 180   M    M   2        31 180
28  59  50  55  19  10   0 0.04  0.0    0  6.8 23 230   M    M  10 1      30 210
================================================================================
SM 1175  611       923   0  2.83     M   289.0          M      150
================================================================================
AV 42.0 21.8                              10.3 FASTST   M    M   5    MAX(MPH)
                                 MISC ---->  # 32 300               # 45  290
================================================================================
NOTES:
# LAST OF SEVERAL OCCURRENCES

COLUMN 17 PEAK WIND IN M.P.H.

PRELIMINARY LOCAL CLIMATOLOGICAL DATA (WS FORM: F-6) , PAGE 2

                                          STATION:  QUINCY IL
                                          MONTH:    FEBRUARY
                                          YEAR:     2018
                                          LATITUDE:   39 57 N
                                          LONGITUDE:  91 12 W

[TEMPERATURE DATA]      [PRECIPITATION DATA]       SYMBOLS USED IN COLUMN 16

AVERAGE MONTHLY: 31.9   TOTAL FOR MONTH:   2.83    1 = FOG OR MIST
DPTR FM NORMAL:   1.0   DPTR FM NORMAL:    0.95    2 = FOG REDUCING VISIBILITY
HIGHEST:    68 ON 27    GRTST 24HR  1.08 ON 19         TO 1/4 MILE OR LESS
LOWEST:      1 ON  5                               3 = THUNDER
                        SNOW, ICE PELLETS, HAIL    4 = ICE PELLETS
                        TOTAL MONTH:   M           5 = HAIL
                        GRTST 24HR     M           6 = FREEZING RAIN OR DRIZZLE
                        GRTST DEPTH:   M           7 = DUSTSTORM OR SANDSTORM:
                                                       VSBY 1/2 MILE OR LESS
                                                   8 = SMOKE OR HAZE
[NO. OF DAYS WITH]      [WEATHER - DAYS WITH]      9 = BLOWING SNOW
                                                   X = TORNADO
MAX 32 OR BELOW:   8    0.01 INCH OR MORE:   9
MAX 90 OR ABOVE:   0    0.10 INCH OR MORE:   4
MIN 32 OR BELOW:  21    0.50 INCH OR MORE:   2
MIN  0 OR BELOW:   0    1.00 INCH OR MORE:   2

[HDD (BASE 65) ]
TOTAL THIS MO.   923    CLEAR  (SCALE 0-3)   9
DPTR FM NORMAL   -33    PTCLDY (SCALE 4-7)  11
TOTAL FM JUL 1  4167    CLOUDY (SCALE 8-10)  8
DPTR FM NORMAL  -175

[CDD (BASE 65) ]
TOTAL THIS MO.     0
DPTR FM NORMAL     0    [PRESSURE DATA]
TOTAL FM JAN 1     0    HIGHEST SLP 30.74 ON 12
DPTR FM NORMAL     0    LOWEST  SLP 29.57 ON 24

[REMARKS]
#FINAL-02-18#
