000
CXUS53 KLSX 011400
CF6UIN
PRELIMINARY LOCAL CLIMATOLOGICAL DATA (WS FORM: F-6)
STATION: QUINCY IL
MONTH: APRIL
YEAR: 2020
LATITUDE: 39 57 N
LONGITUDE: 91 12 W
TEMPERATURE IN F: :PCPN: SNOW: WIND :SUNSHINE: SKY :PK WND
================================================================================
1 2 3 4 5 6A 6B 7 8 9 10 11 12 13 14 15 16 17 18
12Z AVG MX 2MIN
DY MAX MIN AVG DEP HDD CDD WTR SNW DPTH SPD SPD DIR MIN PSBL S-S WX SPD DR
================================================================================
1 59 34 47 -1 18 0 0.00 0.0 0 7.9 13 120 M M 1 1 19 130
2 64 44 54 5 11 0 0.02 0.0 0 12.9 22 120 M M 3 28 130
3 64 33 49 0 16 0 0.05 0.0 0 13.0 23 320 M M 10 1 29 320
4 49 30 40 -9 25 0 0.04 0.0 0 8.7 18 340 M M 7 1 24 340
5 60 32 46 -4 19 0 0.00 0.0 0 6.6 15 100 M M 3 1 20 80
6 67 44 56 6 9 0 0.01 0.0 0 8.5 20 200 M M 9 18 24 200
7 79 60 70 20 0 5 0.00 0.0 0 11.3 21 230 M M 5 30 230
8 84 48 66 15 0 1 0.17 0.0 0 12.0 45 300 M M 1 138 60 300
9 56 34 45 -6 20 0 T 0.0 0 17.0 36 320 M M 2 50 330
10 55 28 42 -9 23 0 0.00 0.0 0 7.2 15 240 M M 2 22 240
11 63 45 54 2 11 0 0.01 0.0 0 10.1 23 200 M M 7 30 200
12 66 35 51 -1 14 0 0.50 0.0 0 13.9 33 320 M M 8 13 46 320
13 44 30 37 -15 28 0 0.00 0.0 0 17.1 33 320 M M 3 47 330
14 48 28 38 -15 27 0 0.00 0.0 0 10.2 25 290 M M 2 33 290
15 46 29 38 -15 27 0 T M 0 9.5 20 360 M M 5 1 28 360
16 42 29 36 -18 29 0 0.51 M M 10.6 20 80 M M 9 1 25 80
17 42 31 37 -17 28 0 0.14 0.0 0 11.3 21 20 M M 7 1 26 360
18 60 30 45 -9 20 0 0.00 0.0 0 11.5 23 210 M M 0 32 180
19 65 43 54 -1 11 0 0.00 0.0 0 9.7 20 20 M M 1 8 25 20
20 67 38 53 -2 12 0 0.00 0.0 0 9.6 22 250 M M 3 30 270
21 60 40 50 -5 15 0 0.00 0.0 0 9.3 21 310 M M 0 28 310
22 76 46 61 5 4 0 0.26 0.0 0 12.9 24 210 M M 3 1 34 210
23 67 51 59 3 6 0 0.47 0.0 0 5.7 32 10 M M 8 13 41 10
24 69 47 58 2 7 0 0.33 0.0 0 6.6 18 70 M M 6 13 26 60
25 53 40 47 -9 18 0 0.97 0.0 0 16.3 29 10 M M 9 1 40 10
26 67 38 53 -4 12 0 0.00 0.0 0 5.8 13 310 M M 0 15 320
27 73 48 61 4 4 0 T M M 12.9 26 210 M M 4 35 240
28 79 53 66 9 0 1 0.75 M M 10.9 23 330 M M 3 123 31 310
29 53 48 51 -7 14 0 0.13 M M 13.8 23 320 M M 8 18 31 300
30 68 44 56 -2 9 0 0.00 M M 10.9 24 320 M M 0 8 31 330
================================================================================
SM 1845 1180 437 7 4.36 0.0 323.7 M 129
================================================================================
AV 61.5 39.3 10.8 FASTST M M 4 MAX(MPH)
MISC ----> 45 300 60 300
================================================================================
NOTES:
# LAST OF SEVERAL OCCURRENCES
COLUMN 17 PEAK WIND IN M.P.H.
PRELIMINARY LOCAL CLIMATOLOGICAL DATA (WS FORM: F-6) , PAGE 2
STATION: QUINCY IL
MONTH: APRIL
YEAR: 2020
LATITUDE: 39 57 N
LONGITUDE: 91 12 W
[TEMPERATURE DATA] [PRECIPITATION DATA] SYMBOLS USED IN COLUMN 16
AVERAGE MONTHLY: 50.4 TOTAL FOR MONTH: 4.36 1 = FOG OR MIST
DPTR FM NORMAL: -2.8 DPTR FM NORMAL: 0.67 2 = FOG REDUCING VISIBILITY
HIGHEST: 84 ON 8 GRTST 24HR 1.30 ON 24-25 TO 1/4 MILE OR LESS
LOWEST: 28 ON 14,10 3 = THUNDER
SNOW, ICE PELLETS, HAIL 4 = ICE PELLETS
TOTAL MONTH: 0.0 INCH 5 = HAIL
GRTST 24HR 0.0 6 = FREEZING RAIN OR DRIZZLE
GRTST DEPTH: 0 7 = DUSTSTORM OR SANDSTORM:
VSBY 1/2 MILE OR LESS
8 = SMOKE OR HAZE
[NO. OF DAYS WITH] [WEATHER - DAYS WITH] 9 = BLOWING SNOW
X = TORNADO
MAX 32 OR BELOW: 0 0.01 INCH OR MORE: 15
MAX 90 OR ABOVE: 0 0.10 INCH OR MORE: 10
MIN 32 OR BELOW: 9 0.50 INCH OR MORE: 4
MIN 0 OR BELOW: 0 1.00 INCH OR MORE: 0
[HDD (BASE 65) ]
TOTAL THIS MO. 437 CLEAR (SCALE 0-3) 13
DPTR FM NORMAL 67 PTCLDY (SCALE 4-7) 13
TOTAL FM JUL 1 5180 CLOUDY (SCALE 8-10) 4
DPTR FM NORMAL -250
[CDD (BASE 65) ]
TOTAL THIS MO. 7
DPTR FM NORMAL -9 [PRESSURE DATA]
TOTAL FM JAN 1 7 HIGHEST SLP 30.39 ON 16
DPTR FM NORMAL -11 LOWEST SLP 29.42 ON 12
[REMARKS]
#FINAL-04-20#