000
CXUS53 KLSX 011500
CF6UIN
PRELIMINARY LOCAL CLIMATOLOGICAL DATA (WS FORM: F-6)
STATION: QUINCY IL
MONTH: FEBRUARY
YEAR: 2024
LATITUDE: 39 57 N
LONGITUDE: 91 12 W
TEMPERATURE IN F: :PCPN: SNOW: WIND :SUNSHINE: SKY :PK WND
================================================================================
1 2 3 4 5 6A 6B 7 8 9 10 11 12 13 14 15 16 17 18
12Z AVG MX 2MIN
DY MAX MIN AVG DEP HDD CDD WTR SNW DPTH SPD SPD DIR MIN PSBL S-S WX SPD DR
================================================================================
1 63 40 52 25 13 0 0.00 0.0 0 8.1 16 230 M M 0 22 230
2 51 36 44 16 21 0 0.00 0.0 0 11.3 20 110 M M 5 12 28 100
3 52 33 43 15 22 0 0.00 0.0 0 11.6 17 100 M M 0 24 110
4 49 31 40 12 25 0 0.00 0.0 0 11.6 18 40 M M 0 1 23 40
5 53 28 41 13 24 0 0.00 0.0 0 7.6 13 40 M M 0 1 16 350
6 55 29 42 14 23 0 0.00 0.0 0 5.8 13 130 M M 0 15 120
7 55 36 46 17 19 0 0.00 0.0 0 9.9 18 170 M M 0 18 30 150
8 69 44 57 28 8 0 0.00 0.0 0 16.5 32 210 M M 1 53 200
9 63 37 50 21 15 0 0.00 0.0 0 7.2 15 360 M M 0 19 360
10 45 29 37 7 28 0 0.00 0.0 0 7.9 18 340 M M 0 24 340
11 45 26 36 6 29 0 0.00 0.0 0 7.7 15 20 M M 0 17 20
12 48 24 36 6 29 0 0.00 0.0 0 5.0 13 310 M M 1 16 330
13 57 26 42 12 23 0 0.00 0.0 0 6.3 14 60 M M 5 20 60
14 56 28 42 11 23 0 0.00 0.0 0 8.7 15 170 M M 2 23 160
15 51 30 41 10 24 0 0.02 M M 13.0 28 320 M M 4 36 330
16 35 20 28 -4 37 0 0.05 M M 14.4 25 330 M M 9 128 34 330
17 24 7 16 -16 49 0 0.00 M M 12.1 28 330 M M 0 37 330
18 42 23 33 1 32 0 0.00 0.0 M 9.7 17 240 M M 0 25 230
19 54 24 39 7 26 0 0.00 0.0 M 6.8 14 190 M M 0 20 190
20 63 32 48 15 17 0 0.00 0.0 0 8.4 20 200 M M 0 27 210
21 71 40 56 23 9 0 0.00 0.0 0 7.6 16 210 M M 0 22 220
22 66 44 55 21 10 0 0.00 0.0 0 9.2 17 360 M M 2 23 350
23 61 33 47 13 18 0 0.00 0.0 0 13.8 26 300 M M 2 35 320
24 44 25 35 1 30 0 0.00 0.0 0 8.5 21 20 M M 2 28 10
25 69 36 53 18 12 0 0.00 M M 8.0 16 210 M M 0 21 220
26 78 36 57 22 8 0 0.00 M M 10.4 24 180 M M 0 36 180
27 80 28 54 18 11 0 T M M 12.6 33 310 M M 1 45 310
28 34 17 26 -10 39 0 T M M 16.4 31 310 M M 2 42 330
29 52 21 37 1 28 0 0.00 0.0 M 9.8 20 190 M M 0 26 190
================================================================================
SM 1585 863 652 0 0.07 0.0 285.9 M 36
================================================================================
AV 54.7 29.8 9.9 FASTST M M 1 MAX(MPH)
MISC ----> 33 310 53 200
================================================================================
NOTES:
# LAST OF SEVERAL OCCURRENCES
COLUMN 17 PEAK WIND IN M.P.H.
PRELIMINARY LOCAL CLIMATOLOGICAL DATA (WS FORM: F-6) , PAGE 2
STATION: QUINCY IL
MONTH: FEBRUARY
YEAR: 2024
LATITUDE: 39 57 N
LONGITUDE: 91 12 W
[TEMPERATURE DATA] [PRECIPITATION DATA] SYMBOLS USED IN COLUMN 16
AVERAGE MONTHLY: 42.2 TOTAL FOR MONTH: 0.07 1 = FOG OR MIST
DPTR FM NORMAL: 11.0 DPTR FM NORMAL: -1.70 2 = FOG REDUCING VISIBILITY
HIGHEST: 80 ON 27 GRTST 24HR 0.05 ON 16-16 TO 1/4 MILE OR LESS
LOWEST: 7 ON 17 3 = THUNDER
SNOW, ICE PELLETS, HAIL 4 = ICE PELLETS
TOTAL MONTH: 0.0 INCH 5 = HAIL
GRTST 24HR 0.0 6 = FREEZING RAIN OR DRIZZLE
GRTST DEPTH: 0 7 = DUSTSTORM OR SANDSTORM:
VSBY 1/2 MILE OR LESS
8 = SMOKE OR HAZE
[NO. OF DAYS WITH] [WEATHER - DAYS WITH] 9 = BLOWING SNOW
X = TORNADO
MAX 32 OR BELOW: 1 0.01 INCH OR MORE: 2
MAX 90 OR ABOVE: 0 0.10 INCH OR MORE: 0
MIN 32 OR BELOW: 18 0.50 INCH OR MORE: 0
MIN 0 OR BELOW: 0 1.00 INCH OR MORE: 0
[HDD (BASE 65) ]
TOTAL THIS MO. 652 CLEAR (SCALE 0-3) 25
DPTR FM NORMAL -294 PTCLDY (SCALE 4-7) 3
TOTAL FM JUL 1 3466 CLOUDY (SCALE 8-10) 1
DPTR FM NORMAL -853
[CDD (BASE 65) ]
TOTAL THIS MO. 0
DPTR FM NORMAL 0 [PRESSURE DATA]
TOTAL FM JAN 1 0 HIGHEST SLP 30.49 ON 29
DPTR FM NORMAL 0 LOWEST SLP 29.22 ON 27
[REMARKS]
#FINAL-02-24#