000
CXUS53 KLSX 011400
CF6UIN
PRELIMINARY LOCAL CLIMATOLOGICAL DATA (WS FORM: F-6)
STATION: QUINCY IL
MONTH: MAY
YEAR: 2023
LATITUDE: 39 57 N
LONGITUDE: 91 12 W
TEMPERATURE IN F: :PCPN: SNOW: WIND :SUNSHINE: SKY :PK WND
================================================================================
1 2 3 4 5 6A 6B 7 8 9 10 11 12 13 14 15 16 17 18
12Z AVG MX 2MIN
DY MAX MIN AVG DEP HDD CDD WTR SNW DPTH SPD SPD DIR MIN PSBL S-S WX SPD DR
================================================================================
1 63 44 54 -5 11 0 0.00 0.0 0 19.3 35 290 M M 2 49 300
2 65 41 53 -6 12 0 0.00 0.0 0 16.2 33 300 M M 0 46 320
3 67 38 53 -6 12 0 0.00 0.0 0 6.8 20 320 M M 0 28 360
4 76 40 58 -2 7 0 0.00 0.0 0 8.0 16 190 M M 0 21 200
5 74 49 62 2 3 0 T 0.0 0 11.3 18 180 M M 6 28 150
6 79 59 69 9 0 4 0.19 0.0 0 11.1 23 160 M M 5 13 36 160
7 91 64 78 17 0 13 T 0.0 0 11.5 40 40 M M 1 18 54 50
8 76 58 67 6 0 2 0.44 0.0 0 9.7 28 280 M M 5 13 39 280
9 75 57 66 5 0 1 0.00 0.0 0 9.2 18 130 M M 4 1 24 120
10 81 58 70 8 0 5 0.00 0.0 0 10.5 20 130 M M 0 26 120
11 78 63 71 9 0 6 0.10 0.0 0 9.9 23 130 M M 4 18 35 140
12 78 66 72 10 0 7 0.05 0.0 0 6.7 13 180 M M 6 1 17 180
13 80 66 73 10 0 8 0.12 0.0 0 6.8 14 120 M M 1 13 19 110
14 83 59 71 8 0 6 0.68 0.0 0 7.3 29 350 M M 7 1238 36 340
15 68 57 63 0 2 0 0.01 0.0 0 8.0 15 50 M M 10 19 50
16 76 56 66 2 0 1 0.50 0.0 0 6.0 14 310 M M 5 1 19 290
17 76 54 65 1 0 0 0.00 0.0 0 6.4 12 80 M M 0 15 80
18 81 54 68 4 0 3 0.00 0.0 0 7.0 12 200 M M 0 8 17 230
19 69 51 60 -5 5 0 T 0.0 0 9.3 16 330 M M 5 8 21 320
20 71 44 58 -7 7 0 0.00 0.0 0 6.2 15 330 M M 0 23 340
21 76 49 63 -2 2 0 0.00 0.0 0 3.7 12 190 M M 0 8 17 180
22 78 56 67 1 0 2 0.00 0.0 0 6.4 16 190 M M 0 22 180
23 83 55 69 3 0 4 0.00 0.0 0 6.4 16 110 M M 0 25 120
24 85 59 72 6 0 7 0.00 0.0 0 5.8 16 70 M M 2 8 21 90
25 77 55 66 -1 0 1 0.00 0.0 0 10.5 17 80 M M 1 25 60
26 76 45 61 -6 4 0 0.00 0.0 0 9.3 17 80 M M 0 32 70
27 80 50 65 -2 0 0 0.00 0.0 0 7.1 15 80 M M 0 22 120
28 81 51 66 -2 0 1 0.00 0.0 0 5.5 15 110 M M 0 20 100
29 85 54 70 2 0 5 0.00 0.0 0 2.9 13 200 M M 0 19 200
30 87 56 72 4 0 7 0.00 0.0 0 4.6 14 200 M M 0 17 200
31 88 63 76 7 0 11 0.00 0.0 0 6.2 15 170 M M 1 22 170
================================================================================
SM 2403 1671 65 94 2.09 0.0 255.6 M 65
================================================================================
AV 77.5 53.9 8.2 FASTST M M 2 MAX(MPH)
MISC ----> 40 40 54 50
================================================================================
NOTES:
# LAST OF SEVERAL OCCURRENCES
COLUMN 17 PEAK WIND IN M.P.H.
PRELIMINARY LOCAL CLIMATOLOGICAL DATA (WS FORM: F-6) , PAGE 2
STATION: QUINCY IL
MONTH: MAY
YEAR: 2023
LATITUDE: 39 57 N
LONGITUDE: 91 12 W
[TEMPERATURE DATA] [PRECIPITATION DATA] SYMBOLS USED IN COLUMN 16
AVERAGE MONTHLY: 65.7 TOTAL FOR MONTH: 2.09 1 = FOG OR MIST
DPTR FM NORMAL: 2.1 DPTR FM NORMAL: -2.46 2 = FOG REDUCING VISIBILITY
HIGHEST: 91 ON 7 GRTST 24HR 0.69 ON 14-15 TO 1/4 MILE OR LESS
LOWEST: 38 ON 3 3 = THUNDER
SNOW, ICE PELLETS, HAIL 4 = ICE PELLETS
TOTAL MONTH: 0.0 INCH 5 = HAIL
GRTST 24HR 0.0 6 = FREEZING RAIN OR DRIZZLE
GRTST DEPTH: 0 7 = DUSTSTORM OR SANDSTORM:
VSBY 1/2 MILE OR LESS
8 = SMOKE OR HAZE
[NO. OF DAYS WITH] [WEATHER - DAYS WITH] 9 = BLOWING SNOW
X = TORNADO
MAX 32 OR BELOW: 0 0.01 INCH OR MORE: 8
MAX 90 OR ABOVE: 1 0.10 INCH OR MORE: 6
MIN 32 OR BELOW: 0 0.50 INCH OR MORE: 2
MIN 0 OR BELOW: 0 1.00 INCH OR MORE: 0
[HDD (BASE 65) ]
TOTAL THIS MO. 65 CLEAR (SCALE 0-3) 21
DPTR FM NORMAL -65 PTCLDY (SCALE 4-7) 9
TOTAL FM JUL 1 4953 CLOUDY (SCALE 8-10) 1
DPTR FM NORMAL -521
[CDD (BASE 65) ]
TOTAL THIS MO. 94
DPTR FM NORMAL 7 [PRESSURE DATA]
TOTAL FM JAN 1 104 HIGHEST SLP 30.30 ON 26
DPTR FM NORMAL 1 LOWEST SLP 29.65 ON 1
[REMARKS]
#FINAL-05-23#