000
CXUS53 KLSX 091559 CCA
CF6UIN
PRELIMINARY LOCAL CLIMATOLOGICAL DATA (WS FORM: F-6)
STATION: QUINCY IL
MONTH: NOVEMBER
YEAR: 2020
LATITUDE: 39 57 N
LONGITUDE: 91 12 W
TEMPERATURE IN F: :PCPN: SNOW: WIND :SUNSHINE: SKY :PK WND
================================================================================
1 2 3 4 5 6A 6B 7 8 9 10 11 12 13 14 15 16 17 18
12Z AVG MX 2MIN
DY MAX MIN AVG DEP HDD CDD WTR SNW DPTH SPD SPD DIR MIN PSBL S-S WX SPD DR
================================================================================
1 52 30 41 -8 24 0 0.00 0.0 0 14.8 30 310 M M 0 40 290
2 58 22 40 -9 25 0 0.00 0.0 0 8.8 18 220 M M 0 24 220
3 73 37 55 6 10 0 0.00 0.0 0 10.0 16 210 M M 0 23 200
4 76 53 65 17 0 0 0.00 0.0 0 12.3 21 210 M M 0 29 210
5 73 53 63 15 2 0 0.00 0.0 0 8.3 16 240 M M 0 21 240
6 75 48 62 15 3 0 0.00 0.0 0 8.0 15 200 M M 0 22 190
7 72 49 61 14 4 0 0.00 0.0 0 10.0 18 180 M M 0 26 180
8 76 53 65 19 0 0 0.00 0.0 0 11.1 21 170 M M 1 30 160
9 73 59 66 20 0 1 0.00 0.0 0 12.3 23 200 M M 6 32 190
10 77 35 56 11 9 0 0.57 0.0 0 17.6 41 250 M M 7 123 58 240
11 49 29 39 -6 26 0 0.00 0.0 0 5.4 14 280 M M 0 8 18 290
12 56 31 44 0 21 0 0.00 0.0 0 9.0 25 320 M M 3 33 320
13 41 23 32 -12 33 0 0.00 0.0 0 6.8 22 320 M M 0 27 320
14 56 29 43 0 22 0 0.50 0.0 0 15.4 26 260 M M 8 13 35 170
15 56 37 47 4 18 0 0.01 0.0 0 16.8 33 280 M M 4 46 280
16 59 29 44 2 21 0 0.00 0.0 0 11.7 22 230 M M 0 31 240
17 44 27 36 -6 29 0 0.00 0.0 0 6.5 15 330 M M 2 21 310
18 57 31 44 3 21 0 0.00 0.0 0 15.7 23 180 M M 0 35 160
19 72 51 62 21 3 0 0.00 0.0 0 18.5 30 210 M M 1 40 220
20 60 46 53 13 12 0 0.00 0.0 0 8.7 16 210 M M 5 21 200
21 50 41 46 6 19 0 0.36 0.0 0 9.8 17 40 M M 7 1 22 30
22 46 35 41 2 24 0 0.06 0.0 0 8.4 15 240 M M 7 1 20 230
23 39 29 34 -5 31 0 0.21 M 0 4.6 13 110 M M 4 1 17 110
24 51 35 43 5 22 0 0.57 0.0 0 11.5 20 120 M M 10 1 26 130
25 48 41 45 7 20 0 0.11 0.0 0 9.1 26 80 M M 10 1 31 70
26 49 34 42 5 23 0 0.00 0.0 0 6.9 14 200 M M 5 18 210
27 48 30 39 2 26 0 0.00 0.0 0 7.1 15 320 M M 5 18 20 330
28 55 26 41 5 24 0 0.00 0.0 0 7.2 14 230 M M 0 19 230
29 47 29 38 2 27 0 0.00 0.0 0 14.3 30 330 M M 4 39 340
30 34 21 28 -7 37 0 0.00 0.0 0 13.8 22 320 M M 4 30 330
================================================================================
SM 1722 1093 536 1 2.39 M 320.4 M 93
================================================================================
AV 57.4 36.4 10.7 FASTST M M 3 MAX(MPH)
MISC ----> 41 250 58 240
================================================================================
NOTES:
# LAST OF SEVERAL OCCURRENCES
COLUMN 17 PEAK WIND IN M.P.H.
PRELIMINARY LOCAL CLIMATOLOGICAL DATA (WS FORM: F-6) , PAGE 2
STATION: QUINCY IL
MONTH: NOVEMBER
YEAR: 2020
LATITUDE: 39 57 N
LONGITUDE: 91 12 W
[TEMPERATURE DATA] [PRECIPITATION DATA] SYMBOLS USED IN COLUMN 16
AVERAGE MONTHLY: 46.9 TOTAL FOR MONTH: 2.39 1 = FOG OR MIST
DPTR FM NORMAL: 4.4 DPTR FM NORMAL: -0.63 2 = FOG REDUCING VISIBILITY
HIGHEST: 77 ON 10 GRTST 24HR 0.57 ON 10 TO 1/4 MILE OR LESS
LOWEST: 21 ON 30 3 = THUNDER
SNOW, ICE PELLETS, HAIL 4 = ICE PELLETS
TOTAL MONTH: M 5 = HAIL
GRTST 24HR M 6 = FREEZING RAIN OR DRIZZLE
GRTST DEPTH: M 7 = DUSTSTORM OR SANDSTORM:
VSBY 1/2 MILE OR LESS
8 = SMOKE OR HAZE
[NO. OF DAYS WITH] [WEATHER - DAYS WITH] 9 = BLOWING SNOW
X = TORNADO
MAX 32 OR BELOW: 0 0.01 INCH OR MORE: 8
MAX 90 OR ABOVE: 0 0.10 INCH OR MORE: 6
MIN 32 OR BELOW: 14 0.50 INCH OR MORE: 3
MIN 0 OR BELOW: 0 1.00 INCH OR MORE: 0
[HDD (BASE 65) ]
TOTAL THIS MO. 536 CLEAR (SCALE 0-3) 16
DPTR FM NORMAL -140 PTCLDY (SCALE 4-7) 11
TOTAL FM JUL 1 999 CLOUDY (SCALE 8-10) 3
DPTR FM NORMAL -102
[CDD (BASE 65) ]
TOTAL THIS MO. 1
DPTR FM NORMAL 0 [PRESSURE DATA]
TOTAL FM JAN 1 1172 HIGHEST SLP 30.61 ON 17
DPTR FM NORMAL 78 LOWEST SLP 29.42 ON 14
[REMARKS]
#FINAL-11-20#