000
CDUS43 KLSX 240735
CLIUIN


CLIMATE REPORT
NATIONAL WEATHER SERVICE ST LOUIS MO
234 AM CDT THU MAY 24 2018


...................................

...THE QUINCY IL CLIMATE SUMMARY FOR MAY 23 2018...

CLIMATE NORMAL PERIOD 1981 TO 2010
CLIMATE RECORD PERIOD 1901 TO 2018


WEATHER ITEM   OBSERVED TIME   RECORD YEAR NORMAL DEPARTURE LAST
                VALUE   (LST)  VALUE       VALUE  FROM      YEAR
                                                  NORMAL
..................................................................
TEMPERATURE (F)
 YESTERDAY
  MAXIMUM         85    304 PM  93    1921  75     10       64
  MINIMUM         63    433 AM  40    1963  55      8       51
                                      1917
  AVERAGE         74                        65      9

PRECIPITATION (IN)
  YESTERDAY        0.00          1.16 1966   0.15  -0.15     0.76
  MONTH TO DATE    1.41                      3.29  -1.88     4.53
  SINCE MAR 1      5.42                      9.44  -4.02    14.52
  SINCE JAN 1      9.54                     12.84  -3.30    16.57

DEGREE DAYS
 HEATING
  YESTERDAY        0                         3     -3
  MONTH TO DATE    0                       117   -117
  SINCE MAR 1   1348                      1205    143
  SINCE JUL 1   5515                      5547    -32

 COOLING
  YESTERDAY        9                         3      6
  MONTH TO DATE  136                        39     97
  SINCE MAR 1    143                        57     86
  SINCE JAN 1    143                        57     86
..................................................................


WIND (MPH)
  HIGHEST WIND SPEED    13   HIGHEST WIND DIRECTION    SE (120)
  HIGHEST GUST SPEED    19   HIGHEST GUST DIRECTION    SE (140)
  AVERAGE WIND SPEED     6.9


SKY COVER
  AVERAGE SKY COVER 0.1



RELATIVE HUMIDITY (PERCENT)
 HIGHEST    87           600 AM
 LOWEST     48           300 PM
 AVERAGE    68

..........................................................


THE QUINCY IL CLIMATE NORMALS FOR TODAY
                         NORMAL    RECORD    YEAR
 MAXIMUM TEMPERATURE (F)   75        94      1921
 MINIMUM TEMPERATURE (F)   55        40      1917


SUNRISE AND SUNSET
MAY 24 2018...........SUNRISE   543 AM CDT   SUNSET   821 PM CDT
MAY 25 2018...........SUNRISE   542 AM CDT   SUNSET   822 PM CDT


-  INDICATES NEGATIVE NUMBERS.
R  INDICATES RECORD WAS SET OR TIED.
MM INDICATES DATA IS MISSING.
T  INDICATES TRACE AMOUNT.




$$
