000
CDUS43 KLSX 182231
CLIUIN


CLIMATE REPORT
NATIONAL WEATHER SERVICE ST LOUIS MO
529 PM CDT FRI MAY 18 2018


...................................

...THE QUINCY IL CLIMATE SUMMARY FOR MAY 18 2018...
VALID TODAY AS OF 0500 PM LOCAL TIME.

CLIMATE NORMAL PERIOD 1981 TO 2010
CLIMATE RECORD PERIOD 1901 TO 2018


WEATHER ITEM   OBSERVED TIME   RECORD YEAR NORMAL DEPARTURE LAST
                VALUE   (LST)  VALUE       VALUE  FROM      YEAR
                                                  NORMAL
..................................................................
TEMPERATURE (F)
 TODAY
  MAXIMUM         70   1242 PM  93    1902  73     -3       84
  MINIMUM         63    500 AM  35    2002  54      9       66
  AVERAGE         67                        63      4       75

PRECIPITATION (IN)
  TODAY            0.12          1.53 1981   0.15  -0.03     0.00
  MONTH TO DATE    1.03                      2.53  -1.50     0.89
  SINCE MAR 1      5.04                      8.68  -3.64    10.88
  SINCE JAN 1      9.16                     12.08  -2.92    12.93

DEGREE DAYS
 HEATING
  TODAY            0                         4     -4
  MONTH TO DATE    0                       100   -100
  SINCE MAR 1   1348                      1188    160
  SINCE JUL 1   5515                      5530    -15

 COOLING
  TODAY            2                         2      0
  MONTH TO DATE  104                        26     78
  SINCE MAR 1    111                        44     67
  SINCE JAN 1    111                        44     67
..................................................................


WIND (MPH)
  HIGHEST WIND SPEED    15   HIGHEST WIND DIRECTION     E (70)
  HIGHEST GUST SPEED    21   HIGHEST GUST DIRECTION     E (70)
  AVERAGE WIND SPEED     8.2


SKY COVER
  AVERAGE SKY COVER 0.6



RELATIVE HUMIDITY (PERCENT)
 HIGHEST    87           200 PM
 LOWEST     47          1200 AM
 AVERAGE    67

..........................................................


THE QUINCY IL CLIMATE NORMALS FOR TOMORROW
                         NORMAL    RECORD    YEAR
 MAXIMUM TEMPERATURE (F)   74        90      1975
                                             1964
                                             1962
 MINIMUM TEMPERATURE (F)   54        41      2015
                                             1929


SUNRISE AND SUNSET
MAY 18 2018...........SUNRISE   547 AM CDT   SUNSET   816 PM CDT
MAY 19 2018...........SUNRISE   546 AM CDT   SUNSET   817 PM CDT


-  INDICATES NEGATIVE NUMBERS.
R  INDICATES RECORD WAS SET OR TIED.
MM INDICATES DATA IS MISSING.
T  INDICATES TRACE AMOUNT.




$$

maples
