400
CDUS43 KLSX 250728
CLIUIN


CLIMATE REPORT
NATIONAL WEATHER SERVICE ST LOUIS MO
227 AM CDT FRI MAY 25 2018


...................................

...THE QUINCY IL CLIMATE SUMMARY FOR MAY 24 2018...

CLIMATE NORMAL PERIOD 1981 TO 2010
CLIMATE RECORD PERIOD 1901 TO 2018


WEATHER ITEM   OBSERVED TIME   RECORD YEAR NORMAL DEPARTURE LAST
                VALUE   (LST)  VALUE       VALUE  FROM      YEAR
                                                  NORMAL
..................................................................
TEMPERATURE (F)
 YESTERDAY
  MAXIMUM         88    328 PM  94    1921  75     13       65
  MINIMUM         66    425 AM  40    1917  55     11       47
  AVERAGE         77                        65     12

PRECIPITATION (IN)
  YESTERDAY        0.00          2.24 1995   0.15  -0.15     0.09
  MONTH TO DATE    1.41                      3.44  -2.03     4.62
  SINCE MAR 1      5.42                      9.59  -4.17    14.61
  SINCE JAN 1      9.54                     12.99  -3.45    16.66

DEGREE DAYS
 HEATING
  YESTERDAY        0                         3     -3
  MONTH TO DATE    0                       120   -120
  SINCE MAR 1   1348                      1208    140
  SINCE JUL 1   5515                      5550    -35

 COOLING
  YESTERDAY       12                         3      9
  MONTH TO DATE  148                        42    106
  SINCE MAR 1    155                        60     95
  SINCE JAN 1    155                        60     95
..................................................................


WIND (MPH)
  HIGHEST WIND SPEED    15   HIGHEST WIND DIRECTION     S (170)
  HIGHEST GUST SPEED    20   HIGHEST GUST DIRECTION     S (160)
  AVERAGE WIND SPEED     7.5


SKY COVER
  AVERAGE SKY COVER 0.0



RELATIVE HUMIDITY (PERCENT)
 HIGHEST    81           400 AM
 LOWEST     31           400 PM
 AVERAGE    56

..........................................................


THE QUINCY IL CLIMATE NORMALS FOR TODAY
                         NORMAL    RECORD    YEAR
 MAXIMUM TEMPERATURE (F)   75        95      1911
 MINIMUM TEMPERATURE (F)   56        34      1925


SUNRISE AND SUNSET
MAY 25 2018...........SUNRISE   542 AM CDT   SUNSET   822 PM CDT
MAY 26 2018...........SUNRISE   541 AM CDT   SUNSET   823 PM CDT


-  INDICATES NEGATIVE NUMBERS.
R  INDICATES RECORD WAS SET OR TIED.
MM INDICATES DATA IS MISSING.
T  INDICATES TRACE AMOUNT.




$$
