000
CDUS43 KLSX 192135
CLIUIN


CLIMATE REPORT
NATIONAL WEATHER SERVICE ST LOUIS MO
430 PM CDT THU APR 19 2018


...................................

...THE QUINCY IL CLIMATE SUMMARY FOR APRIL 19 2018...
VALID TODAY AS OF 0400 PM LOCAL TIME.

CLIMATE NORMAL PERIOD 1981 TO 2010
CLIMATE RECORD PERIOD 1901 TO 2018


WEATHER ITEM   OBSERVED TIME   RECORD YEAR NORMAL DEPARTURE LAST
                VALUE   (LST)  VALUE       VALUE  FROM      YEAR
                                                  NORMAL
..................................................................
TEMPERATURE (F)
 TODAY
  MAXIMUM         57    259 PM  85    1925  65     -8       84
  MINIMUM         32    427 AM  26    1983  44    -12       61
  AVERAGE         45                        55    -10       73

PRECIPITATION (IN)
  TODAY            0.00          1.79 1972   0.13  -0.13     0.00
  MONTH TO DATE    0.63                      2.24  -1.61     2.00
  SINCE MAR 1      4.01                      4.70  -0.69     5.18
  SINCE JAN 1      8.13                      8.10   0.03     7.23

DEGREE DAYS
 HEATING
  TODAY           20                        11      9
  MONTH TO DATE  470                       267    203
  SINCE MAR 1   1245                       985    260
  SINCE JUL 1   5412                      5327     85

 COOLING
  TODAY            0                         1     -1
  MONTH TO DATE    6                         6      0
  SINCE MAR 1      6                         8     -2
  SINCE JAN 1      6                         8     -2
..................................................................


WIND (MPH)
  HIGHEST WIND SPEED    22   HIGHEST WIND DIRECTION    NW (320)
  HIGHEST GUST SPEED    30   HIGHEST GUST DIRECTION    NW (320)
  AVERAGE WIND SPEED    12.0


SKY COVER
  AVERAGE SKY COVER 0.5



RELATIVE HUMIDITY (PERCENT)
 HIGHEST    82           500 AM
 LOWEST     36           300 PM
 AVERAGE    59

..........................................................


THE QUINCY IL CLIMATE NORMALS FOR TOMORROW
                         NORMAL    RECORD    YEAR
 MAXIMUM TEMPERATURE (F)   65        90      1987
 MINIMUM TEMPERATURE (F)   45        27      2013


SUNRISE AND SUNSET
APRIL 19 2018.........SUNRISE   621 AM CDT   SUNSET   747 PM CDT
APRIL 20 2018.........SUNRISE   620 AM CDT   SUNSET   748 PM CDT


-  INDICATES NEGATIVE NUMBERS.
R  INDICATES RECORD WAS SET OR TIED.
MM INDICATES DATA IS MISSING.
T  INDICATES TRACE AMOUNT.




$$
