000
CDUS43 KLSX 230736
CLIUIN


CLIMATE REPORT
NATIONAL WEATHER SERVICE ST LOUIS MO
234 AM CDT WED MAY 23 2018


...................................

...THE QUINCY IL CLIMATE SUMMARY FOR MAY 22 2018...

CLIMATE NORMAL PERIOD 1981 TO 2010
CLIMATE RECORD PERIOD 1901 TO 2018


WEATHER ITEM   OBSERVED TIME   RECORD YEAR NORMAL DEPARTURE LAST
                VALUE   (LST)  VALUE       VALUE  FROM      YEAR
                                                  NORMAL
..................................................................
TEMPERATURE (F)
 YESTERDAY
  MAXIMUM         83    428 PM  94    1925  74      9       73
  MINIMUM         59    510 AM  38    1963  55      4       47
  AVERAGE         71                        65      6

PRECIPITATION (IN)
  YESTERDAY        0.00          2.58 1968   0.15  -0.15     0.34
  MONTH TO DATE    1.41                      3.14  -1.73     3.77
  SINCE MAR 1      5.42                      9.29  -3.87    13.76
  SINCE JAN 1      9.54                     12.69  -3.15    15.81

DEGREE DAYS
 HEATING
  YESTERDAY        0                         3     -3
  MONTH TO DATE    0                       114   -114
  SINCE MAR 1   1348                      1202    146
  SINCE JUL 1   5515                      5544    -29

 COOLING
  YESTERDAY        6                         3      3
  MONTH TO DATE  127                        36     91
  SINCE MAR 1    134                        54     80
  SINCE JAN 1    134                        54     80
..................................................................


WIND (MPH)
  HIGHEST WIND SPEED    13   HIGHEST WIND DIRECTION     N (10)
  HIGHEST GUST SPEED    17   HIGHEST GUST DIRECTION     N (10)
  AVERAGE WIND SPEED     4.2


SKY COVER
  AVERAGE SKY COVER 0.1



RELATIVE HUMIDITY (PERCENT)
 HIGHEST    97           400 AM
 LOWEST     46           200 PM
 AVERAGE    72

..........................................................


THE QUINCY IL CLIMATE NORMALS FOR TODAY
                         NORMAL    RECORD    YEAR
 MAXIMUM TEMPERATURE (F)   75        93      1921
 MINIMUM TEMPERATURE (F)   55        40      1963
                                             1917


SUNRISE AND SUNSET
MAY 23 2018...........SUNRISE   543 AM CDT   SUNSET   820 PM CDT
MAY 24 2018...........SUNRISE   543 AM CDT   SUNSET   821 PM CDT


-  INDICATES NEGATIVE NUMBERS.
R  INDICATES RECORD WAS SET OR TIED.
MM INDICATES DATA IS MISSING.
T  INDICATES TRACE AMOUNT.




$$
