000
CDUS43 KLSX 172227
CLIUIN


CLIMATE REPORT
NATIONAL WEATHER SERVICE ST LOUIS MO
526 PM CDT TUE APR 17 2018


...................................

...THE QUINCY IL CLIMATE SUMMARY FOR APRIL 17 2018...
VALID TODAY AS OF 0500 PM LOCAL TIME.

CLIMATE NORMAL PERIOD 1981 TO 2010
CLIMATE RECORD PERIOD 1901 TO 2018


WEATHER ITEM   OBSERVED TIME   RECORD YEAR NORMAL DEPARTURE LAST
                VALUE   (LST)  VALUE       VALUE  FROM      YEAR
                                                  NORMAL
..................................................................
TEMPERATURE (F)
 TODAY
  MAXIMUM         56    359 PM  87    1914  64     -8       71
  MINIMUM         25    556 AM  22    1907  44    -19       53
  AVERAGE         41                        54    -13       62

PRECIPITATION (IN)
  TODAY            0.00          1.24 1939   0.12  -0.12      T
  MONTH TO DATE    0.63                      1.98  -1.35     2.00
  SINCE MAR 1      4.01                      4.44  -0.43     5.18
  SINCE JAN 1      8.13                      7.84   0.29     7.23

DEGREE DAYS
 HEATING
  TODAY           24                        12     12
  MONTH TO DATE  426                       244    182
  SINCE MAR 1   1201                       962    239
  SINCE JUL 1   5368                      5304     64

 COOLING
  TODAY            0                         1     -1
  MONTH TO DATE    6                         4      2
  SINCE MAR 1      6                         6      0
  SINCE JAN 1      6                         6      0
..................................................................


WIND (MPH)
  HIGHEST WIND SPEED    10   HIGHEST WIND DIRECTION     N (360)
  HIGHEST GUST SPEED    12   HIGHEST GUST DIRECTION     N (360)
  AVERAGE WIND SPEED     3.9


SKY COVER
  AVERAGE SKY COVER 0.0



RELATIVE HUMIDITY (PERCENT)
 HIGHEST    88           600 AM
 LOWEST     35           400 PM
 AVERAGE    62

..........................................................


THE QUINCY IL CLIMATE NORMALS FOR TOMORROW
                         NORMAL    RECORD    YEAR
 MAXIMUM TEMPERATURE (F)   64        88      1948
                                             1925
 MINIMUM TEMPERATURE (F)   44        24      1983


SUNRISE AND SUNSET
APRIL 17 2018.........SUNRISE   624 AM CDT   SUNSET   745 PM CDT
APRIL 18 2018.........SUNRISE   623 AM CDT   SUNSET   746 PM CDT


-  INDICATES NEGATIVE NUMBERS.
R  INDICATES RECORD WAS SET OR TIED.
MM INDICATES DATA IS MISSING.
T  INDICATES TRACE AMOUNT.




$$
