349
CDUS43 KLSX 152227
CLIUIN


CLIMATE REPORT
NATIONAL WEATHER SERVICE ST LOUIS MO
526 PM CDT TUE MAY 15 2018


...................................

...THE QUINCY IL CLIMATE SUMMARY FOR MAY 15 2018...
VALID TODAY AS OF 0500 PM LOCAL TIME.

CLIMATE NORMAL PERIOD 1981 TO 2010
CLIMATE RECORD PERIOD 1901 TO 2018


WEATHER ITEM   OBSERVED TIME   RECORD YEAR NORMAL DEPARTURE LAST
                VALUE   (LST)  VALUE       VALUE  FROM      YEAR
                                                  NORMAL
..................................................................
TEMPERATURE (F)
 TODAY
  MAXIMUM         80    247 PM  93    1944  72      8       86
  MINIMUM         63   1232 AM  35    1959  53     10       62
  AVERAGE         72                        63      9       74

PRECIPITATION (IN)
  TODAY            T             2.59 2009   0.14  -0.14     0.00
  MONTH TO DATE    0.91                      2.09  -1.18     0.88
  SINCE MAR 1      4.92                      8.24  -3.32    10.87
  SINCE JAN 1      9.04                     11.64  -2.60    12.92

DEGREE DAYS
 HEATING
  TODAY            0                         4     -4
  MONTH TO DATE    0                        88    -88
  SINCE MAR 1   1348                      1176    172
  SINCE JUL 1   5515                      5518     -3

 COOLING
  TODAY            7                         2      5
  MONTH TO DATE   88                        20     68
  SINCE MAR 1     95                        38     57
  SINCE JAN 1     95                        38     57
..................................................................


WIND (MPH)
  HIGHEST WIND SPEED    15   HIGHEST WIND DIRECTION    NE (30)
  HIGHEST GUST SPEED    19   HIGHEST GUST DIRECTION    NE (50)
  AVERAGE WIND SPEED     8.4


SKY COVER
  AVERAGE SKY COVER 0.3



RELATIVE HUMIDITY (PERCENT)
 HIGHEST    93          1200 AM
 LOWEST     62           200 PM
 AVERAGE    78

..........................................................


THE QUINCY IL CLIMATE NORMALS FOR TOMORROW
                         NORMAL    RECORD    YEAR
 MAXIMUM TEMPERATURE (F)   73        92      1944
                                             1911
 MINIMUM TEMPERATURE (F)   53        34      1956
                                             1907


SUNRISE AND SUNSET
MAY 15 2018...........SUNRISE   550 AM CDT   SUNSET   813 PM CDT
MAY 16 2018...........SUNRISE   549 AM CDT   SUNSET   814 PM CDT


-  INDICATES NEGATIVE NUMBERS.
R  INDICATES RECORD WAS SET OR TIED.
MM INDICATES DATA IS MISSING.
T  INDICATES TRACE AMOUNT.




$$
