000
CDUS43 KLSX 102145
CLIUIN


CLIMATE REPORT
NATIONAL WEATHER SERVICE ST LOUIS MO
445 PM CDT TUE APR 10 2018


...................................

...THE QUINCY IL CLIMATE SUMMARY FOR APRIL 10 2018...
VALID TODAY AS OF 0400 PM LOCAL TIME.

CLIMATE NORMAL PERIOD 1981 TO 2010
CLIMATE RECORD PERIOD 1901 TO 2018


WEATHER ITEM   OBSERVED TIME   RECORD YEAR NORMAL DEPARTURE LAST
                VALUE   (LST)  VALUE       VALUE  FROM      YEAR
                                                  NORMAL
..................................................................
TEMPERATURE (F)
 TODAY
  MAXIMUM         49    257 PM  92    1930  62    -13       76
  MINIMUM         30    616 AM  23    1960  41    -11       51
  AVERAGE         40                        51    -11       64

PRECIPITATION (IN)
  TODAY            0.00          2.17 1903   0.12  -0.12     0.21
  MONTH TO DATE    0.40                      1.13  -0.73     1.62
  SINCE MAR 1      3.78                      3.59   0.19     4.80
  SINCE JAN 1      7.90                      6.99   0.91     6.85

DEGREE DAYS
 HEATING
  TODAY           25                        14     11
  MONTH TO DATE  321                       155    166
  SINCE MAR 1   1096                       873    223
  SINCE JUL 1   5263                      5215     48

 COOLING
  TODAY            0                         0      0
  MONTH TO DATE    0                         0      0
  SINCE MAR 1      0                         2     -2
  SINCE JAN 1      0                         2     -2
..................................................................


WIND (MPH)
  HIGHEST WIND SPEED    13   HIGHEST WIND DIRECTION    SW (220)
  HIGHEST GUST SPEED    20   HIGHEST GUST DIRECTION    SW (210)
  AVERAGE WIND SPEED     6.9


SKY COVER
  AVERAGE SKY COVER 0.7



RELATIVE HUMIDITY (PERCENT)
 HIGHEST    85           100 AM
 LOWEST     46           300 PM
 AVERAGE    66

..........................................................


THE QUINCY IL CLIMATE NORMALS FOR TOMORROW
                         NORMAL    RECORD    YEAR
 MAXIMUM TEMPERATURE (F)   62        90      1930
 MINIMUM TEMPERATURE (F)   41        25      1973
                                             1957


SUNRISE AND SUNSET
APRIL 10 2018.........SUNRISE   635 AM CDT   SUNSET   738 PM CDT
APRIL 11 2018.........SUNRISE   633 AM CDT   SUNSET   739 PM CDT


-  INDICATES NEGATIVE NUMBERS.
R  INDICATES RECORD WAS SET OR TIED.
MM INDICATES DATA IS MISSING.
T  INDICATES TRACE AMOUNT.




$$
