000
CDUS43 KLSX 190733
CLIUIN


CLIMATE REPORT
NATIONAL WEATHER SERVICE ST LOUIS MO
231 AM CDT THU APR 19 2018


...................................

...THE QUINCY IL CLIMATE SUMMARY FOR APRIL 18 2018...

CLIMATE NORMAL PERIOD 1981 TO 2010
CLIMATE RECORD PERIOD 1901 TO 2018


WEATHER ITEM   OBSERVED TIME   RECORD YEAR NORMAL DEPARTURE LAST
                VALUE   (LST)  VALUE       VALUE  FROM      YEAR
                                                  NORMAL
..................................................................
TEMPERATURE (F)
 YESTERDAY
  MAXIMUM         47   1150 AM  88    1948  64    -17       76
                                      1925
  MINIMUM         34   1159 PM  24    1983  44    -10       49
  AVERAGE         41                        54    -13

PRECIPITATION (IN)
  YESTERDAY        0.00          2.73 1970   0.13  -0.13     0.00
  MONTH TO DATE    0.63                      2.11  -1.48     2.00
  SINCE MAR 1      4.01                      4.57  -0.56     5.18
  SINCE JAN 1      8.13                      7.97   0.16     7.23

DEGREE DAYS
 HEATING
  YESTERDAY       24                        12     12
  MONTH TO DATE  450                       256    194
  SINCE MAR 1   1225                       974    251
  SINCE JUL 1   5392                      5316     76

 COOLING
  YESTERDAY        0                         1     -1
  MONTH TO DATE    6                         5      1
  SINCE MAR 1      6                         7     -1
  SINCE JAN 1      6                         7     -1
..................................................................


WIND (MPH)
  HIGHEST WIND SPEED    31   HIGHEST WIND DIRECTION     W (290)
  HIGHEST GUST SPEED    42   HIGHEST GUST DIRECTION     W (280)
  AVERAGE WIND SPEED    18.4


SKY COVER
  AVERAGE SKY COVER 0.9



RELATIVE HUMIDITY (PERCENT)
 HIGHEST    75          1100 PM
 LOWEST     60          1100 AM
 AVERAGE    68

..........................................................


THE QUINCY IL CLIMATE NORMALS FOR TODAY
                         NORMAL    RECORD    YEAR
 MAXIMUM TEMPERATURE (F)   65        85      1925
 MINIMUM TEMPERATURE (F)   44        26      1983


SUNRISE AND SUNSET
APRIL 19 2018.........SUNRISE   621 AM CDT   SUNSET   747 PM CDT
APRIL 20 2018.........SUNRISE   620 AM CDT   SUNSET   748 PM CDT


-  INDICATES NEGATIVE NUMBERS.
R  INDICATES RECORD WAS SET OR TIED.
MM INDICATES DATA IS MISSING.
T  INDICATES TRACE AMOUNT.




$$
