000
CDUS43 KLSX 140728
CLIUIN


CLIMATE REPORT
NATIONAL WEATHER SERVICE ST LOUIS MO
227 AM CDT SAT APR 14 2018


...................................

...THE QUINCY IL CLIMATE SUMMARY FOR APRIL 13 2018...

CLIMATE NORMAL PERIOD 1981 TO 2010
CLIMATE RECORD PERIOD 1901 TO 2018


WEATHER ITEM   OBSERVED TIME   RECORD YEAR NORMAL DEPARTURE LAST
                VALUE   (LST)  VALUE       VALUE  FROM      YEAR
                                                  NORMAL
..................................................................
TEMPERATURE (F)
 YESTERDAY
  MAXIMUM         75    539 PM  89    1941  63     12       80
  MINIMUM         58    338 AM  19    1950  42     16       57
  AVERAGE         67                        52     15

PRECIPITATION (IN)
  YESTERDAY        0.07          2.05 1945   0.13  -0.06     0.00
  MONTH TO DATE    0.47                      1.49  -1.02     1.62
  SINCE MAR 1      3.85                      3.95  -0.10     4.80
  SINCE JAN 1      7.97                      7.35   0.62     6.85

DEGREE DAYS
 HEATING
  YESTERDAY        0                        13    -13
  MONTH TO DATE  329                       195    134
  SINCE MAR 1   1104                       913    191
  SINCE JUL 1   5271                      5255     16

 COOLING
  YESTERDAY        2                         0      2
  MONTH TO DATE    6                         0      6
  SINCE MAR 1      6                         2      4
  SINCE JAN 1      6                         2      4
..................................................................


WIND (MPH)
  HIGHEST WIND SPEED    32   HIGHEST WIND DIRECTION    SE (140)
  HIGHEST GUST SPEED    45   HIGHEST GUST DIRECTION    SE (140)
  AVERAGE WIND SPEED    14.2


SKY COVER
  AVERAGE SKY COVER 0.3



RELATIVE HUMIDITY (PERCENT)
 HIGHEST    73           100 PM
 LOWEST     40          1200 AM
 AVERAGE    57

..........................................................


THE QUINCY IL CLIMATE NORMALS FOR TODAY
                         NORMAL    RECORD    YEAR
 MAXIMUM TEMPERATURE (F)   63        86      2006
 MINIMUM TEMPERATURE (F)   43        21      1907


SUNRISE AND SUNSET
APRIL 14 2018.........SUNRISE   628 AM CDT   SUNSET   742 PM CDT
APRIL 15 2018.........SUNRISE   627 AM CDT   SUNSET   743 PM CDT


-  INDICATES NEGATIVE NUMBERS.
R  INDICATES RECORD WAS SET OR TIED.
MM INDICATES DATA IS MISSING.
T  INDICATES TRACE AMOUNT.




$$
