000
CDUS43 KLSX 102132
CLIUIN


CLIMATE REPORT
NATIONAL WEATHER SERVICE ST LOUIS MO
432 PM CDT THU MAY 10 2018


...................................

...THE QUINCY IL CLIMATE SUMMARY FOR MAY 10 2018...
VALID TODAY AS OF 0400 PM LOCAL TIME.

CLIMATE NORMAL PERIOD 1981 TO 2010
CLIMATE RECORD PERIOD 1901 TO 2018


WEATHER ITEM   OBSERVED TIME   RECORD YEAR NORMAL DEPARTURE LAST
                VALUE   (LST)  VALUE       VALUE  FROM      YEAR
                                                  NORMAL
..................................................................
TEMPERATURE (F)
 TODAY
  MAXIMUM         85    255 PM  92    2011  71     14       84
                                      1928
  MINIMUM         56    455 AM  28    1966  51      5       59
  AVERAGE         71                        61     10       72

PRECIPITATION (IN)
  TODAY            0.00          2.73 1962   0.14  -0.14     0.69
  MONTH TO DATE    0.86                      1.35  -0.49     0.88
  SINCE MAR 1      4.87                      7.50  -2.63    10.87
  SINCE JAN 1      8.99                     10.90  -1.91    12.92

DEGREE DAYS
 HEATING
  TODAY            0                         5     -5
  MONTH TO DATE    0                        64    -64
  SINCE MAR 1   1348                      1152    196
  SINCE JUL 1   5515                      5494     21

 COOLING
  TODAY            6                         1      5
  MONTH TO DATE   49                        10     39
  SINCE MAR 1     56                        28     28
  SINCE JAN 1     56                        28     28
..................................................................


WIND (MPH)
  HIGHEST WIND SPEED    10   HIGHEST WIND DIRECTION    NW (300)
  HIGHEST GUST SPEED    16   HIGHEST GUST DIRECTION     N (340)
  AVERAGE WIND SPEED     2.6


SKY COVER
  AVERAGE SKY COVER 0.0



RELATIVE HUMIDITY (PERCENT)
 HIGHEST    86           500 AM
 LOWEST     34           200 PM
 AVERAGE    60

..........................................................


THE QUINCY IL CLIMATE NORMALS FOR TOMORROW
                         NORMAL    RECORD    YEAR
 MAXIMUM TEMPERATURE (F)   71        88      2000
                                             1922
                                             1914
 MINIMUM TEMPERATURE (F)   51        31      1907


SUNRISE AND SUNSET
MAY 10 2018...........SUNRISE   555 AM CDT   SUNSET   808 PM CDT
MAY 11 2018...........SUNRISE   554 AM CDT   SUNSET   809 PM CDT


-  INDICATES NEGATIVE NUMBERS.
R  INDICATES RECORD WAS SET OR TIED.
MM INDICATES DATA IS MISSING.
T  INDICATES TRACE AMOUNT.




$$
