000
CDUS43 KLSX 090731
CLIUIN


CLIMATE REPORT
NATIONAL WEATHER SERVICE ST LOUIS MO
230 AM CDT MON APR 9 2018


...................................

...THE QUINCY IL CLIMATE SUMMARY FOR APRIL 8 2018...

CLIMATE NORMAL PERIOD 1981 TO 2010
CLIMATE RECORD PERIOD 1901 TO 2018


WEATHER ITEM   OBSERVED TIME   RECORD YEAR NORMAL DEPARTURE LAST
                VALUE   (LST)  VALUE       VALUE  FROM      YEAR
                                                  NORMAL
..................................................................
TEMPERATURE (F)
 YESTERDAY
  MAXIMUM         38    232 PM  84    2001  61    -23       78
  MINIMUM         25    345 AM  21    1997  40    -15       41
                                      1972
  AVERAGE         32                        51    -19

PRECIPITATION (IN)
  YESTERDAY        0.15          1.05 1906   0.12   0.03     0.00
  MONTH TO DATE    0.40                      0.89  -0.49     1.41
  SINCE MAR 1      3.78                      3.35   0.43     4.59
  SINCE JAN 1      7.90                      6.75   1.15     6.64

DEGREE DAYS
 HEATING
  YESTERDAY       33                        15     18
  MONTH TO DATE  266                       127    139
  SINCE MAR 1   1041                       845    196
  SINCE JUL 1   5208                      5187     21

 COOLING
  YESTERDAY        0                         0      0
  MONTH TO DATE    0                         0      0
  SINCE MAR 1      0                         2     -2
  SINCE JAN 1      0                         2     -2
..................................................................


WIND (MPH)
  HIGHEST WIND SPEED    15   HIGHEST WIND DIRECTION    SE (140)
  HIGHEST GUST SPEED    21   HIGHEST GUST DIRECTION    SE (140)
  AVERAGE WIND SPEED     7.4


SKY COVER
  AVERAGE SKY COVER 0.6



RELATIVE HUMIDITY (PERCENT)
 HIGHEST    92           500 PM
 LOWEST     40           200 PM
 AVERAGE    66

..........................................................


THE QUINCY IL CLIMATE NORMALS FOR TODAY
                         NORMAL    RECORD    YEAR
 MAXIMUM TEMPERATURE (F)   61        85      2001
                                             1905
 MINIMUM TEMPERATURE (F)   41        19      1997


SUNRISE AND SUNSET
APRIL  9 2018.........SUNRISE   636 AM CDT   SUNSET   737 PM CDT
APRIL 10 2018.........SUNRISE   635 AM CDT   SUNSET   738 PM CDT


-  INDICATES NEGATIVE NUMBERS.
R  INDICATES RECORD WAS SET OR TIED.
MM INDICATES DATA IS MISSING.
T  INDICATES TRACE AMOUNT.




$$
