176
CDUS43 KLSX 130729
CLIUIN


CLIMATE REPORT
NATIONAL WEATHER SERVICE ST LOUIS MO
229 AM CDT FRI APR 13 2018


...................................

...THE QUINCY IL CLIMATE SUMMARY FOR APRIL 12 2018...

CLIMATE NORMAL PERIOD 1981 TO 2010
CLIMATE RECORD PERIOD 1901 TO 2018


WEATHER ITEM   OBSERVED TIME   RECORD YEAR NORMAL DEPARTURE LAST
                VALUE   (LST)  VALUE       VALUE  FROM      YEAR
                                                  NORMAL
..................................................................
TEMPERATURE (F)
 YESTERDAY
  MAXIMUM         82    535 PM  89    1930  62     20       72
  MINIMUM         55    606 AM  16    1957  42     13       42
  AVERAGE         69                        52     17

PRECIPITATION (IN)
  YESTERDAY        0.00          0.99 1952   0.11  -0.11     0.00
  MONTH TO DATE    0.40                      1.36  -0.96     1.62
  SINCE MAR 1      3.78                      3.82  -0.04     4.80
  SINCE JAN 1      7.90                      7.22   0.68     6.85

DEGREE DAYS
 HEATING
  YESTERDAY        0                        13    -13
  MONTH TO DATE  329                       182    147
  SINCE MAR 1   1104                       900    204
  SINCE JUL 1   5271                      5242     29

 COOLING
  YESTERDAY        4                         0      4
  MONTH TO DATE    4                         0      4
  SINCE MAR 1      4                         2      2
  SINCE JAN 1      4                         2      2
..................................................................


WIND (MPH)
  HIGHEST WIND SPEED    25   HIGHEST WIND DIRECTION     S (190)
  HIGHEST GUST SPEED    41   HIGHEST GUST DIRECTION     S (190)
  AVERAGE WIND SPEED    12.4


SKY COVER
  AVERAGE SKY COVER 0.0



RELATIVE HUMIDITY (PERCENT)
 HIGHEST    55           600 AM
 LOWEST     31           400 PM
 AVERAGE    43

..........................................................


THE QUINCY IL CLIMATE NORMALS FOR TODAY
                         NORMAL    RECORD    YEAR
 MAXIMUM TEMPERATURE (F)   63        89      1941
 MINIMUM TEMPERATURE (F)   42        19      1950


SUNRISE AND SUNSET
APRIL 13 2018.........SUNRISE   630 AM CDT   SUNSET   741 PM CDT
APRIL 14 2018.........SUNRISE   628 AM CDT   SUNSET   742 PM CDT


-  INDICATES NEGATIVE NUMBERS.
R  INDICATES RECORD WAS SET OR TIED.
MM INDICATES DATA IS MISSING.
T  INDICATES TRACE AMOUNT.




$$
