000
CDUS43 KLSX 112227
CLIUIN


CLIMATE REPORT
NATIONAL WEATHER SERVICE ST LOUIS MO
527 PM CDT WED APR 11 2018


...................................

...THE QUINCY IL CLIMATE SUMMARY FOR APRIL 11 2018...
VALID TODAY AS OF 0500 PM LOCAL TIME.

CLIMATE NORMAL PERIOD 1981 TO 2010
CLIMATE RECORD PERIOD 1901 TO 2018


WEATHER ITEM   OBSERVED TIME   RECORD YEAR NORMAL DEPARTURE LAST
                VALUE   (LST)  VALUE       VALUE  FROM      YEAR
                                                  NORMAL
..................................................................
TEMPERATURE (F)
 TODAY
  MAXIMUM         73    235 PM  90    1930  62     11       62
  MINIMUM         41    551 AM  25    1973  41      0       41
                                      1957
  AVERAGE         57                        52      5       52

PRECIPITATION (IN)
  TODAY            0.00          4.03 1944   0.12  -0.12     0.00
  MONTH TO DATE    0.40                      1.25  -0.85     1.62
  SINCE MAR 1      3.78                      3.71   0.07     4.80
  SINCE JAN 1      7.90                      7.11   0.79     6.85

DEGREE DAYS
 HEATING
  TODAY            8                        14     -6
  MONTH TO DATE  329                       169    160
  SINCE MAR 1   1104                       887    217
  SINCE JUL 1   5271                      5229     42

 COOLING
  TODAY            0                         0      0
  MONTH TO DATE    0                         0      0
  SINCE MAR 1      0                         2     -2
  SINCE JAN 1      0                         2     -2
..................................................................


WIND (MPH)
  HIGHEST WIND SPEED    22   HIGHEST WIND DIRECTION     S (190)
  HIGHEST GUST SPEED    31   HIGHEST GUST DIRECTION    SW (210)
  AVERAGE WIND SPEED    12.0


SKY COVER
  AVERAGE SKY COVER 0.0



RELATIVE HUMIDITY (PERCENT)
 HIGHEST    70          1200 AM
 LOWEST     31           200 PM
 AVERAGE    51

..........................................................


THE QUINCY IL CLIMATE NORMALS FOR TOMORROW
                         NORMAL    RECORD    YEAR
 MAXIMUM TEMPERATURE (F)   62        89      1930
 MINIMUM TEMPERATURE (F)   42        16      1957


SUNRISE AND SUNSET
APRIL 11 2018.........SUNRISE   633 AM CDT   SUNSET   739 PM CDT
APRIL 12 2018.........SUNRISE   631 AM CDT   SUNSET   740 PM CDT


-  INDICATES NEGATIVE NUMBERS.
R  INDICATES RECORD WAS SET OR TIED.
MM INDICATES DATA IS MISSING.
T  INDICATES TRACE AMOUNT.




$$
