559
CDUS43 KLSX 142138
CLIUIN


CLIMATE REPORT
NATIONAL WEATHER SERVICE ST LOUIS MO
436 PM CDT SAT APR 14 2018


...................................

...THE QUINCY IL CLIMATE SUMMARY FOR APRIL 14 2018...
VALID TODAY AS OF 0400 PM LOCAL TIME.

CLIMATE NORMAL PERIOD 1981 TO 2010
CLIMATE RECORD PERIOD 1901 TO 2018


WEATHER ITEM   OBSERVED TIME   RECORD YEAR NORMAL DEPARTURE LAST
                VALUE   (LST)  VALUE       VALUE  FROM      YEAR
                                                  NORMAL
..................................................................
TEMPERATURE (F)
 TODAY
  MAXIMUM         62   1253 AM  86    2006  63     -1       78
  MINIMUM         48    117 PM  21    1907  43      5       57
  AVERAGE         55                        53      2       68

PRECIPITATION (IN)
  TODAY            0.11          1.42 1991   0.12  -0.01      T
  MONTH TO DATE    0.58                      1.61  -1.03     1.62
  SINCE MAR 1      3.96                      4.07  -0.11     4.80
  SINCE JAN 1      8.08                      7.47   0.61     6.85

DEGREE DAYS
 HEATING
  TODAY           10                        13     -3
  MONTH TO DATE  339                       208    131
  SINCE MAR 1   1114                       926    188
  SINCE JUL 1   5281                      5268     13

 COOLING
  TODAY            0                         1     -1
  MONTH TO DATE    6                         1      5
  SINCE MAR 1      6                         3      3
  SINCE JAN 1      6                         3      3
..................................................................


WIND (MPH)
  HIGHEST WIND SPEED    24   HIGHEST WIND DIRECTION     W (250)
  HIGHEST GUST SPEED    32   HIGHEST GUST DIRECTION     W (250)
  AVERAGE WIND SPEED     9.9


SKY COVER
  AVERAGE SKY COVER 0.8



RELATIVE HUMIDITY (PERCENT)
 HIGHEST    93           300 AM
 LOWEST     80           300 PM
 AVERAGE    87

..........................................................


THE QUINCY IL CLIMATE NORMALS FOR TOMORROW
                         NORMAL    RECORD    YEAR
 MAXIMUM TEMPERATURE (F)   63        88      2002
 MINIMUM TEMPERATURE (F)   43        24      1928


SUNRISE AND SUNSET
APRIL 14 2018.........SUNRISE   628 AM CDT   SUNSET   742 PM CDT
APRIL 15 2018.........SUNRISE   627 AM CDT   SUNSET   743 PM CDT


-  INDICATES NEGATIVE NUMBERS.
R  INDICATES RECORD WAS SET OR TIED.
MM INDICATES DATA IS MISSING.
T  INDICATES TRACE AMOUNT.




$$
