018
CXUS53 KLSX 112036 CCA
CLMUIN

CLIMATE REPORT
NATIONAL WEATHER SERVICE ST LOUIS MO
1145 AM CDT SUN APR 1 2018

...................................

...THE QUINCY IL CLIMATE SUMMARY FOR THE MONTH OF MARCH 2018...

CLIMATE NORMAL PERIOD 1981 TO 2010
CLIMATE RECORD PERIOD 1901 TO 2018

WEATHER         OBSERVED          NORMAL  DEPART  LAST YEAR`S
                 VALUE   DATE(S)  VALUE   FROM    VALUE
                                          NORMAL
.............................................................
TEMPERATURE (F)
RECORD
 HIGH              88   03/21/1907
 LOW              -13   03/05/1960
HIGHEST            64   03/31                         78
LOWEST             20   03/14                         13
AVG. MAXIMUM     48.5              51.4    -2.9     53.8
AVG. MINIMUM     31.0              32.4    -1.4     35.6
MEAN             39.7              41.9    -2.2     44.7
DAYS MAX >= 90      0               0.0     0.0        0
DAYS MAX <= 32      0               1.7    -1.7        1
DAYS MIN <= 32     21              15.7     5.3       12
DAYS MIN <= 0       0               0.1    -0.1        0

PRECIPITATION (INCHES)
RECORD
 MAXIMUM        11.45   1973
 MINIMUM         0.15   1910
TOTALS           3.38              2.46    0.92     3.18
DAILY AVG.       0.11              0.08    0.03     0.10
DAYS >= .01        11              10.1     0.9       13
DAYS >= .10         6               5.9     0.1        7
DAYS >= .50         2               1.4     0.6        2
DAYS >= 1.00        2               0.4     1.6        0
GREATEST
 24 HR. TOTAL    1.07   03/05

DEGREE_DAYS
HEATING TOTAL     775               718      57      622
 SINCE 7/1       4942              5060    -118     4063
COOLING TOTAL       0                 2      -2        0
 SINCE 1/1          0                 2      -2        0
..............................................................

WIND (MPH)
HIGHEST WIND SPEED/DIRECTION    35/130    DATE  03/26
HIGHEST GUST SPEED/DIRECTION    43/100    DATE  03/24

SKY COVER
NUMBER OF DAYS FAIR           10
NUMBER OF DAYS PC             12
NUMBER OF DAYS CLOUDY          9


WEATHER CONDITIONS. NUMBER OF DAYS WITH
THUNDERSTORM              3     MIXED PRECIP               0
HEAVY RAIN                1     RAIN                       4
LIGHT RAIN               14     FREEZING RAIN              0
LT FREEZING RAIN          0     HEAVY SNOW                 0
SNOW                      2     LIGHT SNOW                 5
SLEET                     0     FOG                       16
FOG W/VIS <= 1/4 MILE     2     HAZE                       3

-  INDICATES NEGATIVE NUMBERS.
R  INDICATES RECORD WAS SET OR TIED.
MM INDICATES DATA IS MISSING.
T  INDICATES TRACE AMOUNT.

$$


...DAILY...

NONE


...MONTHLY...

TIED 8TH LEAST NUMBER OF OCCURRENCES WITH A HIGH TEMPERATURE
GREATER THAN OR EQUAL TO 60 DEGREES (2 DAYS).
