000
CXUS53 KLSX 011840
CLSUIN
CLIMATE REPORT
NATIONAL WEATHER SERVICE ST LOUIS MO
1240 PM CST WED MAR 01 2023
...................................
...THE QUINCY IL CLIMATE SUMMARY FOR THE SEASON, FROM
12/1/2022 TO 2/28/2023...
CLIMATE NORMAL PERIOD 1991 TO 2020
CLIMATE RECORD PERIOD 1901 TO 2023
WEATHER OBSERVED NORMAL DEPART LAST YEAR`S
VALUE DATE(S) VALUE FROM VALUE
NORMAL
..............................................................
TEMPERATURE (F)
RECORD
HIGH 77 02/20/2017
LOW -29 02/13/1905
HIGHEST 70 12/29
LOWEST -10 12/23
AVG. MAXIMUM 42.7 37.9 4.8
AVG. MINIMUM 25.0 21.7 3.3
MEAN 33.8 29.8 4.0
DAYS MAX >= 90 0
DAYS MAX <= 32 16
DAYS MAX >= 100 0
DAYS MIN <= 32 70
DAYS MIN <= 0 2
PRECIPITATION (INCHES)
RECORD
MAXIMUM 10.11 1983
MINIMUM 1.33 1920
TOTALS 6.02 5.14 0.88
DAYS >= .01 MM
DAYS >= .10 MM
DAYS >= .50 4
DAYS >= 1.00 3
GREATEST
24 HR. TOTAL 1.52 02/22 TO 02/22
DEGREE DAYS
HEATING TOTAL 2796 3172 -376
SINCE 7/1 3849 4261 -412
COOLING TOTAL 0 0 0
SINCE 1/1 0 0 0
..............................................................
WIND (MPH)
HIGHEST WIND SPEED/DIRECTION 35/320 DATE 12/02
HIGHEST GUST SPEED/DIRECTION 49/220 DATE 02/27
WEATHER CONDITIONS. NUMBER OF DAYS WITH
THUNDERSTORM 2 HAIL 0
FOG W/VIS <= 1/4 MILE 4
- INDICATES NEGATIVE NUMBERS.
R INDICATES RECORD WAS SET OR TIED.
MM INDICATES DATA IS MISSING.
T INDICATES TRACE AMOUNT.
...SEASONAL...
11TH WARMEST METEOROLOGICAL WINTER ON RECORD (33.8 DEGREES).
...MONTHLY...
15TH WARMEST FEBRUARY ON RECORD (37.4 DEGREES).
TIED 14TH WARMEST JANUARY ON RECORD (33.1 DEGREES).
...DAILY...
2 RECORD HIGH TEMPERATURES SET (01/03 AND 12/29).
RECORD PRECIPITATION VALUE OF 1.12 INCHES SET ON 02/09. PREVIOUS
0.77 IN 1959.
$$
BYRD