000
CXUS56 KEKA 012211
CF6UKI
PRELIMINARY LOCAL CLIMATOLOGICAL DATA (WS FORM: F-6)
STATION: UKIAH CA
MONTH: SEPTEMBER
YEAR: 2022
LATITUDE: 39 7 N
LONGITUDE: 123 12 W
TEMPERATURE IN F: :PCPN: SNOW: WIND :SUNSHINE: SKY :PK WND
================================================================================
1 2 3 4 5 6A 6B 7 8 9 10 11 12 13 14 15 16 17 18
12Z AVG MX 2MIN
DY MAX MIN AVG DEP HDD CDD WTR SNW DPTH SPD SPD DIR MIN PSBL S-S WX SPD DR
================================================================================
1 105 52 79 7 0 14 0.00 M M 1.9 14 250 M M 0 22 260
2 103 52 78 6 0 13 0.00 M M 3.3 14 230 M M 0 8 20 350
3 96 54 75 3 0 10 0.00 M M 3.5 14 350 M M 0 20 360
4 104 56 80 8 0 15 0.00 M M 2.1 10 320 M M 0 17 350
5 112 61 87 15 0 22 0.00 M M 2.5 12 250 M M 0 17 290
6 117 64 91 19 0 26 0.00 M M 2.4 16 220 M M 0 24 240
7 108 67 88 16 0 23 0.00 M M 2.6 13 270 M M 0 19 290
8 110 64 87 16 0 22 0.00 M M 2.9 15 330 M M 0 25 300
9 109 61 85 14 0 20 0.00 M M 2.5 15 150 M M 0 22 150
10 87 60 74 3 0 9 0.00 M M 6.8 17 160 M M 0 27 150
11 82 63 73 2 0 8 0.00 M M 1.5 8 350 M M 1 11 350
12 94 60 77 6 0 12 0.00 M M 4.3 14 10 M M 1 22 10
13 80 54 67 -3 0 2 0.00 M M 5.9 17 330 M M 0 25 340
14 78 50 64 -6 1 0 0.00 M M 3.8 16 260 M M 1 23 250
15 80 49 65 -5 0 0 0.00 M M 3.2 14 20 M M 0 21 10
16 85 50 68 -2 0 3 0.00 M M 2.7 14 340 M M 0 22 250
17 74 49 62 -8 3 0 0.05 M M 3.6 17 270 M M 2 27 310
18 62 56 59 -11 6 0 1.89 M M 5.0 13 180 M M 10 13 21 180
19 75 58 67 -2 0 2 0.04 M M 3.1 10 100 M M 9 3 16 130
20 73 56 65 -4 0 0 T M M 3.7 14 340 M M 6 3 18 330
21 77 55 66 -3 0 1 T M M 2.9 15 330 M M 4 20 330
22 83 51 67 -2 0 2 0.00 M M 1.8 12 310 M M 2 17 290
23 92 52 72 4 0 7 0.00 M M 0.8 12 300 M M 0 16 310
24 95 53 74 6 0 9 0.00 M M 1.1 14 280 M M 0 18 280
25 95 51 73 5 0 8 0.00 M 0 1.2 13 300 M M 0 17 300
26 93 51 72 4 0 7 0.00 M M 1.9 12 220 M M 0 16 220
27 86 48 67 0 0 2 0.00 M M 1.4 10 30 M M 2 2 15 20
28 81 49 65 -2 0 0 0.00 M M 4.4 15 360 M M 0 23 360
29 87 51 69 2 0 4 0.00 M M 2.0 12 330 M M 0 16 350
30 91 52 72 5 0 7 0.00 M M 1.3 8 360 M M 0 12 320
================================================================================
SM 2714 1649 10 248 1.98 M 86.1 M 38
================================================================================
AV 90.5 55.0 2.9 FASTST M M 1 MAX(MPH)
MISC ----> # 17 160 # 27 150
================================================================================
NOTES:
# LAST OF SEVERAL OCCURRENCES
COLUMN 17 PEAK WIND IN M.P.H.
PRELIMINARY LOCAL CLIMATOLOGICAL DATA (WS FORM: F-6) , PAGE 2
STATION: UKIAH CA
MONTH: SEPTEMBER
YEAR: 2022
LATITUDE: 39 7 N
LONGITUDE: 123 12 W
[TEMPERATURE DATA] [PRECIPITATION DATA] SYMBOLS USED IN COLUMN 16
AVERAGE MONTHLY: 72.7 TOTAL FOR MONTH: 1.98 1 = FOG OR MIST
DPTR FM NORMAL: 2.9 DPTR FM NORMAL: 1.82 2 = FOG REDUCING VISIBILITY
HIGHEST: 117 ON 6 GRTST 24HR 1.94 ON 17-18 TO 1/4 MILE OR LESS
LOWEST: 48 ON 27 3 = THUNDER
SNOW, ICE PELLETS, HAIL 4 = ICE PELLETS
TOTAL MONTH: M 5 = HAIL
GRTST 24HR M ON M 6 = FREEZING RAIN OR DRIZZLE
GRTST DEPTH: 0 7 = DUSTSTORM OR SANDSTORM:
VSBY 1/2 MILE OR LESS
8 = SMOKE OR HAZE
[NO. OF DAYS WITH] [WEATHER - DAYS WITH] 9 = BLOWING SNOW
X = TORNADO
MAX 32 OR BELOW: 0 0.01 INCH OR MORE: 3
MAX 90 OR ABOVE: 15 0.10 INCH OR MORE: 1
MIN 32 OR BELOW: 0 0.50 INCH OR MORE: 1
MIN 0 OR BELOW: 0 1.00 INCH OR MORE: 1
[HDD (BASE 65) ]
TOTAL THIS MO. 10 CLEAR (SCALE 0-3) 26
DPTR FM NORMAL -10 PTCLDY (SCALE 4-7) 2
TOTAL FM JUL 1 10 CLOUDY (SCALE 8-10) 2
DPTR FM NORMAL -10
[CDD (BASE 65) ]
TOTAL THIS MO. 248
DPTR FM NORMAL 84 [PRESSURE DATA]
TOTAL FM JAN 1 1188 HIGHEST SLP 30.14 ON 22
DPTR FM NORMAL 222 LOWEST SLP 29.44 ON 9
[REMARKS]
#FINAL-09-22#