000
CXUS56 KEKA 091318
CF6UKI
PRELIMINARY LOCAL CLIMATOLOGICAL DATA (WS FORM: F-6)
STATION: UKIAH CA
MONTH: MARCH
YEAR: 2021
LATITUDE: 39 7 N
LONGITUDE: 123 12 W
TEMPERATURE IN F: :PCPN: SNOW: WIND :SUNSHINE: SKY :PK WND
================================================================================
1 2 3 4 5 6A 6B 7 8 9 10 11 12 13 14 15 16 17 18
12Z AVG MX 2MIN
DY MAX MIN AVG DEP HDD CDD WTR SNW DPTH SPD SPD DIR MIN PSBL S-S WX SPD DR
================================================================================
1 64 34 49 -2 16 0 0.00 M M 4.3 20 150 M M 0 26 160
2 71 31 51 0 14 0 0.00 M M 1.4 9 140 M M 0 8 12 140
3 69 34 52 1 13 0 0.00 M M 2.4 12 320 M M 0 15 330
4 62 34 48 -3 17 0 0.00 0.0 0 6.9 16 160 M M 2 23 120
5 61 39 50 -1 15 0 0.60 0.0 0 6.7 22 270 M M 7 1 37 290
6 59 38 49 -2 16 0 0.02 0.0 0 3.5 13 10 M M 4 1 19 20
7 62 32 47 -4 18 0 0.00 0.0 0 2.4 12 360 M M 0 15 300
8 52 35 44 -7 21 0 0.02 0.0 0 3.7 14 140 M M 6 20 180
9 52 38 45 -7 20 0 0.75 M M 3.5 18 220 M M 9 2 24 200
10 47 37 42 -10 23 0 0.22 M M 3.0 13 220 M M 8 1 17 220
11 58 37 48 -4 17 0 T M M 3.0 14 300 M M 5 20 310
12 70 32 51 -1 14 0 0.00 M M 2.0 14 300 M M 0 17 310
13 65 34 50 -2 15 0 0.00 M M 2.7 13 50 M M 0 17 30
14 48 41 45 -7 20 0 0.34 M M 6.3 20 310 M M 9 1 27 320
15 55 37 46 -6 19 0 0.02 M M 8.4 20 300 M M 7 28 310
16 61 30 46 -6 19 0 0.00 M M 2.6 12 140 M M 0 17 210
17 59 34 47 -5 18 0 0.00 M M 7.2 20 160 M M 2 26 150
18 53 45 49 -3 16 0 0.34 M M 5.8 15 150 M M 10 18 22 150
19 58 42 50 -2 15 0 0.06 M M 3.5 15 350 M M 8 1 18 350
20 60 38 49 -3 16 0 T M M 4.3 17 300 M M 3 23 300
21 64 33 49 -3 16 0 0.00 M M 3.8 10 30 M M 0 16 320
22 63 42 53 1 12 0 0.00 M M 8.5 23 320 M M 2 32 270
23 70 36 53 1 12 0 0.00 M M 2.7 16 320 M M 0 24 310
24 71 35 53 1 12 0 0.00 M M 4.8 21 280 M M 0 29 300
25 62 41 52 0 13 0 0.00 M M 6.8 18 310 M M 3 25 300
26 74 35 55 3 10 0 0.00 M M 1.5 10 310 M M 0 14 330
27 81 38 60 8 5 0 0.00 M M 1.9 14 300 M M 0 20 330
28 80 39 60 8 5 0 0.00 M M 2.5 15 360 M M 0 21 360
29 73 39 56 4 9 0 0.00 0.0 M 2.9 12 320 M M 0 16 330
30 84 38 61 9 4 0 0.00 0.0 M 1.4 10 80 M M 0 15 70
31 82 39 61 9 4 0 0.00 0.0 M 1.9 10 140 M M 0 13 190
================================================================================
SM 1990 1137 444 0 2.37 0.0 122.3 M 85
================================================================================
AV 64.2 36.7 3.9 FASTST M M 3 MAX(MPH)
MISC ----> 23 320 37 290
================================================================================
NOTES:
# LAST OF SEVERAL OCCURRENCES
COLUMN 17 PEAK WIND IN M.P.H.
PRELIMINARY LOCAL CLIMATOLOGICAL DATA (WS FORM: F-6) , PAGE 2
STATION: UKIAH CA
MONTH: MARCH
YEAR: 2021
LATITUDE: 39 7 N
LONGITUDE: 123 12 W
[TEMPERATURE DATA] [PRECIPITATION DATA] SYMBOLS USED IN COLUMN 16
AVERAGE MONTHLY: 50.4 TOTAL FOR MONTH: 2.37 1 = FOG OR MIST
DPTR FM NORMAL: -1.3 DPTR FM NORMAL: -3.15 2 = FOG REDUCING VISIBILITY
HIGHEST: 84 ON 30 GRTST 24HR 0.81 ON 9-10 TO 1/4 MILE OR LESS
LOWEST: 30 ON 16 3 = THUNDER
SNOW, ICE PELLETS, HAIL 4 = ICE PELLETS
TOTAL MONTH: 0.0 INCH 5 = HAIL
GRTST 24HR 0.0 6 = FREEZING RAIN OR DRIZZLE
GRTST DEPTH: 0 7 = DUSTSTORM OR SANDSTORM:
VSBY 1/2 MILE OR LESS
8 = SMOKE OR HAZE
[NO. OF DAYS WITH] [WEATHER - DAYS WITH] 9 = BLOWING SNOW
X = TORNADO
MAX 32 OR BELOW: 0 0.01 INCH OR MORE: 9
MAX 90 OR ABOVE: 0 0.10 INCH OR MORE: 5
MIN 32 OR BELOW: 4 0.50 INCH OR MORE: 2
MIN 0 OR BELOW: 0 1.00 INCH OR MORE: 0
[HDD (BASE 65) ]
TOTAL THIS MO. 444 CLEAR (SCALE 0-3) 21
DPTR FM NORMAL 30 PTCLDY (SCALE 4-7) 6
TOTAL FM JUL 1 2317 CLOUDY (SCALE 8-10) 4
DPTR FM NORMAL -330
[CDD (BASE 65) ]
TOTAL THIS MO. 0
DPTR FM NORMAL 0 [PRESSURE DATA]
TOTAL FM JAN 1 0 HIGHEST SLP 30.33 ON 21
DPTR FM NORMAL 0 LOWEST SLP 29.73 ON 3
[REMARKS]
#FINAL-03-21#